{"id":129,"date":"2011-11-05T08:14:16","date_gmt":"2011-11-05T08:14:16","guid":{"rendered":"https:\/\/revista-insaiguaviva.org\/curs2011-2012\/?page_id=129"},"modified":"2012-09-04T22:26:37","modified_gmt":"2012-09-04T20:26:37","slug":"llengua-castellana","status":"publish","type":"page","link":"https:\/\/www.revista-insaiguaviva.org\/curs2011-2012\/llengua-catalana\/lengua-castellana\/llengua-castellana\/","title":{"rendered":"El primer d\u00eda de clase"},"content":{"rendered":"<p><strong>En Lengua Castellana hemos hecho una redacci\u00f3n con las impresiones que ten\u00edan los alumnos sobre el primer d\u00eda de clase en el Instituto nuevo. Las que se publican son una muestra de algunas de ellas.<\/strong><\/p>\n<p style=\"text-align: justify;\"><a href=\"https:\/\/revista-insaiguaviva.org\/curs2011-2012\/wp-content\/uploads\/2011\/11\/inici3.jpg\"><img loading=\"lazy\" decoding=\"async\" class=\"alignright size-thumbnail wp-image-340\" title=\"inici3\" src=\"https:\/\/revista-insaiguaviva.org\/curs2011-2012\/wp-content\/uploads\/2011\/11\/inici3-150x150.jpg\" alt=\"\" width=\"150\" height=\"150\" \/><\/a>&#8220;Cuando llegu\u00e9, con todos (o casi todos) mis compa\u00f1eros del colegio del a\u00f1o pasado, estaba nerviosa. \u00bfCon qui\u00e9n ir\u00eda? Era un sitio nuevo para todos nosotros, el edificio del Giro.<\/p>\n<p style=\"text-align: justify;\">Entramos, nos explicaron todo, vimos a los profes y a la gente de los otros colegios que antes eran desconocidos, pero ahora son buenos amigos.<\/p>\n<p style=\"text-align: justify;\">Subimos a clase, la nuestra es el aula cinco, y conocimos a nuestras dos tutoras: Merc\u00e8 y Mari Paz. Nos dejaron sentarnos como quisi\u00e9ramos, pero ahora nos han cambiado.<\/p>\n<p style=\"text-align: justify;\">Acabamos y nos fuimos para casa, con la satisfacci\u00f3n de haber comenzado un nuevo curso.&#8221;<\/p>\n<p style=\"text-align: left;\" align=\"right\">Cristina Aguilera 1\u00baB<\/p>\n<p align=\"right\">_________________________________________________________________________<\/p>\n<p><a href=\"https:\/\/revista-insaiguaviva.org\/curs2011-2012\/wp-content\/uploads\/2011\/11\/inici21.jpg\"><img loading=\"lazy\" decoding=\"async\" class=\"alignleft size-thumbnail wp-image-339\" title=\"inici2\" src=\"https:\/\/revista-insaiguaviva.org\/curs2011-2012\/wp-content\/uploads\/2011\/11\/inici21-150x150.jpg\" alt=\"\" width=\"150\" height=\"150\" \/><\/a>&#8220;Del primer d\u00eda me acuerdo como si fuese ayer.<\/p>\n<p style=\"text-align: justify;\">Todos los ni\u00f1os est\u00e1bamos esperando en la puerta, extra\u00f1ados, claro no conoc\u00edamos a casi nadie. En el momento que se abrieron las puertas nos concentramos adentro, en la zona de entrada. Todo el mundo estaba nervioso por ver con quien ir\u00edamos en clase. Una vez nombrados, subimos a clase y los profesores se presentaron y despu\u00e9s nosotros. Dimos a conocer nuestras asignaturas favoritas, gustos, etc.,siempre con timidez, pero a medida que pasaba el tiempo nos solt\u00e1bamos m\u00e1s.<\/p>\n<p style=\"text-align: justify;\">Hasta ahora reconozco que todo est\u00e1 yendo muy bien y as\u00ed espero que siga durante los tres siguientes a\u00f1os que quedan por llegar, que espero que sean los mejores.&#8221;<\/p>\n<p style=\"text-align: justify;\">Sergio Bola\u00f1os 1\u00ba A<\/p>\n<p style=\"text-align: justify;\">_________________________________________________________________________<\/p>\n<p align=\"right\">\n","protected":false},"excerpt":{"rendered":"<p>En Lengua Castellana hemos hecho una redacci\u00f3n con las impresiones que ten\u00edan los alumnos sobre el primer d\u00eda de clase en el Instituto nuevo. Las que se publican son una muestra de algunas de ellas. &#8220;Cuando llegu\u00e9, con todos (o &hellip; <a href=\"https:\/\/www.revista-insaiguaviva.org\/curs2011-2012\/llengua-catalana\/lengua-castellana\/llengua-castellana\/\">Continua llegint <span class=\"meta-nav\">&rarr;<\/span><\/a><\/p>\n","protected":false},"author":3,"featured_media":0,"parent":611,"menu_order":0,"comment_status":"closed","ping_status":"closed","template":"","meta":{"footnotes":""},"class_list":["post-129","page","type-page","status-publish","hentry"],"_links":{"self":[{"href":"https:\/\/www.revista-insaiguaviva.org\/curs2011-2012\/wp-json\/wp\/v2\/pages\/129","targetHints":{"allow":["GET"]}}],"collection":[{"href":"https:\/\/www.revista-insaiguaviva.org\/curs2011-2012\/wp-json\/wp\/v2\/pages"}],"about":[{"href":"https:\/\/www.revista-insaiguaviva.org\/curs2011-2012\/wp-json\/wp\/v2\/types\/page"}],"author":[{"embeddable":true,"href":"https:\/\/www.revista-insaiguaviva.org\/curs2011-2012\/wp-json\/wp\/v2\/users\/3"}],"replies":[{"embeddable":true,"href":"https:\/\/www.revista-insaiguaviva.org\/curs2011-2012\/wp-json\/wp\/v2\/comments?post=129"}],"version-history":[{"count":12,"href":"https:\/\/www.revista-insaiguaviva.org\/curs2011-2012\/wp-json\/wp\/v2\/pages\/129\/revisions"}],"predecessor-version":[{"id":1037,"href":"https:\/\/www.revista-insaiguaviva.org\/curs2011-2012\/wp-json\/wp\/v2\/pages\/129\/revisions\/1037"}],"up":[{"embeddable":true,"href":"https:\/\/www.revista-insaiguaviva.org\/curs2011-2012\/wp-json\/wp\/v2\/pages\/611"}],"wp:attachment":[{"href":"https:\/\/www.revista-insaiguaviva.org\/curs2011-2012\/wp-json\/wp\/v2\/media?parent=129"}],"curies":[{"name":"wp","href":"https:\/\/api.w.org\/{rel}","templated":true}]}}

El primer día de clase

<p><strong>En Lengua Castellana hemos hecho una redacción con las impresiones que tenían los alumnos sobre el primer día de clase en el Instituto nuevo. Las que se publican son una muestra de algunas de ellas.</strong></p>
<p style="text-align: justify;"><a href="https://revista-insaiguaviva.org/curs2011-2012/wp-content/uploads/2011/11/inici3.jpg"><img loading="lazy" decoding="async" class="alignright size-thumbnail wp-image-340" title="inici3" src="https://revista-insaiguaviva.org/curs2011-2012/wp-content/uploads/2011/11/inici3-150x150.jpg" alt="" width="150" height="150" /></a>&#8220;Cuando llegué, con todos (o casi todos) mis compañeros del colegio del año pasado, estaba nerviosa. ¿Con quién iría? Era un sitio nuevo para todos nosotros, el edificio del Giro.</p>
<p style="text-align: justify;">Entramos, nos explicaron todo, vimos a los profes y a la gente de los otros colegios que antes eran desconocidos, pero ahora son buenos amigos.</p>
<p style="text-align: justify;">Subimos a clase, la nuestra es el aula cinco, y conocimos a nuestras dos tutoras: Mercè y Mari Paz. Nos dejaron sentarnos como quisiéramos, pero ahora nos han cambiado.</p>
<p style="text-align: justify;">Acabamos y nos fuimos para casa, con la satisfacción de haber comenzado un nuevo curso.&#8221;</p>
<p style="text-align: left;" align="right">Cristina Aguilera 1ºB</p>
<p align="right">_________________________________________________________________________</p>
<p><a href="https://revista-insaiguaviva.org/curs2011-2012/wp-content/uploads/2011/11/inici21.jpg"><img loading="lazy" decoding="async" class="alignleft size-thumbnail wp-image-339" title="inici2" src="https://revista-insaiguaviva.org/curs2011-2012/wp-content/uploads/2011/11/inici21-150x150.jpg" alt="" width="150" height="150" /></a>&#8220;Del primer día me acuerdo como si fuese ayer.</p>
<p style="text-align: justify;">Todos los niños estábamos esperando en la puerta, extrañados, claro no conocíamos a casi nadie. En el momento que se abrieron las puertas nos concentramos adentro, en la zona de entrada. Todo el mundo estaba nervioso por ver con quien iríamos en clase. Una vez nombrados, subimos a clase y los profesores se presentaron y después nosotros. Dimos a conocer nuestras asignaturas favoritas, gustos, etc.,siempre con timidez, pero a medida que pasaba el tiempo nos soltábamos más.</p>
<p style="text-align: justify;">Hasta ahora reconozco que todo está yendo muy bien y así espero que siga durante los tres siguientes años que quedan por llegar, que espero que sean los mejores.&#8221;</p>
<p style="text-align: justify;">Sergio Bolaños 1º A</p>
<p style="text-align: justify;">_________________________________________________________________________</p>
<p align="right">

<p>En Lengua Castellana hemos hecho una redacción con las impresiones que tenían los alumnos sobre el primer día de clase en el Instituto nuevo. Las que se publican son una muestra de algunas de ellas. &#8220;Cuando llegué, con todos (o &hellip; <a href="https://www.revista-insaiguaviva.org/curs2011-2012/llengua-catalana/lengua-castellana/llengua-castellana/">Continua llegint <span class="meta-nav">&rarr;</span></a></p>
