{"id":131,"date":"2011-11-05T08:14:37","date_gmt":"2011-11-05T08:14:37","guid":{"rendered":"https:\/\/revista-insaiguaviva.org\/curs2011-2012\/?page_id=131"},"modified":"2012-09-04T22:28:46","modified_gmt":"2012-09-04T20:28:46","slug":"tecnologia","status":"publish","type":"page","link":"https:\/\/www.revista-insaiguaviva.org\/curs2011-2012\/llengua-catalana\/tecnologia-2\/tecnologia\/","title":{"rendered":"El giroscopi"},"content":{"rendered":"<p><a href=\"https:\/\/revista-insaiguaviva.org\/curs2011-2012\/wp-content\/uploads\/2011\/11\/resized_003.jpg\"><img loading=\"lazy\" decoding=\"async\" class=\"size-thumbnail wp-image-638 alignnone\" title=\"resized_003\" src=\"https:\/\/revista-insaiguaviva.org\/curs2011-2012\/wp-content\/uploads\/2011\/11\/resized_003-150x150.jpg\" alt=\"\" width=\"147\" height=\"195\" \/><\/a><a href=\"https:\/\/revista-insaiguaviva.org\/curs2011-2012\/wp-content\/uploads\/2011\/11\/resized_0021.jpg\"><img loading=\"lazy\" decoding=\"async\" class=\"alignnone size-thumbnail wp-image-637\" title=\"resized_002\" src=\"https:\/\/revista-insaiguaviva.org\/curs2011-2012\/wp-content\/uploads\/2011\/11\/resized_0021-150x150.jpg\" alt=\"\" width=\"150\" height=\"150\" \/><\/a><a href=\"https:\/\/revista-insaiguaviva.org\/curs2011-2012\/wp-content\/uploads\/2011\/11\/resized_001-e1328027639203.jpg\"><img loading=\"lazy\" decoding=\"async\" class=\"alignnone size-thumbnail wp-image-629\" title=\"resized_001\" src=\"https:\/\/revista-insaiguaviva.org\/curs2011-2012\/wp-content\/uploads\/2011\/11\/resized_001-e1328027639203-149x150.jpg\" alt=\"\" width=\"149\" height=\"150\" \/><\/a><\/p>\n<p style=\"text-align: justify;\">\u00a0Duant aquestes\u00a0tres \u00faltimes sessions de Tecnologia hem fet un <strong>giroscopi<\/strong>. Amb ell es poden crear diverses figures de forma molt senzilla. Necessites una cartolina, un\u00a0enquadernador de lleng\u00fcetes,\u00a0un retolador negre i unes tisores.<\/p>\n<p style=\"text-align: justify;\">Pirmer vam haver de dibuixar a la cartolina un rectangle auri; despr\u00e9s,\u00a0vuit\u00a0cercles amb diferents di\u00e0metres i, finalment, els vam ordenar de m\u00e9s gran a m\u00e9s petit i amb l&#8217;enquadernador\u00a0els vam juntar amb el rectangle. Una vegada acabat el giroscopi ,vam fer dues composicions.<\/p>\n<p style=\"text-align: justify;\">Fent-ho ens ho vam passar molt b\u00e9 perqu\u00e8 ha sigut la nostra primera manualitat en l&#8217;institut (de l&#8217;assignatura de Tecnologia).<\/p>\n<p style=\"text-align: justify;\">Laia Ondo\u00f1o.1r C<\/p>\n","protected":false},"excerpt":{"rendered":"<p>\u00a0Duant aquestes\u00a0tres \u00faltimes sessions de Tecnologia hem fet un giroscopi. Amb ell es poden crear diverses figures de forma molt senzilla. Necessites una cartolina, un\u00a0enquadernador de lleng\u00fcetes,\u00a0un retolador negre i unes tisores. Pirmer vam haver de dibuixar a la cartolina &hellip; <a href=\"https:\/\/www.revista-insaiguaviva.org\/curs2011-2012\/llengua-catalana\/tecnologia-2\/tecnologia\/\">Continua llegint <span class=\"meta-nav\">&rarr;<\/span><\/a><\/p>\n","protected":false},"author":3,"featured_media":0,"parent":825,"menu_order":0,"comment_status":"closed","ping_status":"closed","template":"","meta":{"footnotes":""},"class_list":["post-131","page","type-page","status-publish","hentry"],"_links":{"self":[{"href":"https:\/\/www.revista-insaiguaviva.org\/curs2011-2012\/wp-json\/wp\/v2\/pages\/131","targetHints":{"allow":["GET"]}}],"collection":[{"href":"https:\/\/www.revista-insaiguaviva.org\/curs2011-2012\/wp-json\/wp\/v2\/pages"}],"about":[{"href":"https:\/\/www.revista-insaiguaviva.org\/curs2011-2012\/wp-json\/wp\/v2\/types\/page"}],"author":[{"embeddable":true,"href":"https:\/\/www.revista-insaiguaviva.org\/curs2011-2012\/wp-json\/wp\/v2\/users\/3"}],"replies":[{"embeddable":true,"href":"https:\/\/www.revista-insaiguaviva.org\/curs2011-2012\/wp-json\/wp\/v2\/comments?post=131"}],"version-history":[{"count":8,"href":"https:\/\/www.revista-insaiguaviva.org\/curs2011-2012\/wp-json\/wp\/v2\/pages\/131\/revisions"}],"predecessor-version":[{"id":1044,"href":"https:\/\/www.revista-insaiguaviva.org\/curs2011-2012\/wp-json\/wp\/v2\/pages\/131\/revisions\/1044"}],"up":[{"embeddable":true,"href":"https:\/\/www.revista-insaiguaviva.org\/curs2011-2012\/wp-json\/wp\/v2\/pages\/825"}],"wp:attachment":[{"href":"https:\/\/www.revista-insaiguaviva.org\/curs2011-2012\/wp-json\/wp\/v2\/media?parent=131"}],"curies":[{"name":"wp","href":"https:\/\/api.w.org\/{rel}","templated":true}]}}