{"id":443,"date":"2011-12-23T13:31:19","date_gmt":"2011-12-23T13:31:19","guid":{"rendered":"https:\/\/revista-insaiguaviva.org\/curs2011-2012\/?page_id=443"},"modified":"2012-09-04T22:05:31","modified_gmt":"2012-09-04T20:05:31","slug":"nadal-i","status":"publish","type":"page","link":"https:\/\/www.revista-insaiguaviva.org\/curs2011-2012\/celebracions\/nadal-i\/","title":{"rendered":"Nadal (I)"},"content":{"rendered":"<p><strong>NADAL<\/strong><\/p>\n<p style=\"text-align: justify;\">El Nadal \u00e9s una festa que commemora un fet cristi\u00e0, el naixement de Jes\u00fas, per\u00f2 que tots celebrem, encara que siguem ateus. \u00c9s una festa que va m\u00e9s enll\u00e0 de la religi\u00f3. El Nadal \u00e9s il\u2022lusi\u00f3, \u00e9s solidaritat, \u00e9s temps de pau.<\/p>\n<p style=\"text-align: justify;\"><a href=\"https:\/\/revista-insaiguaviva.org\/curs2011-2012\/wp-content\/uploads\/2011\/12\/belennavidad3.jpg\"><img loading=\"lazy\" decoding=\"async\" class=\"alignnone size-thumbnail wp-image-449\" title=\"belennavidad\" src=\"https:\/\/revista-insaiguaviva.org\/curs2011-2012\/wp-content\/uploads\/2011\/12\/belennavidad3-150x150.jpg\" alt=\"\" width=\"150\" height=\"150\" \/><\/a><a href=\"https:\/\/revista-insaiguaviva.org\/curs2011-2012\/wp-content\/uploads\/2011\/12\/Pesebre-de-nadal1.jpeg\"><img loading=\"lazy\" decoding=\"async\" class=\"alignnone size-thumbnail wp-image-447\" title=\"Pesebre de nadal\" src=\"https:\/\/revista-insaiguaviva.org\/curs2011-2012\/wp-content\/uploads\/2011\/12\/Pesebre-de-nadal1-150x150.jpg\" alt=\"\" width=\"150\" height=\"150\" \/><\/a><a href=\"https:\/\/revista-insaiguaviva.org\/curs2011-2012\/wp-content\/uploads\/2011\/12\/lucesBCN11.jpg\"><img loading=\"lazy\" decoding=\"async\" class=\"alignnone size-thumbnail wp-image-451\" title=\"lucesBCN1\" src=\"https:\/\/revista-insaiguaviva.org\/curs2011-2012\/wp-content\/uploads\/2011\/12\/lucesBCN11-150x150.jpg\" alt=\"\" width=\"150\" height=\"150\" \/><\/a><\/p>\n<p style=\"text-align: justify;\">\u00c9s una festa on els carrers s&#8217;omplen de llum i colors, que fan que tothom se senti m\u00e9s feli\u00e7. A les cases muntem arbres de Nadal i pessebres ben guarnits que el representen. Tamb\u00e9 hi posem llums i les llars es vesteixen de festa. S&#8217;hi reuneixen les fam\u00edlies i parlem, riem, juguem&#8230; I aquest ambient fa que el Nadal sigui potser la millor festa de l&#8217;any.<\/p>\n<p style=\"text-align: justify;\"><a href=\"https:\/\/revista-insaiguaviva.org\/curs2011-2012\/wp-content\/uploads\/2011\/12\/Arbre-de-nadal.jpg\"><img loading=\"lazy\" decoding=\"async\" class=\"alignnone size-thumbnail wp-image-452\" title=\"Arbre de nadal\" src=\"https:\/\/revista-insaiguaviva.org\/curs2011-2012\/wp-content\/uploads\/2011\/12\/Arbre-de-nadal-150x150.jpg\" alt=\"\" width=\"150\" height=\"150\" \/><\/a><a href=\"https:\/\/revista-insaiguaviva.org\/curs2011-2012\/wp-content\/uploads\/2011\/12\/Floc-de-neu.jpeg\"><img loading=\"lazy\" decoding=\"async\" class=\"alignnone size-thumbnail wp-image-455\" title=\"Floc de neu\" src=\"https:\/\/revista-insaiguaviva.org\/curs2011-2012\/wp-content\/uploads\/2011\/12\/Floc-de-neu-150x150.jpg\" alt=\"\" width=\"150\" height=\"150\" \/><\/a><a href=\"https:\/\/revista-insaiguaviva.org\/curs2011-2012\/wp-content\/uploads\/2011\/12\/4244918909_f8d8fe3cb41.jpg\"><img loading=\"lazy\" decoding=\"async\" class=\"alignnone size-thumbnail wp-image-456\" title=\"4244918909_f8d8fe3cb4\" src=\"https:\/\/revista-insaiguaviva.org\/curs2011-2012\/wp-content\/uploads\/2011\/12\/4244918909_f8d8fe3cb41-150x150.jpg\" alt=\"\" width=\"150\" height=\"150\" \/><\/a><\/p>\n<p style=\"text-align: justify;\">El Nadal \u00e9s tamb\u00e9 la festa m\u00e9s esperada per tots els infants. En algunes cases la nit de Nadal s&#8217;hi fa cagar el ti\u00f3 a cops de bastonada mentre se&#8217;ns escapa el riure. En d&#8217;altres, s&#8217;ha substitu\u00eft per l&#8217;amic invisible, que \u00e9s una altra opci\u00f3 tamb\u00e9 divertida.<\/p>\n<p style=\"text-align: justify;\"><a href=\"https:\/\/revista-insaiguaviva.org\/curs2011-2012\/wp-content\/uploads\/2011\/12\/Pare-noel.jpg\"><img loading=\"lazy\" decoding=\"async\" class=\"alignnone size-thumbnail wp-image-457\" title=\"477JULPARAD\" src=\"https:\/\/revista-insaiguaviva.org\/curs2011-2012\/wp-content\/uploads\/2011\/12\/Pare-noel-150x150.jpg\" alt=\"\" width=\"150\" height=\"150\" \/><\/a><a href=\"https:\/\/revista-insaiguaviva.org\/curs2011-2012\/wp-content\/uploads\/2011\/12\/Joguines.jpg\"><img loading=\"lazy\" decoding=\"async\" class=\"alignnone size-thumbnail wp-image-458\" title=\"Joguines\" src=\"https:\/\/revista-insaiguaviva.org\/curs2011-2012\/wp-content\/uploads\/2011\/12\/Joguines-150x150.jpg\" alt=\"\" width=\"150\" height=\"150\" \/><\/a><a href=\"https:\/\/revista-insaiguaviva.org\/curs2011-2012\/wp-content\/uploads\/2011\/12\/Navidad1.jpg\"><img loading=\"lazy\" decoding=\"async\" class=\"alignnone size-thumbnail wp-image-459\" title=\"Navidad1\" src=\"https:\/\/revista-insaiguaviva.org\/curs2011-2012\/wp-content\/uploads\/2011\/12\/Navidad1-150x150.jpg\" alt=\"\" width=\"150\" height=\"150\" \/><\/a><\/p>\n<p style=\"text-align: justify;\">Per\u00f2 gaireb\u00e9 totes els nens i les nenes demanen regals al pare Noel, a sant Nicolau o als Reis Mags de l&#8217;Orient, que els porten de nit per\u00f2 no s&#8217;obren fins l&#8217;endem\u00e0. Potser s\u00ed \u00e9s una festa comercial, feta perqu\u00e8 la gent gasti i la gent de les botigues faci el seu agost, per\u00f2 el Nadal \u00e9s per gaudir i passar-s&#8217;ho b\u00e9 amb tota la gent que estimes&#8230;<\/p>\n<p><iframe loading=\"lazy\" src=\"http:\/\/www.youtube.com\/embed\/OU8BAPvFrzg\" frameborder=\"0\" width=\"584\" height=\"328\"><\/iframe><\/p>\n<p style=\"text-align: justify;\"><strong>CARTA ALS REIS<\/strong><\/p>\n<p style=\"text-align: justify;\">I \u00e9s tamb\u00e9 el moment d&#8217;escriure cartes com aquesta:<\/p>\n<p style=\"text-align: justify;\"><em>Benvolguts Reis Mags, o Pare Noel o Sant Nicolau, <\/em><\/p>\n<p style=\"text-align: justify;\">En aquesta carta us explicar\u00e9 qui \u00e9s el meu desig, que no \u00e9s per a mi, sin\u00f3 per a tots aquells que no tenen de tot. Que tots els nens i nenes tinguin joguines, que a totes les seves cares s&#8217;hi dibuixi un somriure;<\/p>\n<p style=\"text-align: justify;\"><a href=\"https:\/\/revista-insaiguaviva.org\/curs2011-2012\/wp-content\/uploads\/2011\/12\/Somriure-de-galeta2.jpg\"><img loading=\"lazy\" decoding=\"async\" class=\"aligncenter size-thumbnail wp-image-461\" title=\"Somriure de galeta(2)\" src=\"https:\/\/revista-insaiguaviva.org\/curs2011-2012\/wp-content\/uploads\/2011\/12\/Somriure-de-galeta2-150x150.jpg\" alt=\"\" width=\"210\" height=\"210\" \/><\/a>Que tots ells tinguin menjar, una bona educaci\u00f3, i salut per a tothom i una vida digna, I que, qui ha perdut la casa, la pugui recuperar.<\/p>\n<p style=\"text-align: justify;\"><a href=\"https:\/\/revista-insaiguaviva.org\/curs2011-2012\/wp-content\/uploads\/2011\/12\/llibres.jpg\"><img loading=\"lazy\" decoding=\"async\" class=\"aligncenter size-thumbnail wp-image-462\" title=\"llibres\" src=\"https:\/\/revista-insaiguaviva.org\/curs2011-2012\/wp-content\/uploads\/2011\/12\/llibres-150x150.jpg\" alt=\"\" width=\"223\" height=\"250\" \/><\/a><em>Benvolguts Reis Mags, o Pare Noel o Sant Nicolau, <\/em><\/p>\n<p style=\"text-align: justify;\">I sobretot el que ens cal, no ho venen a les botigues. Aquest any no ens calen joguines. Tampoc volem roba, pastissos o bombons. Volem rialles i petons per a tothom!<\/p>\n<p style=\"text-align: justify;\"><a href=\"https:\/\/revista-insaiguaviva.org\/curs2011-2012\/wp-content\/uploads\/2011\/12\/petons-400.jpg\"><img loading=\"lazy\" decoding=\"async\" class=\"aligncenter size-thumbnail wp-image-463\" title=\"petons 400\" src=\"https:\/\/revista-insaiguaviva.org\/curs2011-2012\/wp-content\/uploads\/2011\/12\/petons-400-150x150.jpg\" alt=\"\" width=\"195\" height=\"174\" \/><\/a>Que la gent, ara que \u00e9s Nadal, sigui feli\u00e7 amb la gent que estima, i puguin riure i cantar. Volem que ens porteu a tots, pau, confian\u00e7a i amor!<\/p>\n<p><iframe loading=\"lazy\" src=\"http:\/\/www.youtube.com\/embed\/L6O5-1lbLnk\" frameborder=\"0\" width=\"597\" height=\"307\"><\/iframe><\/p>\n<p><em>Textos, imatges i v\u00eddeos:<\/em> Cristina Aguilera, Martina Azlor, Sergi Bola\u00f1os, Jos\u00e9 Capit\u00e1n, Albert Rodr\u00edguez, Laura Vi\u00f1uela.<\/p>\n<p><strong>INS MOLLET IV &#8211; NADAL 2011<\/strong><\/p>\n<p>&nbsp;<\/p>\n<p>&nbsp;<\/p>\n","protected":false},"excerpt":{"rendered":"<p>NADAL El Nadal \u00e9s una festa que commemora un fet cristi\u00e0, el naixement de Jes\u00fas, per\u00f2 que tots celebrem, encara que siguem ateus. \u00c9s una festa que va m\u00e9s enll\u00e0 de la religi\u00f3. El Nadal \u00e9s il\u2022lusi\u00f3, \u00e9s solidaritat, \u00e9s &hellip; <a href=\"https:\/\/www.revista-insaiguaviva.org\/curs2011-2012\/celebracions\/nadal-i\/\">Continua llegint <span class=\"meta-nav\">&rarr;<\/span><\/a><\/p>\n","protected":false},"author":3,"featured_media":0,"parent":424,"menu_order":0,"comment_status":"closed","ping_status":"closed","template":"","meta":{"footnotes":""},"class_list":["post-443","page","type-page","status-publish","hentry"],"_links":{"self":[{"href":"https:\/\/www.revista-insaiguaviva.org\/curs2011-2012\/wp-json\/wp\/v2\/pages\/443","targetHints":{"allow":["GET"]}}],"collection":[{"href":"https:\/\/www.revista-insaiguaviva.org\/curs2011-2012\/wp-json\/wp\/v2\/pages"}],"about":[{"href":"https:\/\/www.revista-insaiguaviva.org\/curs2011-2012\/wp-json\/wp\/v2\/types\/page"}],"author":[{"embeddable":true,"href":"https:\/\/www.revista-insaiguaviva.org\/curs2011-2012\/wp-json\/wp\/v2\/users\/3"}],"replies":[{"embeddable":true,"href":"https:\/\/www.revista-insaiguaviva.org\/curs2011-2012\/wp-json\/wp\/v2\/comments?post=443"}],"version-history":[{"count":7,"href":"https:\/\/www.revista-insaiguaviva.org\/curs2011-2012\/wp-json\/wp\/v2\/pages\/443\/revisions"}],"predecessor-version":[{"id":1007,"href":"https:\/\/www.revista-insaiguaviva.org\/curs2011-2012\/wp-json\/wp\/v2\/pages\/443\/revisions\/1007"}],"up":[{"embeddable":true,"href":"https:\/\/www.revista-insaiguaviva.org\/curs2011-2012\/wp-json\/wp\/v2\/pages\/424"}],"wp:attachment":[{"href":"https:\/\/www.revista-insaiguaviva.org\/curs2011-2012\/wp-json\/wp\/v2\/media?parent=443"}],"curies":[{"name":"wp","href":"https:\/\/api.w.org\/{rel}","templated":true}]}}

<p><strong>NADAL</strong></p>
<p style="text-align: justify;">El Nadal és una festa que commemora un fet cristià, el naixement de Jesús, però que tots celebrem, encara que siguem ateus. És una festa que va més enllà de la religió. El Nadal és il•lusió, és solidaritat, és temps de pau.</p>
<p style="text-align: justify;"><a href="https://revista-insaiguaviva.org/curs2011-2012/wp-content/uploads/2011/12/belennavidad3.jpg"><img loading="lazy" decoding="async" class="alignnone size-thumbnail wp-image-449" title="belennavidad" src="https://revista-insaiguaviva.org/curs2011-2012/wp-content/uploads/2011/12/belennavidad3-150x150.jpg" alt="" width="150" height="150" /></a><a href="https://revista-insaiguaviva.org/curs2011-2012/wp-content/uploads/2011/12/Pesebre-de-nadal1.jpeg"><img loading="lazy" decoding="async" class="alignnone size-thumbnail wp-image-447" title="Pesebre de nadal" src="https://revista-insaiguaviva.org/curs2011-2012/wp-content/uploads/2011/12/Pesebre-de-nadal1-150x150.jpg" alt="" width="150" height="150" /></a><a href="https://revista-insaiguaviva.org/curs2011-2012/wp-content/uploads/2011/12/lucesBCN11.jpg"><img loading="lazy" decoding="async" class="alignnone size-thumbnail wp-image-451" title="lucesBCN1" src="https://revista-insaiguaviva.org/curs2011-2012/wp-content/uploads/2011/12/lucesBCN11-150x150.jpg" alt="" width="150" height="150" /></a></p>
<p style="text-align: justify;">És una festa on els carrers s&#8217;omplen de llum i colors, que fan que tothom se senti més feliç. A les cases muntem arbres de Nadal i pessebres ben guarnits que el representen. També hi posem llums i les llars es vesteixen de festa. S&#8217;hi reuneixen les famílies i parlem, riem, juguem&#8230; I aquest ambient fa que el Nadal sigui potser la millor festa de l&#8217;any.</p>
<p style="text-align: justify;"><a href="https://revista-insaiguaviva.org/curs2011-2012/wp-content/uploads/2011/12/Arbre-de-nadal.jpg"><img loading="lazy" decoding="async" class="alignnone size-thumbnail wp-image-452" title="Arbre de nadal" src="https://revista-insaiguaviva.org/curs2011-2012/wp-content/uploads/2011/12/Arbre-de-nadal-150x150.jpg" alt="" width="150" height="150" /></a><a href="https://revista-insaiguaviva.org/curs2011-2012/wp-content/uploads/2011/12/Floc-de-neu.jpeg"><img loading="lazy" decoding="async" class="alignnone size-thumbnail wp-image-455" title="Floc de neu" src="https://revista-insaiguaviva.org/curs2011-2012/wp-content/uploads/2011/12/Floc-de-neu-150x150.jpg" alt="" width="150" height="150" /></a><a href="https://revista-insaiguaviva.org/curs2011-2012/wp-content/uploads/2011/12/4244918909_f8d8fe3cb41.jpg"><img loading="lazy" decoding="async" class="alignnone size-thumbnail wp-image-456" title="4244918909_f8d8fe3cb4" src="https://revista-insaiguaviva.org/curs2011-2012/wp-content/uploads/2011/12/4244918909_f8d8fe3cb41-150x150.jpg" alt="" width="150" height="150" /></a></p>
<p style="text-align: justify;">El Nadal és també la festa més esperada per tots els infants. En algunes cases la nit de Nadal s&#8217;hi fa cagar el tió a cops de bastonada mentre se&#8217;ns escapa el riure. En d&#8217;altres, s&#8217;ha substituït per l&#8217;amic invisible, que és una altra opció també divertida.</p>
<p style="text-align: justify;"><a href="https://revista-insaiguaviva.org/curs2011-2012/wp-content/uploads/2011/12/Pare-noel.jpg"><img loading="lazy" decoding="async" class="alignnone size-thumbnail wp-image-457" title="477JULPARAD" src="https://revista-insaiguaviva.org/curs2011-2012/wp-content/uploads/2011/12/Pare-noel-150x150.jpg" alt="" width="150" height="150" /></a><a href="https://revista-insaiguaviva.org/curs2011-2012/wp-content/uploads/2011/12/Joguines.jpg"><img loading="lazy" decoding="async" class="alignnone size-thumbnail wp-image-458" title="Joguines" src="https://revista-insaiguaviva.org/curs2011-2012/wp-content/uploads/2011/12/Joguines-150x150.jpg" alt="" width="150" height="150" /></a><a href="https://revista-insaiguaviva.org/curs2011-2012/wp-content/uploads/2011/12/Navidad1.jpg"><img loading="lazy" decoding="async" class="alignnone size-thumbnail wp-image-459" title="Navidad1" src="https://revista-insaiguaviva.org/curs2011-2012/wp-content/uploads/2011/12/Navidad1-150x150.jpg" alt="" width="150" height="150" /></a></p>
<p style="text-align: justify;">Però gairebé totes els nens i les nenes demanen regals al pare Noel, a sant Nicolau o als Reis Mags de l&#8217;Orient, que els porten de nit però no s&#8217;obren fins l&#8217;endemà. Potser sí és una festa comercial, feta perquè la gent gasti i la gent de les botigues faci el seu agost, però el Nadal és per gaudir i passar-s&#8217;ho bé amb tota la gent que estimes&#8230;</p>
<p><iframe loading="lazy" src="http://www.youtube.com/embed/OU8BAPvFrzg" frameborder="0" width="584" height="328"></iframe></p>
<p style="text-align: justify;"><strong>CARTA ALS REIS</strong></p>
<p style="text-align: justify;">I és també el moment d&#8217;escriure cartes com aquesta:</p>
<p style="text-align: justify;"><em>Benvolguts Reis Mags, o Pare Noel o Sant Nicolau, </em></p>
<p style="text-align: justify;">En aquesta carta us explicaré qui és el meu desig, que no és per a mi, sinó per a tots aquells que no tenen de tot. Que tots els nens i nenes tinguin joguines, que a totes les seves cares s&#8217;hi dibuixi un somriure;</p>
<p style="text-align: justify;"><a href="https://revista-insaiguaviva.org/curs2011-2012/wp-content/uploads/2011/12/Somriure-de-galeta2.jpg"><img loading="lazy" decoding="async" class="aligncenter size-thumbnail wp-image-461" title="Somriure de galeta(2)" src="https://revista-insaiguaviva.org/curs2011-2012/wp-content/uploads/2011/12/Somriure-de-galeta2-150x150.jpg" alt="" width="210" height="210" /></a>Que tots ells tinguin menjar, una bona educació, i salut per a tothom i una vida digna, I que, qui ha perdut la casa, la pugui recuperar.</p>
<p style="text-align: justify;"><a href="https://revista-insaiguaviva.org/curs2011-2012/wp-content/uploads/2011/12/llibres.jpg"><img loading="lazy" decoding="async" class="aligncenter size-thumbnail wp-image-462" title="llibres" src="https://revista-insaiguaviva.org/curs2011-2012/wp-content/uploads/2011/12/llibres-150x150.jpg" alt="" width="223" height="250" /></a><em>Benvolguts Reis Mags, o Pare Noel o Sant Nicolau, </em></p>
<p style="text-align: justify;">I sobretot el que ens cal, no ho venen a les botigues. Aquest any no ens calen joguines. Tampoc volem roba, pastissos o bombons. Volem rialles i petons per a tothom!</p>
<p style="text-align: justify;"><a href="https://revista-insaiguaviva.org/curs2011-2012/wp-content/uploads/2011/12/petons-400.jpg"><img loading="lazy" decoding="async" class="aligncenter size-thumbnail wp-image-463" title="petons 400" src="https://revista-insaiguaviva.org/curs2011-2012/wp-content/uploads/2011/12/petons-400-150x150.jpg" alt="" width="195" height="174" /></a>Que la gent, ara que és Nadal, sigui feliç amb la gent que estima, i puguin riure i cantar. Volem que ens porteu a tots, pau, confiança i amor!</p>
<p><iframe loading="lazy" src="http://www.youtube.com/embed/L6O5-1lbLnk" frameborder="0" width="597" height="307"></iframe></p>
<p><em>Textos, imatges i vídeos:</em> Cristina Aguilera, Martina Azlor, Sergi Bolaños, José Capitán, Albert Rodríguez, Laura Viñuela.</p>
<p><strong>INS MOLLET IV &#8211; NADAL 2011</strong></p>
<p>&nbsp;</p>
<p>&nbsp;</p>

<p>NADAL El Nadal és una festa que commemora un fet cristià, el naixement de Jesús, però que tots celebrem, encara que siguem ateus. És una festa que va més enllà de la religió. El Nadal és il•lusió, és solidaritat, és &hellip; <a href="https://www.revista-insaiguaviva.org/curs2011-2012/celebracions/nadal-i/">Continua llegint <span class="meta-nav">&rarr;</span></a></p>
