{"id":503,"date":"2012-01-02T18:00:03","date_gmt":"2012-01-02T18:00:03","guid":{"rendered":"https:\/\/revista-insaiguaviva.org\/curs2011-2012\/?page_id=503"},"modified":"2012-09-04T22:05:19","modified_gmt":"2012-09-04T20:05:19","slug":"festa-de-presentacio","status":"publish","type":"page","link":"https:\/\/www.revista-insaiguaviva.org\/curs2011-2012\/celebracions\/festa-de-presentacio\/","title":{"rendered":"Festa de presentaci\u00f3"},"content":{"rendered":"<p style=\"text-align: justify;\"><strong>CR\u00d2NICA D\u2019UNA FESTA<\/strong><\/p>\n<p style=\"text-align: justify;\">Per fi el passat divendres 11 de novembre vam celebrar la festa de presentaci\u00f3 del nostre <a href=\"https:\/\/revista-insaiguaviva.org\/curs2011-2012\/wp-content\/uploads\/2011\/12\/resized_IMG_0858.jpg\"><img loading=\"lazy\" decoding=\"async\" class=\"alignleft size-thumbnail wp-image-510\" title=\"resized_IMG_0858\" src=\"https:\/\/revista-insaiguaviva.org\/curs2011-2012\/wp-content\/uploads\/2011\/12\/resized_IMG_0858-150x150.jpg\" alt=\"\" width=\"150\" height=\"150\" \/><\/a>institut l\u2019INS Mollet IV. En principi la festa estava prevista per al dia 4 de novembre per\u00f2 el temps no ens va voler acompanyar i es va ajornar per al divendres de la setmana seg\u00fcent. La festa va comen\u00e7ar al principi de la rambla Pompeu Fabra i va acabar a la Vinyota, on s\u2019hauria d\u2019haver fet aquest institut. Aquesta festa la van preparar els mestres i nosaltres amb molt\u00edssima il\u2022lusi\u00f3 i vam haver de treballar molt.<\/p>\n<p style=\"text-align: justify;\">Tot va comen\u00e7ar el divendres a les 4:45 de la tarda, perque els alumnes hav\u00edem d\u2019estar a <a href=\"https:\/\/revista-insaiguaviva.org\/curs2011-2012\/wp-content\/uploads\/2011\/12\/resized_IMG_09161.jpg\"><img loading=\"lazy\" decoding=\"async\" class=\"alignright size-thumbnail wp-image-513\" title=\"resized_IMG_0916\" src=\"https:\/\/revista-insaiguaviva.org\/curs2011-2012\/wp-content\/uploads\/2011\/12\/resized_IMG_09161-150x150.jpg\" alt=\"\" width=\"150\" height=\"150\" \/><\/a>l\u2019institut preparats. Ens van dir que an\u00e9ssim ben guapos perqu\u00e8 l\u2019ocasi\u00f3 s&#8217;ho mereixia i aix\u00ed va ser. Quan an\u00e0vem cap a l\u2019institut, vam veure que els carrers estaven adornats amb cintes de color groc i lila, que s\u00f3n els colors del nostre institut. Un cop a dins ens van explicar com seria la festa perqu\u00e8 fins a aquell moment tot havia estat un gran secret. Els nervis s\u2019anaven apoderant de nosaltres!<\/p>\n<p style=\"text-align: justify;\">Mentrestant a fora els pares, germans i amics anaven arribants a la porta de l&#8217;institut. on hi havia un bonic espectacle amb pallassos, gegants, capgrossos, gralles\u2026Quan vam baixar a la planta de baix per preparar-nos per sortir, ens van sorprendre amb molts globus inflats de color lila i groc, on vam penjar els nostres desitjos.<\/p>\n<p style=\"text-align: justify;\"><a href=\"https:\/\/revista-insaiguaviva.org\/curs2011-2012\/wp-content\/uploads\/2011\/12\/resized_IMG_0869.jpg\"><img loading=\"lazy\" decoding=\"async\" class=\"alignleft size-thumbnail wp-image-514\" title=\"resized_IMG_0869\" src=\"https:\/\/revista-insaiguaviva.org\/curs2011-2012\/wp-content\/uploads\/2011\/12\/resized_IMG_0869-150x150.jpg\" alt=\"\" width=\"150\" height=\"150\" \/><\/a>Un cop a fora va manar caminant per la rambla Pompeu Fabra fins arribar a la Vinyota, on ens esperava m\u00e9s festa. El final va ser molt m\u00e0gic, especialment el moment en qu\u00e8 vam deixar anar els globus amb els nostres dibuixos i desitjos que hav\u00edem estat treballant dies abans.<\/p>\n<p style=\"text-align: justify;\">Em va emocionar molt aquest moment, i el dels globus xinesos va ser molt bonic.<\/p>\n<p style=\"text-align: justify;\">Per a mi la festa va ser fant\u00e0stica i superemocionant. Sempre la recordar\u00e9 com una cosa molt especial per a mi, els meus amics i per a la meva fam\u00edlia. A tots ens va agradar molt.<\/p>\n<p style=\"text-align: justify;\"><a href=\"https:\/\/revista-insaiguaviva.org\/curs2011-2012\/wp-content\/uploads\/2011\/12\/resized_IMG_0902.jpg\"><img loading=\"lazy\" decoding=\"async\" class=\"alignnone size-thumbnail wp-image-515\" title=\"resized_IMG_0902\" src=\"https:\/\/revista-insaiguaviva.org\/curs2011-2012\/wp-content\/uploads\/2011\/12\/resized_IMG_0902-150x150.jpg\" alt=\"\" width=\"150\" height=\"150\" \/><\/a><a href=\"https:\/\/revista-insaiguaviva.org\/curs2011-2012\/wp-content\/uploads\/2011\/12\/resized_IMG_0889.jpg\"><img loading=\"lazy\" decoding=\"async\" class=\"alignnone size-thumbnail wp-image-517\" title=\"resized_IMG_0889\" src=\"https:\/\/revista-insaiguaviva.org\/curs2011-2012\/wp-content\/uploads\/2011\/12\/resized_IMG_0889-150x150.jpg\" alt=\"\" width=\"150\" height=\"150\" \/><\/a><a href=\"https:\/\/revista-insaiguaviva.org\/curs2011-2012\/wp-content\/uploads\/2011\/12\/resized_IMG_0999.jpg\"><img loading=\"lazy\" decoding=\"async\" class=\"alignnone size-thumbnail wp-image-518\" title=\"resized_IMG_0999\" src=\"https:\/\/revista-insaiguaviva.org\/curs2011-2012\/wp-content\/uploads\/2011\/12\/resized_IMG_0999-150x150.jpg\" alt=\"\" width=\"150\" height=\"150\" \/><\/a><\/p>\n<p style=\"text-align: justify;\">Marina Alc\u00e1ntara 1r C<\/p>\n","protected":false},"excerpt":{"rendered":"<p>CR\u00d2NICA D\u2019UNA FESTA Per fi el passat divendres 11 de novembre vam celebrar la festa de presentaci\u00f3 del nostre institut l\u2019INS Mollet IV. En principi la festa estava prevista per al dia 4 de novembre per\u00f2 el temps no ens &hellip; <a href=\"https:\/\/www.revista-insaiguaviva.org\/curs2011-2012\/celebracions\/festa-de-presentacio\/\">Continua llegint <span class=\"meta-nav\">&rarr;<\/span><\/a><\/p>\n","protected":false},"author":3,"featured_media":0,"parent":424,"menu_order":0,"comment_status":"closed","ping_status":"closed","template":"","meta":{"footnotes":""},"class_list":["post-503","page","type-page","status-publish","hentry"],"_links":{"self":[{"href":"https:\/\/www.revista-insaiguaviva.org\/curs2011-2012\/wp-json\/wp\/v2\/pages\/503","targetHints":{"allow":["GET"]}}],"collection":[{"href":"https:\/\/www.revista-insaiguaviva.org\/curs2011-2012\/wp-json\/wp\/v2\/pages"}],"about":[{"href":"https:\/\/www.revista-insaiguaviva.org\/curs2011-2012\/wp-json\/wp\/v2\/types\/page"}],"author":[{"embeddable":true,"href":"https:\/\/www.revista-insaiguaviva.org\/curs2011-2012\/wp-json\/wp\/v2\/users\/3"}],"replies":[{"embeddable":true,"href":"https:\/\/www.revista-insaiguaviva.org\/curs2011-2012\/wp-json\/wp\/v2\/comments?post=503"}],"version-history":[{"count":16,"href":"https:\/\/www.revista-insaiguaviva.org\/curs2011-2012\/wp-json\/wp\/v2\/pages\/503\/revisions"}],"predecessor-version":[{"id":1006,"href":"https:\/\/www.revista-insaiguaviva.org\/curs2011-2012\/wp-json\/wp\/v2\/pages\/503\/revisions\/1006"}],"up":[{"embeddable":true,"href":"https:\/\/www.revista-insaiguaviva.org\/curs2011-2012\/wp-json\/wp\/v2\/pages\/424"}],"wp:attachment":[{"href":"https:\/\/www.revista-insaiguaviva.org\/curs2011-2012\/wp-json\/wp\/v2\/media?parent=503"}],"curies":[{"name":"wp","href":"https:\/\/api.w.org\/{rel}","templated":true}]}}

Festa de presentació

<p style="text-align: justify;"><strong>CRÒNICA D’UNA FESTA</strong></p>
<p style="text-align: justify;">Per fi el passat divendres 11 de novembre vam celebrar la festa de presentació del nostre <a href="https://revista-insaiguaviva.org/curs2011-2012/wp-content/uploads/2011/12/resized_IMG_0858.jpg"><img loading="lazy" decoding="async" class="alignleft size-thumbnail wp-image-510" title="resized_IMG_0858" src="https://revista-insaiguaviva.org/curs2011-2012/wp-content/uploads/2011/12/resized_IMG_0858-150x150.jpg" alt="" width="150" height="150" /></a>institut l’INS Mollet IV. En principi la festa estava prevista per al dia 4 de novembre però el temps no ens va voler acompanyar i es va ajornar per al divendres de la setmana següent. La festa va començar al principi de la rambla Pompeu Fabra i va acabar a la Vinyota, on s’hauria d’haver fet aquest institut. Aquesta festa la van preparar els mestres i nosaltres amb moltíssima il•lusió i vam haver de treballar molt.</p>
<p style="text-align: justify;">Tot va començar el divendres a les 4:45 de la tarda, perque els alumnes havíem d’estar a <a href="https://revista-insaiguaviva.org/curs2011-2012/wp-content/uploads/2011/12/resized_IMG_09161.jpg"><img loading="lazy" decoding="async" class="alignright size-thumbnail wp-image-513" title="resized_IMG_0916" src="https://revista-insaiguaviva.org/curs2011-2012/wp-content/uploads/2011/12/resized_IMG_09161-150x150.jpg" alt="" width="150" height="150" /></a>l’institut preparats. Ens van dir que anéssim ben guapos perquè l’ocasió s&#8217;ho mereixia i així va ser. Quan anàvem cap a l’institut, vam veure que els carrers estaven adornats amb cintes de color groc i lila, que són els colors del nostre institut. Un cop a dins ens van explicar com seria la festa perquè fins a aquell moment tot havia estat un gran secret. Els nervis s’anaven apoderant de nosaltres!</p>
<p style="text-align: justify;">Mentrestant a fora els pares, germans i amics anaven arribants a la porta de l&#8217;institut. on hi havia un bonic espectacle amb pallassos, gegants, capgrossos, gralles…Quan vam baixar a la planta de baix per preparar-nos per sortir, ens van sorprendre amb molts globus inflats de color lila i groc, on vam penjar els nostres desitjos.</p>
<p style="text-align: justify;"><a href="https://revista-insaiguaviva.org/curs2011-2012/wp-content/uploads/2011/12/resized_IMG_0869.jpg"><img loading="lazy" decoding="async" class="alignleft size-thumbnail wp-image-514" title="resized_IMG_0869" src="https://revista-insaiguaviva.org/curs2011-2012/wp-content/uploads/2011/12/resized_IMG_0869-150x150.jpg" alt="" width="150" height="150" /></a>Un cop a fora va manar caminant per la rambla Pompeu Fabra fins arribar a la Vinyota, on ens esperava més festa. El final va ser molt màgic, especialment el moment en què vam deixar anar els globus amb els nostres dibuixos i desitjos que havíem estat treballant dies abans.</p>
<p style="text-align: justify;">Em va emocionar molt aquest moment, i el dels globus xinesos va ser molt bonic.</p>
<p style="text-align: justify;">Per a mi la festa va ser fantàstica i superemocionant. Sempre la recordaré com una cosa molt especial per a mi, els meus amics i per a la meva família. A tots ens va agradar molt.</p>
<p style="text-align: justify;"><a href="https://revista-insaiguaviva.org/curs2011-2012/wp-content/uploads/2011/12/resized_IMG_0902.jpg"><img loading="lazy" decoding="async" class="alignnone size-thumbnail wp-image-515" title="resized_IMG_0902" src="https://revista-insaiguaviva.org/curs2011-2012/wp-content/uploads/2011/12/resized_IMG_0902-150x150.jpg" alt="" width="150" height="150" /></a><a href="https://revista-insaiguaviva.org/curs2011-2012/wp-content/uploads/2011/12/resized_IMG_0889.jpg"><img loading="lazy" decoding="async" class="alignnone size-thumbnail wp-image-517" title="resized_IMG_0889" src="https://revista-insaiguaviva.org/curs2011-2012/wp-content/uploads/2011/12/resized_IMG_0889-150x150.jpg" alt="" width="150" height="150" /></a><a href="https://revista-insaiguaviva.org/curs2011-2012/wp-content/uploads/2011/12/resized_IMG_0999.jpg"><img loading="lazy" decoding="async" class="alignnone size-thumbnail wp-image-518" title="resized_IMG_0999" src="https://revista-insaiguaviva.org/curs2011-2012/wp-content/uploads/2011/12/resized_IMG_0999-150x150.jpg" alt="" width="150" height="150" /></a></p>
<p style="text-align: justify;">Marina Alcántara 1r C</p>

<p>CRÒNICA D’UNA FESTA Per fi el passat divendres 11 de novembre vam celebrar la festa de presentació del nostre institut l’INS Mollet IV. En principi la festa estava prevista per al dia 4 de novembre però el temps no ens &hellip; <a href="https://www.revista-insaiguaviva.org/curs2011-2012/celebracions/festa-de-presentacio/">Continua llegint <span class="meta-nav">&rarr;</span></a></p>
