{"id":522,"date":"2012-01-02T18:58:34","date_gmt":"2012-01-02T18:58:34","guid":{"rendered":"https:\/\/revista-insaiguaviva.org\/curs2011-2012\/?page_id=522"},"modified":"2012-09-04T22:05:42","modified_gmt":"2012-09-04T20:05:42","slug":"nadal-ii","status":"publish","type":"page","link":"https:\/\/www.revista-insaiguaviva.org\/curs2011-2012\/celebracions\/nadal-ii\/","title":{"rendered":"Nadal (II)"},"content":{"rendered":"<p>Tot va comen\u00e7ar reproduint a cada classe la silueta d&#8217;un arbre de Nadal amb els nostres millors desitjos&#8230;<\/p>\n<p><a href=\"https:\/\/revista-insaiguaviva.org\/curs2011-2012\/wp-content\/uploads\/2011\/12\/resized_002.jpg\"><img loading=\"lazy\" decoding=\"async\" class=\"alignnone size-thumbnail wp-image-530\" title=\"resized_002\" src=\"https:\/\/revista-insaiguaviva.org\/curs2011-2012\/wp-content\/uploads\/2011\/12\/resized_002-150x150.jpg\" alt=\"\" width=\"150\" height=\"150\" \/><\/a><a href=\"https:\/\/revista-insaiguaviva.org\/curs2011-2012\/wp-content\/uploads\/2011\/12\/resized_006.jpg\"><img loading=\"lazy\" decoding=\"async\" class=\"alignnone size-thumbnail wp-image-532\" title=\"resized_006\" src=\"https:\/\/revista-insaiguaviva.org\/curs2011-2012\/wp-content\/uploads\/2011\/12\/resized_006-150x150.jpg\" alt=\"\" width=\"150\" height=\"150\" \/><\/a><a href=\"https:\/\/revista-insaiguaviva.org\/curs2011-2012\/wp-content\/uploads\/2011\/12\/resized_005.jpg\"><img loading=\"lazy\" decoding=\"async\" class=\"alignnone size-thumbnail wp-image-531\" title=\"resized_005\" src=\"https:\/\/revista-insaiguaviva.org\/curs2011-2012\/wp-content\/uploads\/2011\/12\/resized_005-150x150.jpg\" alt=\"\" width=\"150\" height=\"150\" \/><\/a><\/p>\n<p style=\"text-align: justify;\">\u00a0&#8220;El dijous 22 de desembre, a les 8.30 h, uns quants nois i noies de cada classe havien d&#8217;estar a l&#8217;institut -jo era una d&#8217;elles- per preparar una presentaci\u00f3 del Nadal que hav\u00edem de llegir. I a les 9 h van entrar tots els alumnes.<\/p>\n<p style=\"text-align: justify;\">Quan tots van estar a la seva classe, vam comen\u00e7ar a llegir mentre un company passava les p\u00e0gines d&#8217;un <em>power point<\/em>. Quan vam acabar de llegir, vam fer l&#8217;amic invisible&#8230; i els professors tamb\u00e9 hi participaven! Ens vam quedar una estona parlant\u00a0 amb els companys i despr\u00e9s vam baixar a la sala d&#8217;actes. Ens vam asseure a les cadires i van arribar les protagonistes d&#8217;aquell moment: la Gemma, la Sala H., la Sara S., l&#8217;Adriana, la Yaizza, la Laura i la Claudia, fent un ball de Rihanna &#8211; <em>Who&#8217;s that chick?<\/em>-. Despr\u00e9s d&#8217;acabar aquell ball tan ben fet, vam menjar past\u00edssos i beguda, que havien fet les mares i eren bon\u00edssims!\u00a0 Ens vam quedar al pati de dintre una estona i despr\u00e9s vam anar al pavell\u00f3. Al cap d&#8217;una estona vam tornar a les classes, on ens havien de donar les notes i despr\u00e9s anir\u00edem cap a casa. Anaven cridant-nos de dos en dos. A mi em va tocar la Mari Paz. Quan em van donar les notes, vaig sortir de l&#8217;edifici i vaig esperar les meves amigues, perqu\u00e8 an\u00e0vem a menjar juntes.<\/p>\n<p style=\"text-align: justify;\">Crec que aquell dia va estar molt b\u00e9: regals, ball, menjar&#8230; Qu\u00e8 m\u00e9s vol\u00edem per a aquell dia?&#8221;<\/p>\n<p>Laura L\u00f3pez. 1r. B<\/p>\n<p>&nbsp;<\/p>\n","protected":false},"excerpt":{"rendered":"<p>Tot va comen\u00e7ar reproduint a cada classe la silueta d&#8217;un arbre de Nadal amb els nostres millors desitjos&#8230; \u00a0&#8220;El dijous 22 de desembre, a les 8.30 h, uns quants nois i noies de cada classe havien d&#8217;estar a l&#8217;institut -jo &hellip; <a href=\"https:\/\/www.revista-insaiguaviva.org\/curs2011-2012\/celebracions\/nadal-ii\/\">Continua llegint <span class=\"meta-nav\">&rarr;<\/span><\/a><\/p>\n","protected":false},"author":3,"featured_media":0,"parent":424,"menu_order":0,"comment_status":"closed","ping_status":"closed","template":"","meta":{"footnotes":""},"class_list":["post-522","page","type-page","status-publish","hentry"],"_links":{"self":[{"href":"https:\/\/www.revista-insaiguaviva.org\/curs2011-2012\/wp-json\/wp\/v2\/pages\/522","targetHints":{"allow":["GET"]}}],"collection":[{"href":"https:\/\/www.revista-insaiguaviva.org\/curs2011-2012\/wp-json\/wp\/v2\/pages"}],"about":[{"href":"https:\/\/www.revista-insaiguaviva.org\/curs2011-2012\/wp-json\/wp\/v2\/types\/page"}],"author":[{"embeddable":true,"href":"https:\/\/www.revista-insaiguaviva.org\/curs2011-2012\/wp-json\/wp\/v2\/users\/3"}],"replies":[{"embeddable":true,"href":"https:\/\/www.revista-insaiguaviva.org\/curs2011-2012\/wp-json\/wp\/v2\/comments?post=522"}],"version-history":[{"count":10,"href":"https:\/\/www.revista-insaiguaviva.org\/curs2011-2012\/wp-json\/wp\/v2\/pages\/522\/revisions"}],"predecessor-version":[{"id":1008,"href":"https:\/\/www.revista-insaiguaviva.org\/curs2011-2012\/wp-json\/wp\/v2\/pages\/522\/revisions\/1008"}],"up":[{"embeddable":true,"href":"https:\/\/www.revista-insaiguaviva.org\/curs2011-2012\/wp-json\/wp\/v2\/pages\/424"}],"wp:attachment":[{"href":"https:\/\/www.revista-insaiguaviva.org\/curs2011-2012\/wp-json\/wp\/v2\/media?parent=522"}],"curies":[{"name":"wp","href":"https:\/\/api.w.org\/{rel}","templated":true}]}}

<p>Tot va començar reproduint a cada classe la silueta d&#8217;un arbre de Nadal amb els nostres millors desitjos&#8230;</p>
<p><a href="https://revista-insaiguaviva.org/curs2011-2012/wp-content/uploads/2011/12/resized_002.jpg"><img loading="lazy" decoding="async" class="alignnone size-thumbnail wp-image-530" title="resized_002" src="https://revista-insaiguaviva.org/curs2011-2012/wp-content/uploads/2011/12/resized_002-150x150.jpg" alt="" width="150" height="150" /></a><a href="https://revista-insaiguaviva.org/curs2011-2012/wp-content/uploads/2011/12/resized_006.jpg"><img loading="lazy" decoding="async" class="alignnone size-thumbnail wp-image-532" title="resized_006" src="https://revista-insaiguaviva.org/curs2011-2012/wp-content/uploads/2011/12/resized_006-150x150.jpg" alt="" width="150" height="150" /></a><a href="https://revista-insaiguaviva.org/curs2011-2012/wp-content/uploads/2011/12/resized_005.jpg"><img loading="lazy" decoding="async" class="alignnone size-thumbnail wp-image-531" title="resized_005" src="https://revista-insaiguaviva.org/curs2011-2012/wp-content/uploads/2011/12/resized_005-150x150.jpg" alt="" width="150" height="150" /></a></p>
<p style="text-align: justify;"> &#8220;El dijous 22 de desembre, a les 8.30 h, uns quants nois i noies de cada classe havien d&#8217;estar a l&#8217;institut -jo era una d&#8217;elles- per preparar una presentació del Nadal que havíem de llegir. I a les 9 h van entrar tots els alumnes.</p>
<p style="text-align: justify;">Quan tots van estar a la seva classe, vam començar a llegir mentre un company passava les pàgines d&#8217;un <em>power point</em>. Quan vam acabar de llegir, vam fer l&#8217;amic invisible&#8230; i els professors també hi participaven! Ens vam quedar una estona parlant  amb els companys i després vam baixar a la sala d&#8217;actes. Ens vam asseure a les cadires i van arribar les protagonistes d&#8217;aquell moment: la Gemma, la Sala H., la Sara S., l&#8217;Adriana, la Yaizza, la Laura i la Claudia, fent un ball de Rihanna &#8211; <em>Who&#8217;s that chick?</em>-. Després d&#8217;acabar aquell ball tan ben fet, vam menjar pastíssos i beguda, que havien fet les mares i eren boníssims!  Ens vam quedar al pati de dintre una estona i després vam anar al pavelló. Al cap d&#8217;una estona vam tornar a les classes, on ens havien de donar les notes i després aniríem cap a casa. Anaven cridant-nos de dos en dos. A mi em va tocar la Mari Paz. Quan em van donar les notes, vaig sortir de l&#8217;edifici i vaig esperar les meves amigues, perquè anàvem a menjar juntes.</p>
<p style="text-align: justify;">Crec que aquell dia va estar molt bé: regals, ball, menjar&#8230; Què més volíem per a aquell dia?&#8221;</p>
<p>Laura López. 1r. B</p>
<p>&nbsp;</p>

<p>Tot va començar reproduint a cada classe la silueta d&#8217;un arbre de Nadal amb els nostres millors desitjos&#8230;  &#8220;El dijous 22 de desembre, a les 8.30 h, uns quants nois i noies de cada classe havien d&#8217;estar a l&#8217;institut -jo &hellip; <a href="https://www.revista-insaiguaviva.org/curs2011-2012/celebracions/nadal-ii/">Continua llegint <span class="meta-nav">&rarr;</span></a></p>
