{"id":562,"date":"2012-01-13T18:41:18","date_gmt":"2012-01-13T18:41:18","guid":{"rendered":"https:\/\/revista-insaiguaviva.org\/curs2011-2012\/?page_id=562"},"modified":"2012-09-04T22:29:21","modified_gmt":"2012-09-04T20:29:21","slug":"comics","status":"publish","type":"page","link":"https:\/\/www.revista-insaiguaviva.org\/curs2011-2012\/llengua-catalana\/visual-i-plastica-2\/comics\/","title":{"rendered":"C\u00f2mics"},"content":{"rendered":"<p>Aqu\u00ed teniu alguns exemples dels c\u00f2mics que vam treballar a la classe de Visual i Pl\u00e0stica amb el Pau. N&#8217;hem triat un de cada grup a veure si endevineu de qui \u00e9s cadasc\u00fa:<\/p>\n<p><strong>C\u00f2mic 1:<\/strong><\/p>\n<p><a href=\"https:\/\/revista-insaiguaviva.org\/curs2011-2012\/wp-content\/uploads\/2012\/01\/resized_0071.jpg\"><img loading=\"lazy\" decoding=\"async\" class=\"aligncenter size-medium wp-image-565\" title=\"resized_007\" src=\"https:\/\/revista-insaiguaviva.org\/curs2011-2012\/wp-content\/uploads\/2012\/01\/resized_0071-300x199.jpg\" alt=\"\" width=\"300\" height=\"199\" srcset=\"https:\/\/www.revista-insaiguaviva.org\/curs2011-2012\/wp-content\/uploads\/2012\/01\/resized_0071-300x199.jpg 300w, https:\/\/www.revista-insaiguaviva.org\/curs2011-2012\/wp-content\/uploads\/2012\/01\/resized_0071-1024x682.jpg 1024w, https:\/\/www.revista-insaiguaviva.org\/curs2011-2012\/wp-content\/uploads\/2012\/01\/resized_0071-450x300.jpg 450w, https:\/\/www.revista-insaiguaviva.org\/curs2011-2012\/wp-content\/uploads\/2012\/01\/resized_0071.jpg 1555w\" sizes=\"auto, (max-width: 300px) 100vw, 300px\" \/><\/a><strong><\/strong><\/p>\n<p style=\"text-align: justify;\">\u00c9s un comic que ma&#8217;grada molt , perqu\u00e8\u00a0 expressa una mica la rutina de cada dia. Per\u00f2 amb una mica d&#8217;i\u00b7llusi\u00f3. El meu c\u00f2mic tracta d&#8217;un personatge\u00a0 que s\u00f3c jo. A la primera vinyeta, sona el despertador i em llevo. A la segona l&#8217;aturo mentre el meu germ\u00e0 gran continua dormint. A la tercera estic esmorzant i, m\u00e9s tard, em preparo la motxilla. A la quarta es veu com estic sortint de casa i vaig finalment en direcci\u00f3 a l&#8217;institut.<\/p>\n<p><strong>C\u00f2mic 2:<\/strong><\/p>\n<p style=\"text-align: center;\"><a href=\"https:\/\/revista-insaiguaviva.org\/curs2011-2012\/wp-content\/uploads\/2012\/01\/resized_008.jpg\"><img loading=\"lazy\" decoding=\"async\" class=\"size-medium wp-image-566 aligncenter\" title=\"resized_008\" src=\"https:\/\/revista-insaiguaviva.org\/curs2011-2012\/wp-content\/uploads\/2012\/01\/resized_008-199x300.jpg\" alt=\"\" width=\"199\" height=\"300\" srcset=\"https:\/\/www.revista-insaiguaviva.org\/curs2011-2012\/wp-content\/uploads\/2012\/01\/resized_008-199x300.jpg 199w, https:\/\/www.revista-insaiguaviva.org\/curs2011-2012\/wp-content\/uploads\/2012\/01\/resized_008-682x1024.jpg 682w, https:\/\/www.revista-insaiguaviva.org\/curs2011-2012\/wp-content\/uploads\/2012\/01\/resized_008.jpg 1036w\" sizes=\"auto, (max-width: 199px) 100vw, 199px\" \/><\/a><\/p>\n<p style=\"text-align: left;\"><strong>C\u00f2mic 3:<\/strong><\/p>\n<p style=\"text-align: left;\"><a href=\"https:\/\/revista-insaiguaviva.org\/curs2011-2012\/wp-content\/uploads\/2012\/01\/resized_011.jpg\"><img loading=\"lazy\" decoding=\"async\" class=\"aligncenter size-medium wp-image-568\" title=\"resized_011\" src=\"https:\/\/revista-insaiguaviva.org\/curs2011-2012\/wp-content\/uploads\/2012\/01\/resized_011-199x300.jpg\" alt=\"\" width=\"199\" height=\"300\" srcset=\"https:\/\/www.revista-insaiguaviva.org\/curs2011-2012\/wp-content\/uploads\/2012\/01\/resized_011-199x300.jpg 199w, https:\/\/www.revista-insaiguaviva.org\/curs2011-2012\/wp-content\/uploads\/2012\/01\/resized_011-682x1024.jpg 682w, https:\/\/www.revista-insaiguaviva.org\/curs2011-2012\/wp-content\/uploads\/2012\/01\/resized_011.jpg 1036w\" sizes=\"auto, (max-width: 199px) 100vw, 199px\" \/><\/a><strong><\/strong><\/p>\n<p style=\"text-align: justify;\">Tracta\u00a0 d&#8217;un marci\u00e0 que va pel planeta Mart, es troba amb un globus de color groc\u00a0 i es pensa que hi haur\u00e0 una invasi\u00f3 de globus damunt el planeta. Despr\u00e9s d&#8217;una estona, un altre marci\u00e0 que anava caminant per all\u00ed fa una forta desc\u00e0rrega al globus i en menys d&#8217; un segon es desinfla. Tots els globus es posen tristos i enterren el globus lila. Al final els globus, que volien muntar una festa en el planeta Mart, se&#8217;n van disgustats al planeta Terra. Els marcians coronen el marci\u00e0 i munten una gran festa.<\/p>\n<p style=\"text-align: left;\"><strong>C\u00f2mic 4:<\/strong><\/p>\n<p style=\"text-align: left;\"><a href=\"https:\/\/revista-insaiguaviva.org\/curs2011-2012\/wp-content\/uploads\/2012\/01\/resized_0121.jpg\"><img loading=\"lazy\" decoding=\"async\" class=\"alignnone size-thumbnail wp-image-571\" title=\"resized_012\" src=\"https:\/\/revista-insaiguaviva.org\/curs2011-2012\/wp-content\/uploads\/2012\/01\/resized_0121-150x150.jpg\" alt=\"\" width=\"150\" height=\"150\" \/><\/a><a href=\"https:\/\/revista-insaiguaviva.org\/curs2011-2012\/wp-content\/uploads\/2012\/01\/resized_013.jpg\"><img loading=\"lazy\" decoding=\"async\" class=\"alignnone size-thumbnail wp-image-570\" title=\"resized_013\" src=\"https:\/\/revista-insaiguaviva.org\/curs2011-2012\/wp-content\/uploads\/2012\/01\/resized_013-150x150.jpg\" alt=\"\" width=\"150\" height=\"150\" \/><\/a><a href=\"https:\/\/revista-insaiguaviva.org\/curs2011-2012\/wp-content\/uploads\/2012\/01\/resized_014.jpg\"><img loading=\"lazy\" decoding=\"async\" class=\"alignnone size-thumbnail wp-image-572\" title=\"resized_014\" src=\"https:\/\/revista-insaiguaviva.org\/curs2011-2012\/wp-content\/uploads\/2012\/01\/resized_014-150x150.jpg\" alt=\"\" width=\"150\" height=\"150\" \/><\/a><\/p>\n<p>El c\u00f2mic tracta de la festa: tot el que va passar perqu\u00e8 es puguin fer una idea de qu\u00e8 va passar, que v\u00e0rem fer&#8230;<\/p>\n<p style=\"text-align: justify;\">A la primera vinyeta sortim a classe fent les mans; despr\u00e9s, a la seg\u00fcent vinyeta, sortim de l\u2019institut amb els globus cap a Ca l\u2019Estrada. A continuaci\u00f3 expliquem com, quan vam arribar, els v\u00e0rem llen\u00e7ar i com, seguidament, els professors van llen\u00e7ar aquells globus de paper tan macos!<\/p>\n","protected":false},"excerpt":{"rendered":"<p>Aqu\u00ed teniu alguns exemples dels c\u00f2mics que vam treballar a la classe de Visual i Pl\u00e0stica amb el Pau. N&#8217;hem triat un de cada grup a veure si endevineu de qui \u00e9s cadasc\u00fa: C\u00f2mic 1: \u00c9s un comic que ma&#8217;grada &hellip; <a href=\"https:\/\/www.revista-insaiguaviva.org\/curs2011-2012\/llengua-catalana\/visual-i-plastica-2\/comics\/\">Continua llegint <span class=\"meta-nav\">&rarr;<\/span><\/a><\/p>\n","protected":false},"author":3,"featured_media":0,"parent":582,"menu_order":0,"comment_status":"closed","ping_status":"closed","template":"","meta":{"footnotes":""},"class_list":["post-562","page","type-page","status-publish","hentry"],"_links":{"self":[{"href":"https:\/\/www.revista-insaiguaviva.org\/curs2011-2012\/wp-json\/wp\/v2\/pages\/562","targetHints":{"allow":["GET"]}}],"collection":[{"href":"https:\/\/www.revista-insaiguaviva.org\/curs2011-2012\/wp-json\/wp\/v2\/pages"}],"about":[{"href":"https:\/\/www.revista-insaiguaviva.org\/curs2011-2012\/wp-json\/wp\/v2\/types\/page"}],"author":[{"embeddable":true,"href":"https:\/\/www.revista-insaiguaviva.org\/curs2011-2012\/wp-json\/wp\/v2\/users\/3"}],"replies":[{"embeddable":true,"href":"https:\/\/www.revista-insaiguaviva.org\/curs2011-2012\/wp-json\/wp\/v2\/comments?post=562"}],"version-history":[{"count":9,"href":"https:\/\/www.revista-insaiguaviva.org\/curs2011-2012\/wp-json\/wp\/v2\/pages\/562\/revisions"}],"predecessor-version":[{"id":589,"href":"https:\/\/www.revista-insaiguaviva.org\/curs2011-2012\/wp-json\/wp\/v2\/pages\/562\/revisions\/589"}],"up":[{"embeddable":true,"href":"https:\/\/www.revista-insaiguaviva.org\/curs2011-2012\/wp-json\/wp\/v2\/pages\/582"}],"wp:attachment":[{"href":"https:\/\/www.revista-insaiguaviva.org\/curs2011-2012\/wp-json\/wp\/v2\/media?parent=562"}],"curies":[{"name":"wp","href":"https:\/\/api.w.org\/{rel}","templated":true}]}}

Còmics

<p>Aquí teniu alguns exemples dels còmics que vam treballar a la classe de Visual i Plàstica amb el Pau. N&#8217;hem triat un de cada grup a veure si endevineu de qui és cadascú:</p>
<p><strong>Còmic 1:</strong></p>
<p><a href="https://revista-insaiguaviva.org/curs2011-2012/wp-content/uploads/2012/01/resized_0071.jpg"><img loading="lazy" decoding="async" class="aligncenter size-medium wp-image-565" title="resized_007" src="https://revista-insaiguaviva.org/curs2011-2012/wp-content/uploads/2012/01/resized_0071-300x199.jpg" alt="" width="300" height="199" srcset="https://www.revista-insaiguaviva.org/curs2011-2012/wp-content/uploads/2012/01/resized_0071-300x199.jpg 300w, https://www.revista-insaiguaviva.org/curs2011-2012/wp-content/uploads/2012/01/resized_0071-1024x682.jpg 1024w, https://www.revista-insaiguaviva.org/curs2011-2012/wp-content/uploads/2012/01/resized_0071-450x300.jpg 450w, https://www.revista-insaiguaviva.org/curs2011-2012/wp-content/uploads/2012/01/resized_0071.jpg 1555w" sizes="auto, (max-width: 300px) 100vw, 300px" /></a><strong></strong></p>
<p style="text-align: justify;">És un comic que ma&#8217;grada molt , perquè  expressa una mica la rutina de cada dia. Però amb una mica d&#8217;i·llusió. El meu còmic tracta d&#8217;un personatge  que sóc jo. A la primera vinyeta, sona el despertador i em llevo. A la segona l&#8217;aturo mentre el meu germà gran continua dormint. A la tercera estic esmorzant i, més tard, em preparo la motxilla. A la quarta es veu com estic sortint de casa i vaig finalment en direcció a l&#8217;institut.</p>
<p><strong>Còmic 2:</strong></p>
<p style="text-align: center;"><a href="https://revista-insaiguaviva.org/curs2011-2012/wp-content/uploads/2012/01/resized_008.jpg"><img loading="lazy" decoding="async" class="size-medium wp-image-566 aligncenter" title="resized_008" src="https://revista-insaiguaviva.org/curs2011-2012/wp-content/uploads/2012/01/resized_008-199x300.jpg" alt="" width="199" height="300" srcset="https://www.revista-insaiguaviva.org/curs2011-2012/wp-content/uploads/2012/01/resized_008-199x300.jpg 199w, https://www.revista-insaiguaviva.org/curs2011-2012/wp-content/uploads/2012/01/resized_008-682x1024.jpg 682w, https://www.revista-insaiguaviva.org/curs2011-2012/wp-content/uploads/2012/01/resized_008.jpg 1036w" sizes="auto, (max-width: 199px) 100vw, 199px" /></a></p>
<p style="text-align: left;"><strong>Còmic 3:</strong></p>
<p style="text-align: left;"><a href="https://revista-insaiguaviva.org/curs2011-2012/wp-content/uploads/2012/01/resized_011.jpg"><img loading="lazy" decoding="async" class="aligncenter size-medium wp-image-568" title="resized_011" src="https://revista-insaiguaviva.org/curs2011-2012/wp-content/uploads/2012/01/resized_011-199x300.jpg" alt="" width="199" height="300" srcset="https://www.revista-insaiguaviva.org/curs2011-2012/wp-content/uploads/2012/01/resized_011-199x300.jpg 199w, https://www.revista-insaiguaviva.org/curs2011-2012/wp-content/uploads/2012/01/resized_011-682x1024.jpg 682w, https://www.revista-insaiguaviva.org/curs2011-2012/wp-content/uploads/2012/01/resized_011.jpg 1036w" sizes="auto, (max-width: 199px) 100vw, 199px" /></a><strong></strong></p>
<p style="text-align: justify;">Tracta  d&#8217;un marcià que va pel planeta Mart, es troba amb un globus de color groc  i es pensa que hi haurà una invasió de globus damunt el planeta. Després d&#8217;una estona, un altre marcià que anava caminant per allí fa una forta descàrrega al globus i en menys d&#8217; un segon es desinfla. Tots els globus es posen tristos i enterren el globus lila. Al final els globus, que volien muntar una festa en el planeta Mart, se&#8217;n van disgustats al planeta Terra. Els marcians coronen el marcià i munten una gran festa.</p>
<p style="text-align: left;"><strong>Còmic 4:</strong></p>
<p style="text-align: left;"><a href="https://revista-insaiguaviva.org/curs2011-2012/wp-content/uploads/2012/01/resized_0121.jpg"><img loading="lazy" decoding="async" class="alignnone size-thumbnail wp-image-571" title="resized_012" src="https://revista-insaiguaviva.org/curs2011-2012/wp-content/uploads/2012/01/resized_0121-150x150.jpg" alt="" width="150" height="150" /></a><a href="https://revista-insaiguaviva.org/curs2011-2012/wp-content/uploads/2012/01/resized_013.jpg"><img loading="lazy" decoding="async" class="alignnone size-thumbnail wp-image-570" title="resized_013" src="https://revista-insaiguaviva.org/curs2011-2012/wp-content/uploads/2012/01/resized_013-150x150.jpg" alt="" width="150" height="150" /></a><a href="https://revista-insaiguaviva.org/curs2011-2012/wp-content/uploads/2012/01/resized_014.jpg"><img loading="lazy" decoding="async" class="alignnone size-thumbnail wp-image-572" title="resized_014" src="https://revista-insaiguaviva.org/curs2011-2012/wp-content/uploads/2012/01/resized_014-150x150.jpg" alt="" width="150" height="150" /></a></p>
<p>El còmic tracta de la festa: tot el que va passar perquè es puguin fer una idea de què va passar, que vàrem fer&#8230;</p>
<p style="text-align: justify;">A la primera vinyeta sortim a classe fent les mans; després, a la següent vinyeta, sortim de l’institut amb els globus cap a Ca l’Estrada. A continuació expliquem com, quan vam arribar, els vàrem llençar i com, seguidament, els professors van llençar aquells globus de paper tan macos!</p>

<p>Aquí teniu alguns exemples dels còmics que vam treballar a la classe de Visual i Plàstica amb el Pau. N&#8217;hem triat un de cada grup a veure si endevineu de qui és cadascú: Còmic 1: És un comic que ma&#8217;grada &hellip; <a href="https://www.revista-insaiguaviva.org/curs2011-2012/llengua-catalana/visual-i-plastica-2/comics/">Continua llegint <span class="meta-nav">&rarr;</span></a></p>
