{"id":597,"date":"2012-01-30T12:06:57","date_gmt":"2012-01-30T12:06:57","guid":{"rendered":"https:\/\/revista-insaiguaviva.org\/curs2011-2012\/?page_id=597"},"modified":"2012-09-04T22:09:23","modified_gmt":"2012-09-04T20:09:23","slug":"ca-lestrada-aigua-viva-4-mollet","status":"publish","type":"page","link":"https:\/\/www.revista-insaiguaviva.org\/curs2011-2012\/opinio\/ca-lestrada-aigua-viva-4-mollet\/","title":{"rendered":"Ca l&#8217;Estrada? Aigua Viva? 4 &#8211; Mollet?"},"content":{"rendered":"<p style=\"text-align: justify;\">Quina d&#8217;aquestes opcions prefereixes?<\/p>\n<p style=\"text-align: justify;\">a) INS Ca l&#8217;Estrada, nom de la casa de pag\u00e8s situada als terrenys on est\u00e0 previst construir l&#8217;edifici de l&#8217;institut, tamb\u00e9 coneguda com a Can Pujol.<\/p>\n<p style=\"text-align: justify;\">b) INS Aigua Viva, en record del primer pou que va fer-se a Mollet per subministrar l&#8217;aigua que necessitava el poble i que es trobava a l&#8217;actual rotonda de Can Flequer, amb la rambla Pompeu Fabra.<\/p>\n<p style=\"text-align: justify;\">c) INS 4 &#8211; MOLLET, perqu\u00e8, com ja sabeu, som el quart institut.<\/p>\n<p style=\"text-align: justify;\">Fes-nos-ho saber amb el teu comentari.<\/p>\n","protected":false},"excerpt":{"rendered":"<p>Quina d&#8217;aquestes opcions prefereixes? a) INS Ca l&#8217;Estrada, nom de la casa de pag\u00e8s situada als terrenys on est\u00e0 previst construir l&#8217;edifici de l&#8217;institut, tamb\u00e9 coneguda com a Can Pujol. b) INS Aigua Viva, en record del primer pou que &hellip; <a href=\"https:\/\/www.revista-insaiguaviva.org\/curs2011-2012\/opinio\/ca-lestrada-aigua-viva-4-mollet\/\">Continua llegint <span class=\"meta-nav\">&rarr;<\/span><\/a><\/p>\n","protected":false},"author":3,"featured_media":0,"parent":14,"menu_order":0,"comment_status":"closed","ping_status":"closed","template":"","meta":{"footnotes":""},"class_list":["post-597","page","type-page","status-publish","hentry"],"_links":{"self":[{"href":"https:\/\/www.revista-insaiguaviva.org\/curs2011-2012\/wp-json\/wp\/v2\/pages\/597","targetHints":{"allow":["GET"]}}],"collection":[{"href":"https:\/\/www.revista-insaiguaviva.org\/curs2011-2012\/wp-json\/wp\/v2\/pages"}],"about":[{"href":"https:\/\/www.revista-insaiguaviva.org\/curs2011-2012\/wp-json\/wp\/v2\/types\/page"}],"author":[{"embeddable":true,"href":"https:\/\/www.revista-insaiguaviva.org\/curs2011-2012\/wp-json\/wp\/v2\/users\/3"}],"replies":[{"embeddable":true,"href":"https:\/\/www.revista-insaiguaviva.org\/curs2011-2012\/wp-json\/wp\/v2\/comments?post=597"}],"version-history":[{"count":3,"href":"https:\/\/www.revista-insaiguaviva.org\/curs2011-2012\/wp-json\/wp\/v2\/pages\/597\/revisions"}],"predecessor-version":[{"id":1022,"href":"https:\/\/www.revista-insaiguaviva.org\/curs2011-2012\/wp-json\/wp\/v2\/pages\/597\/revisions\/1022"}],"up":[{"embeddable":true,"href":"https:\/\/www.revista-insaiguaviva.org\/curs2011-2012\/wp-json\/wp\/v2\/pages\/14"}],"wp:attachment":[{"href":"https:\/\/www.revista-insaiguaviva.org\/curs2011-2012\/wp-json\/wp\/v2\/media?parent=597"}],"curies":[{"name":"wp","href":"https:\/\/api.w.org\/{rel}","templated":true}]}}