{"id":761,"date":"2012-03-14T11:20:09","date_gmt":"2012-03-14T11:20:09","guid":{"rendered":"https:\/\/revista-insaiguaviva.org\/curs2011-2012\/?page_id=761"},"modified":"2012-09-04T22:05:05","modified_gmt":"2012-09-04T20:05:05","slug":"carnestoltes","status":"publish","type":"page","link":"https:\/\/www.revista-insaiguaviva.org\/curs2011-2012\/celebracions\/carnestoltes\/","title":{"rendered":"Carnestoltes"},"content":{"rendered":"<p style=\"text-align: justify;\"><strong>Carnestoltes 2012<\/strong><\/p>\n<p style=\"text-align: justify;\"><a href=\"https:\/\/revista-insaiguaviva.org\/curs2011-2012\/wp-content\/uploads\/2012\/03\/resized_IMG_2577.jpg\"><img loading=\"lazy\" decoding=\"async\" class=\"alignnone size-thumbnail wp-image-797\" title=\"resized_IMG_2577\" src=\"https:\/\/revista-insaiguaviva.org\/curs2011-2012\/wp-content\/uploads\/2012\/03\/resized_IMG_2577-150x150.jpg\" alt=\"\" width=\"150\" height=\"150\" \/><\/a><a href=\"https:\/\/revista-insaiguaviva.org\/curs2011-2012\/wp-content\/uploads\/2012\/03\/resized_IMG_2586.jpg\"><img loading=\"lazy\" decoding=\"async\" class=\"alignnone size-thumbnail wp-image-800\" title=\"resized_IMG_2586\" src=\"https:\/\/revista-insaiguaviva.org\/curs2011-2012\/wp-content\/uploads\/2012\/03\/resized_IMG_2586-150x150.jpg\" alt=\"\" width=\"150\" height=\"150\" \/><\/a><a href=\"https:\/\/revista-insaiguaviva.org\/curs2011-2012\/wp-content\/uploads\/2012\/03\/resized_IMG_2604.jpg\"><img loading=\"lazy\" decoding=\"async\" class=\"alignnone size-thumbnail wp-image-798\" title=\"resized_IMG_2604\" src=\"https:\/\/revista-insaiguaviva.org\/curs2011-2012\/wp-content\/uploads\/2012\/03\/resized_IMG_2604-150x150.jpg\" alt=\"\" width=\"150\" height=\"150\" \/><\/a><\/p>\n<p style=\"text-align: justify;\">Avui celebrarem el Carnaval. On? Doncs a l&#8217;institut, \u00e9s clar. Organitzat pels professors i els alumnes.<\/p>\n<p style=\"text-align: justify;\">Molt b\u00e9, doncs continuo. Primer ens en vam anar a l&#8217;escola a les vuit del mat\u00ed, com sempre. Els professors ens van dir que les dues primeres hores far\u00edem classe i despr\u00e9s celebrar\u00edem el Carnaval. Tots nosaltres est\u00e0vem molt impacients, perqu\u00e8 s&#8217;acab\u00e9s l&#8217;hora. I per fi es va acabar. Ens en vam anar a canviar-nos de roba. Amb l&#8217;expressi\u00f3 &#8220;roba&#8221;, em refereixo a les disfresses! Totes nosaltres ens en vam anar corrents al lavabo. I vam canviar-nos. Hi havia disfresses molt boniques. La meva era de &#8220;Cleopatra&#8221;, tamb\u00e9 hi havia: pirates, abelles, zombis&#8230; I els nois&#8230; Ells van disfressar-se de noies. Alguns, no tots. Per\u00f2 com que \u00e9s l&#8217;\u00fanic dia que poden disfressar-se aix\u00ed, doncs que ho facin! Molt b\u00e9, despr\u00e9s d&#8217;haver-nos posat les nostres boniques disfresses, ens en vam anar a esmorzar. hi havia moltes coses bones, com per exemple: pa de pessic, ensa\u00efmades, donuts&#8230; Com ja ho he dit, tot molt bo. Despr\u00e9s d&#8217;aquest esmorzar espl\u00e8ndid ens en vam anar a fer una volta per Mollet, anunciant que era Carnaval. Amb el nostre ninot (a escala 1:1) amb nosaltres. Seguidament ens en vam anar al pavell\u00f3 de Mollet, a fer balls, con la batuka, una coreografia que vam haver de inventar-nos-la nosaltres. Consistia a fer un petit conte de tres parts. Per\u00f2 va ser divertit. Quan vam acabar, els nois, corrents, se&#8217;n van anar a jugar a futbol, mentre que les noies es van quedar a ballar, una mica m\u00e9s.<\/p>\n<p style=\"text-align: justify;\">Finalment, quan va ser l&#8217;hora, tots ens en vam anar a casa, satisfets d&#8217;aquesta nova experi\u00e8ncia!<\/p>\n<p style=\"text-align: justify;\">Anastasia Untila 1r. B<\/p>\n<p style=\"text-align: justify;\"><a href=\"https:\/\/revista-insaiguaviva.org\/curs2011-2012\/wp-content\/uploads\/2012\/03\/resized_IMG_3216.jpg\"><img loading=\"lazy\" decoding=\"async\" class=\"size-thumbnail wp-image-805 alignnone\" title=\"resized_IMG_3216\" src=\"https:\/\/revista-insaiguaviva.org\/curs2011-2012\/wp-content\/uploads\/2012\/03\/resized_IMG_3216-150x150.jpg\" alt=\"\" width=\"150\" height=\"150\" \/><\/a><a href=\"https:\/\/revista-insaiguaviva.org\/curs2011-2012\/wp-content\/uploads\/2012\/03\/resized_IMG_2556.jpg\"><img loading=\"lazy\" decoding=\"async\" class=\"alignnone size-thumbnail wp-image-795\" title=\"resized_IMG_2556\" src=\"https:\/\/revista-insaiguaviva.org\/curs2011-2012\/wp-content\/uploads\/2012\/03\/resized_IMG_2556-150x150.jpg\" alt=\"\" width=\"150\" height=\"150\" \/><\/a><a href=\"https:\/\/revista-insaiguaviva.org\/curs2011-2012\/wp-content\/uploads\/2012\/03\/resized_IMG_25362.jpg\"><img loading=\"lazy\" decoding=\"async\" class=\"alignnone size-thumbnail wp-image-808\" title=\"resized_IMG_2536\" src=\"https:\/\/revista-insaiguaviva.org\/curs2011-2012\/wp-content\/uploads\/2012\/03\/resized_IMG_25362-150x150.jpg\" alt=\"\" width=\"150\" height=\"150\" \/><\/a><\/p>\n<p style=\"text-align: justify;\">El divendres passat v\u00e0rem celebrar la festa de Carnaval. Ho vam celebrar amb els professors, els alumnes del centre i algunes mares del Consell Escolar.<br \/>\nAbans de comen\u00e7ar, v\u00e0rem haver de fer les dues primeres hores de classe i despr\u00e9s va comen\u00e7ar la festa. Ens vam haver de disfressar, per\u00f2&#8230; els nois i les noies junts??? No, les tutores van decidir que els nois es disfressessin al passad\u00eds per\u00f2, l\u2019Ernesto ens va veure i ens va obrir l\u2019aula del costat. A les altres classes va passar el mateix i s\u2019ho van plantejar de la mateixa manera. M\u00e9s tard, una professora ens va dir, m\u2019entres ens canvi\u00e0vem, que hi havia una pres\u00e8ncia estranya d\u2019habitants d\u2019un altre planeta. Tothom es va espantar, per\u00f2 eren els professors que anaven disfressats d\u2019aliens. Despr\u00e9s, v\u00e0rem anar a esmorzar. Vam esmorzar coques casolanes fetes per les mares del Consell Escolar. Estaven delicioses!!!!! A continuaci\u00f3, v\u00e0rem sortir del centre per fer una mini rua per alguns carrers de Mollet, fins arribar al pavell\u00f3. Un cop all\u00e0, vam ballar unes can\u00e7ons de batuka que vam practicar a les hores d\u2019educaci\u00f3 f\u00edsica. Despr\u00e9s d\u2019acabar de ballar les can\u00e7ons, per part de les noies, es van quedar dintre el pavell\u00f3 ballant unes can\u00e7ons extres que ajudava l\u2019Esther a ballar, i per part dels nois, van obrir la pista exterior del pavell\u00f3 i van anar a jugar a futbol. Al final, v\u00e0rem anar a canviar-nos a l\u2019institut i vam marxar cap a casa.<br \/>\nLa meva opini\u00f3 es molt positiva perqu\u00e8, malgrat ser el primer any que fem Carnaval, em va agradar molt\u00edssim i va ser molt divertit.<\/p>\n<p>Albert Rodr\u00edguez 1r. C<\/p>\n<p style=\"text-align: justify;\"><a href=\"https:\/\/revista-insaiguaviva.org\/curs2011-2012\/wp-content\/uploads\/2012\/03\/resized_IMG_2584.jpg\"><img loading=\"lazy\" decoding=\"async\" class=\"alignnone size-thumbnail wp-image-801\" title=\"resized_IMG_2584\" src=\"https:\/\/revista-insaiguaviva.org\/curs2011-2012\/wp-content\/uploads\/2012\/03\/resized_IMG_2584-150x150.jpg\" alt=\"\" width=\"150\" height=\"150\" \/><\/a><a href=\"https:\/\/revista-insaiguaviva.org\/curs2011-2012\/wp-content\/uploads\/2012\/03\/resized_IMG_2601.jpg\"><img loading=\"lazy\" decoding=\"async\" class=\"alignnone size-thumbnail wp-image-802\" title=\"resized_IMG_2601\" src=\"https:\/\/revista-insaiguaviva.org\/curs2011-2012\/wp-content\/uploads\/2012\/03\/resized_IMG_2601-150x150.jpg\" alt=\"\" width=\"150\" height=\"150\" \/><\/a><a href=\"https:\/\/revista-insaiguaviva.org\/curs2011-2012\/wp-content\/uploads\/2012\/03\/resized_IMG_26151.jpg\"><img loading=\"lazy\" decoding=\"async\" class=\"alignnone size-thumbnail wp-image-803\" title=\"resized_IMG_2615\" src=\"https:\/\/revista-insaiguaviva.org\/curs2011-2012\/wp-content\/uploads\/2012\/03\/resized_IMG_26151-150x150.jpg\" alt=\"\" width=\"150\" height=\"150\" \/><\/a><\/p>\n","protected":false},"excerpt":{"rendered":"<p>Carnestoltes 2012 Avui celebrarem el Carnaval. On? Doncs a l&#8217;institut, \u00e9s clar. Organitzat pels professors i els alumnes. Molt b\u00e9, doncs continuo. Primer ens en vam anar a l&#8217;escola a les vuit del mat\u00ed, com sempre. Els professors ens van &hellip; <a href=\"https:\/\/www.revista-insaiguaviva.org\/curs2011-2012\/celebracions\/carnestoltes\/\">Continua llegint <span class=\"meta-nav\">&rarr;<\/span><\/a><\/p>\n","protected":false},"author":3,"featured_media":0,"parent":424,"menu_order":0,"comment_status":"closed","ping_status":"closed","template":"","meta":{"footnotes":""},"class_list":["post-761","page","type-page","status-publish","hentry"],"_links":{"self":[{"href":"https:\/\/www.revista-insaiguaviva.org\/curs2011-2012\/wp-json\/wp\/v2\/pages\/761","targetHints":{"allow":["GET"]}}],"collection":[{"href":"https:\/\/www.revista-insaiguaviva.org\/curs2011-2012\/wp-json\/wp\/v2\/pages"}],"about":[{"href":"https:\/\/www.revista-insaiguaviva.org\/curs2011-2012\/wp-json\/wp\/v2\/types\/page"}],"author":[{"embeddable":true,"href":"https:\/\/www.revista-insaiguaviva.org\/curs2011-2012\/wp-json\/wp\/v2\/users\/3"}],"replies":[{"embeddable":true,"href":"https:\/\/www.revista-insaiguaviva.org\/curs2011-2012\/wp-json\/wp\/v2\/comments?post=761"}],"version-history":[{"count":11,"href":"https:\/\/www.revista-insaiguaviva.org\/curs2011-2012\/wp-json\/wp\/v2\/pages\/761\/revisions"}],"predecessor-version":[{"id":1005,"href":"https:\/\/www.revista-insaiguaviva.org\/curs2011-2012\/wp-json\/wp\/v2\/pages\/761\/revisions\/1005"}],"up":[{"embeddable":true,"href":"https:\/\/www.revista-insaiguaviva.org\/curs2011-2012\/wp-json\/wp\/v2\/pages\/424"}],"wp:attachment":[{"href":"https:\/\/www.revista-insaiguaviva.org\/curs2011-2012\/wp-json\/wp\/v2\/media?parent=761"}],"curies":[{"name":"wp","href":"https:\/\/api.w.org\/{rel}","templated":true}]}}

<p style="text-align: justify;"><strong>Carnestoltes 2012</strong></p>
<p style="text-align: justify;"><a href="https://revista-insaiguaviva.org/curs2011-2012/wp-content/uploads/2012/03/resized_IMG_2577.jpg"><img loading="lazy" decoding="async" class="alignnone size-thumbnail wp-image-797" title="resized_IMG_2577" src="https://revista-insaiguaviva.org/curs2011-2012/wp-content/uploads/2012/03/resized_IMG_2577-150x150.jpg" alt="" width="150" height="150" /></a><a href="https://revista-insaiguaviva.org/curs2011-2012/wp-content/uploads/2012/03/resized_IMG_2586.jpg"><img loading="lazy" decoding="async" class="alignnone size-thumbnail wp-image-800" title="resized_IMG_2586" src="https://revista-insaiguaviva.org/curs2011-2012/wp-content/uploads/2012/03/resized_IMG_2586-150x150.jpg" alt="" width="150" height="150" /></a><a href="https://revista-insaiguaviva.org/curs2011-2012/wp-content/uploads/2012/03/resized_IMG_2604.jpg"><img loading="lazy" decoding="async" class="alignnone size-thumbnail wp-image-798" title="resized_IMG_2604" src="https://revista-insaiguaviva.org/curs2011-2012/wp-content/uploads/2012/03/resized_IMG_2604-150x150.jpg" alt="" width="150" height="150" /></a></p>
<p style="text-align: justify;">Avui celebrarem el Carnaval. On? Doncs a l&#8217;institut, és clar. Organitzat pels professors i els alumnes.</p>
<p style="text-align: justify;">Molt bé, doncs continuo. Primer ens en vam anar a l&#8217;escola a les vuit del matí, com sempre. Els professors ens van dir que les dues primeres hores faríem classe i després celebraríem el Carnaval. Tots nosaltres estàvem molt impacients, perquè s&#8217;acabés l&#8217;hora. I per fi es va acabar. Ens en vam anar a canviar-nos de roba. Amb l&#8217;expressió &#8220;roba&#8221;, em refereixo a les disfresses! Totes nosaltres ens en vam anar corrents al lavabo. I vam canviar-nos. Hi havia disfresses molt boniques. La meva era de &#8220;Cleopatra&#8221;, també hi havia: pirates, abelles, zombis&#8230; I els nois&#8230; Ells van disfressar-se de noies. Alguns, no tots. Però com que és l&#8217;únic dia que poden disfressar-se així, doncs que ho facin! Molt bé, després d&#8217;haver-nos posat les nostres boniques disfresses, ens en vam anar a esmorzar. hi havia moltes coses bones, com per exemple: pa de pessic, ensaïmades, donuts&#8230; Com ja ho he dit, tot molt bo. Després d&#8217;aquest esmorzar esplèndid ens en vam anar a fer una volta per Mollet, anunciant que era Carnaval. Amb el nostre ninot (a escala 1:1) amb nosaltres. Seguidament ens en vam anar al pavelló de Mollet, a fer balls, con la batuka, una coreografia que vam haver de inventar-nos-la nosaltres. Consistia a fer un petit conte de tres parts. Però va ser divertit. Quan vam acabar, els nois, corrents, se&#8217;n van anar a jugar a futbol, mentre que les noies es van quedar a ballar, una mica més.</p>
<p style="text-align: justify;">Finalment, quan va ser l&#8217;hora, tots ens en vam anar a casa, satisfets d&#8217;aquesta nova experiència!</p>
<p style="text-align: justify;">Anastasia Untila 1r. B</p>
<p style="text-align: justify;"><a href="https://revista-insaiguaviva.org/curs2011-2012/wp-content/uploads/2012/03/resized_IMG_3216.jpg"><img loading="lazy" decoding="async" class="size-thumbnail wp-image-805 alignnone" title="resized_IMG_3216" src="https://revista-insaiguaviva.org/curs2011-2012/wp-content/uploads/2012/03/resized_IMG_3216-150x150.jpg" alt="" width="150" height="150" /></a><a href="https://revista-insaiguaviva.org/curs2011-2012/wp-content/uploads/2012/03/resized_IMG_2556.jpg"><img loading="lazy" decoding="async" class="alignnone size-thumbnail wp-image-795" title="resized_IMG_2556" src="https://revista-insaiguaviva.org/curs2011-2012/wp-content/uploads/2012/03/resized_IMG_2556-150x150.jpg" alt="" width="150" height="150" /></a><a href="https://revista-insaiguaviva.org/curs2011-2012/wp-content/uploads/2012/03/resized_IMG_25362.jpg"><img loading="lazy" decoding="async" class="alignnone size-thumbnail wp-image-808" title="resized_IMG_2536" src="https://revista-insaiguaviva.org/curs2011-2012/wp-content/uploads/2012/03/resized_IMG_25362-150x150.jpg" alt="" width="150" height="150" /></a></p>
<p style="text-align: justify;">El divendres passat vàrem celebrar la festa de Carnaval. Ho vam celebrar amb els professors, els alumnes del centre i algunes mares del Consell Escolar.<br />
Abans de començar, vàrem haver de fer les dues primeres hores de classe i després va començar la festa. Ens vam haver de disfressar, però&#8230; els nois i les noies junts??? No, les tutores van decidir que els nois es disfressessin al passadís però, l’Ernesto ens va veure i ens va obrir l’aula del costat. A les altres classes va passar el mateix i s’ho van plantejar de la mateixa manera. Més tard, una professora ens va dir, m’entres ens canviàvem, que hi havia una presència estranya d’habitants d’un altre planeta. Tothom es va espantar, però eren els professors que anaven disfressats d’aliens. Després, vàrem anar a esmorzar. Vam esmorzar coques casolanes fetes per les mares del Consell Escolar. Estaven delicioses!!!!! A continuació, vàrem sortir del centre per fer una mini rua per alguns carrers de Mollet, fins arribar al pavelló. Un cop allà, vam ballar unes cançons de batuka que vam practicar a les hores d’educació física. Després d’acabar de ballar les cançons, per part de les noies, es van quedar dintre el pavelló ballant unes cançons extres que ajudava l’Esther a ballar, i per part dels nois, van obrir la pista exterior del pavelló i van anar a jugar a futbol. Al final, vàrem anar a canviar-nos a l’institut i vam marxar cap a casa.<br />
La meva opinió es molt positiva perquè, malgrat ser el primer any que fem Carnaval, em va agradar moltíssim i va ser molt divertit.</p>
<p>Albert Rodríguez 1r. C</p>
<p style="text-align: justify;"><a href="https://revista-insaiguaviva.org/curs2011-2012/wp-content/uploads/2012/03/resized_IMG_2584.jpg"><img loading="lazy" decoding="async" class="alignnone size-thumbnail wp-image-801" title="resized_IMG_2584" src="https://revista-insaiguaviva.org/curs2011-2012/wp-content/uploads/2012/03/resized_IMG_2584-150x150.jpg" alt="" width="150" height="150" /></a><a href="https://revista-insaiguaviva.org/curs2011-2012/wp-content/uploads/2012/03/resized_IMG_2601.jpg"><img loading="lazy" decoding="async" class="alignnone size-thumbnail wp-image-802" title="resized_IMG_2601" src="https://revista-insaiguaviva.org/curs2011-2012/wp-content/uploads/2012/03/resized_IMG_2601-150x150.jpg" alt="" width="150" height="150" /></a><a href="https://revista-insaiguaviva.org/curs2011-2012/wp-content/uploads/2012/03/resized_IMG_26151.jpg"><img loading="lazy" decoding="async" class="alignnone size-thumbnail wp-image-803" title="resized_IMG_2615" src="https://revista-insaiguaviva.org/curs2011-2012/wp-content/uploads/2012/03/resized_IMG_26151-150x150.jpg" alt="" width="150" height="150" /></a></p>

<p>Carnestoltes 2012 Avui celebrarem el Carnaval. On? Doncs a l&#8217;institut, és clar. Organitzat pels professors i els alumnes. Molt bé, doncs continuo. Primer ens en vam anar a l&#8217;escola a les vuit del matí, com sempre. Els professors ens van &hellip; <a href="https://www.revista-insaiguaviva.org/curs2011-2012/celebracions/carnestoltes/">Continua llegint <span class="meta-nav">&rarr;</span></a></p>
