{"id":896,"date":"2012-05-14T10:01:59","date_gmt":"2012-05-14T10:01:59","guid":{"rendered":"https:\/\/revista-insaiguaviva.org\/curs2011-2012\/?page_id=896"},"modified":"2012-09-04T22:11:28","modified_gmt":"2012-09-04T20:11:28","slug":"un-dia-a-la-prehistoria","status":"publish","type":"page","link":"https:\/\/www.revista-insaiguaviva.org\/curs2011-2012\/un-dia-a-la-prehistoria\/","title":{"rendered":"Un dia a la Prehist\u00f2ria"},"content":{"rendered":"<p><strong>Em dic Rock i tinc 15 anys<\/strong>, formo part d\u2019una fam\u00edlia que viu en un poblat gran i ric si el comparem amb els poblats ve\u00efns. La meva fam\u00edlia \u00e9s nombrosa. A la meva cabana, feta de pedres i palla, hi convivim molta gent.<br \/>\nEl meu avi es el cap del poblat, el que ell diu, es llei, els pares han tingut molts fills (deu) per qu\u00e8 segons l\u2019avi el poblat es tenia que fer gran.<br \/>\nAmb nosaltres viu L\u2019Abu el germ\u00e0 de la meva mare, al ser el fill del cap ell juntament amb altres homes del poblat es dediquen a anar a ca\u00e7ar per si la \u00e8poca del fred es molt llarga i ens quedem sense menjar per nosaltres i pels nostres animals. Ells ens porten la cacera i les dones la desmembren i la posen a secar al sol a trossos, quant esta seca es guarda i aix\u00ed tenim menjar per temporades pitjors.<br \/>\nL\u2019Abu i els seus companys passen llargues temporades lluny de nosaltres i la seva dona i els seus fills viuen a la nostra cabana i aix\u00ed uns ens cuidem dels altres. Com que soc el fill gran soc el responsable amb el pare i l\u2019avi de tota la fam\u00edlia, a tot el poblat passa el mateix, totes les fam\u00edlies s\u2019ajunten per estar mes protegides.<br \/>\nAquest any em caso amb una jove d\u2019una cabana propera t\u00e9 13 anys i es diu Huna i aviat tindre fills per seguir la llei del avi, primer viur\u00e0 amb nosaltres, quant passi un temps ens anirem fent una cabana a prop de la nostra.<br \/>\nDiuen que els nostres avantpassats anaven amunt i avall i no paraven mai quiets per\u00f2 nosaltres ja no viatgem, la nostre vida es mes tranquil\u00b7la.<br \/>\nEm llevo quan surt el sol i despr\u00e9s d\u2019un bon menjar, fet de pa, llet i algun tros de carn seca, m\u2019han vaig amb els homes al camp i amb els animals.<br \/>\nAra ja tenim eines, que ens ajuden a fer tota aquesta feina, a mi m\u2019agrada mes estar amb els animals sobretot les ovelles. Ens emportem menjar pel cam\u00ed per que no tornem al poblat fins que el sol ja s\u2019amaga. Mentrestant les dones es queden al poblat cuidant dels mes petits, preparant els cereals conreats perqu\u00e8 quant nosaltres tornem al caure el dia puguem menjar al voltant de la foguera. Tamb\u00e9 munyen les vaques i ovelles que s\u2019han quedat al poblat per preparar menjar amb el pa que elles mateixes han fet amb el blat que han recol\u00b7lectat<br \/>\nLa nostra vida es molt dura ja que tant si fa fred com calor hem de fer la mateixa rutina, dia rere dia. Sense treva, aquesta nom\u00e9s ens trenca quant celebrem un dia especial, es per\u00f2 aix\u00f2 que tot el poblat espera amb il\u00b7lusi\u00f3 el dia del meu casament.<br \/>\nLes dones ja estan preparant cistells i catifes i els millors menjars fets amb blat i civada i llegums picades. Els animals que ens menjarem entre tots han estat engreixats amb el millor s\u00e8gol fins i tot amb ordi perqu\u00e8 siguin m\u00e9s gustosos. El pare em va dir que L\u2019Abu i uns quants ca\u00e7adors aniran poblat enll\u00e0 per ca\u00e7ar un parell de c\u00e9rvols, aix\u00f2 si que ser\u00e0 una gran celebraci\u00f3 !, es clar que no tots els dies es casa el net gran del cap del poblat.<\/p>\n<p align=\"right\">ILI\u00c0 CASTELLARNAU MORET\u00d3<\/p>\n<p>1r C ESO<\/p>\n","protected":false},"excerpt":{"rendered":"<p>Em dic Rock i tinc 15 anys, formo part d\u2019una fam\u00edlia que viu en un poblat gran i ric si el comparem amb els poblats ve\u00efns. La meva fam\u00edlia \u00e9s nombrosa. A la meva cabana, feta de pedres i palla, &hellip; <a href=\"https:\/\/www.revista-insaiguaviva.org\/curs2011-2012\/un-dia-a-la-prehistoria\/\">Continua llegint <span class=\"meta-nav\">&rarr;<\/span><\/a><\/p>\n","protected":false},"author":3,"featured_media":0,"parent":0,"menu_order":0,"comment_status":"closed","ping_status":"closed","template":"","meta":{"footnotes":""},"class_list":["post-896","page","type-page","status-publish","hentry"],"_links":{"self":[{"href":"https:\/\/www.revista-insaiguaviva.org\/curs2011-2012\/wp-json\/wp\/v2\/pages\/896","targetHints":{"allow":["GET"]}}],"collection":[{"href":"https:\/\/www.revista-insaiguaviva.org\/curs2011-2012\/wp-json\/wp\/v2\/pages"}],"about":[{"href":"https:\/\/www.revista-insaiguaviva.org\/curs2011-2012\/wp-json\/wp\/v2\/types\/page"}],"author":[{"embeddable":true,"href":"https:\/\/www.revista-insaiguaviva.org\/curs2011-2012\/wp-json\/wp\/v2\/users\/3"}],"replies":[{"embeddable":true,"href":"https:\/\/www.revista-insaiguaviva.org\/curs2011-2012\/wp-json\/wp\/v2\/comments?post=896"}],"version-history":[{"count":3,"href":"https:\/\/www.revista-insaiguaviva.org\/curs2011-2012\/wp-json\/wp\/v2\/pages\/896\/revisions"}],"predecessor-version":[{"id":1028,"href":"https:\/\/www.revista-insaiguaviva.org\/curs2011-2012\/wp-json\/wp\/v2\/pages\/896\/revisions\/1028"}],"wp:attachment":[{"href":"https:\/\/www.revista-insaiguaviva.org\/curs2011-2012\/wp-json\/wp\/v2\/media?parent=896"}],"curies":[{"name":"wp","href":"https:\/\/api.w.org\/{rel}","templated":true}]}}

Un dia a la Prehistòria

<p><strong>Em dic Rock i tinc 15 anys</strong>, formo part d’una família que viu en un poblat gran i ric si el comparem amb els poblats veïns. La meva família és nombrosa. A la meva cabana, feta de pedres i palla, hi convivim molta gent.<br />
El meu avi es el cap del poblat, el que ell diu, es llei, els pares han tingut molts fills (deu) per què segons l’avi el poblat es tenia que fer gran.<br />
Amb nosaltres viu L’Abu el germà de la meva mare, al ser el fill del cap ell juntament amb altres homes del poblat es dediquen a anar a caçar per si la època del fred es molt llarga i ens quedem sense menjar per nosaltres i pels nostres animals. Ells ens porten la cacera i les dones la desmembren i la posen a secar al sol a trossos, quant esta seca es guarda i així tenim menjar per temporades pitjors.<br />
L’Abu i els seus companys passen llargues temporades lluny de nosaltres i la seva dona i els seus fills viuen a la nostra cabana i així uns ens cuidem dels altres. Com que soc el fill gran soc el responsable amb el pare i l’avi de tota la família, a tot el poblat passa el mateix, totes les famílies s’ajunten per estar mes protegides.<br />
Aquest any em caso amb una jove d’una cabana propera té 13 anys i es diu Huna i aviat tindre fills per seguir la llei del avi, primer viurà amb nosaltres, quant passi un temps ens anirem fent una cabana a prop de la nostra.<br />
Diuen que els nostres avantpassats anaven amunt i avall i no paraven mai quiets però nosaltres ja no viatgem, la nostre vida es mes tranquil·la.<br />
Em llevo quan surt el sol i després d’un bon menjar, fet de pa, llet i algun tros de carn seca, m’han vaig amb els homes al camp i amb els animals.<br />
Ara ja tenim eines, que ens ajuden a fer tota aquesta feina, a mi m’agrada mes estar amb els animals sobretot les ovelles. Ens emportem menjar pel camí per que no tornem al poblat fins que el sol ja s’amaga. Mentrestant les dones es queden al poblat cuidant dels mes petits, preparant els cereals conreats perquè quant nosaltres tornem al caure el dia puguem menjar al voltant de la foguera. També munyen les vaques i ovelles que s’han quedat al poblat per preparar menjar amb el pa que elles mateixes han fet amb el blat que han recol·lectat<br />
La nostra vida es molt dura ja que tant si fa fred com calor hem de fer la mateixa rutina, dia rere dia. Sense treva, aquesta només ens trenca quant celebrem un dia especial, es però això que tot el poblat espera amb il·lusió el dia del meu casament.<br />
Les dones ja estan preparant cistells i catifes i els millors menjars fets amb blat i civada i llegums picades. Els animals que ens menjarem entre tots han estat engreixats amb el millor sègol fins i tot amb ordi perquè siguin més gustosos. El pare em va dir que L’Abu i uns quants caçadors aniran poblat enllà per caçar un parell de cérvols, això si que serà una gran celebració !, es clar que no tots els dies es casa el net gran del cap del poblat.</p>
<p align="right">ILIÀ CASTELLARNAU MORETÓ</p>
<p>1r C ESO</p>

<p>Em dic Rock i tinc 15 anys, formo part d’una família que viu en un poblat gran i ric si el comparem amb els poblats veïns. La meva família és nombrosa. A la meva cabana, feta de pedres i palla, &hellip; <a href="https://www.revista-insaiguaviva.org/curs2011-2012/un-dia-a-la-prehistoria/">Continua llegint <span class="meta-nav">&rarr;</span></a></p>
