{"id":933,"date":"2012-05-31T07:25:50","date_gmt":"2012-05-31T07:25:50","guid":{"rendered":"https:\/\/revista-insaiguaviva.org\/curs2011-2012\/?page_id=933"},"modified":"2012-09-04T22:07:02","modified_gmt":"2012-09-04T20:07:02","slug":"autoretrats","status":"publish","type":"page","link":"https:\/\/www.revista-insaiguaviva.org\/curs2011-2012\/llengua-catalana-2\/autoretrats\/","title":{"rendered":"Autoretrats: qui \u00e9s qui?"},"content":{"rendered":"<p style=\"text-align: justify;\"><strong>1.<\/strong> <em>&#8220;El meu car\u00e0cter \u00e9s molt t\u00edmid, per\u00f2 a mida que passen els anys vaig canviant. En canvi, amb els meus amics i la meva fam\u00edlia no ho s\u00f3c gens, sin\u00f3 tot el contrari: m&#8217;han de dir que calli. S\u00f3c molt amiga dels meus amics i els agafo molt d&#8217;apreci, per aix\u00f2 quan m&#8217;he d&#8217;acomiadar d&#8217;alg\u00fa -com, per exemple, l&#8217;any passat a 6\u00e8.- ho passo molt malament. Tot s\u00f3n plors i abra\u00e7ades. No m&#8217;agraden gens els comiats.&#8221;<\/em><\/p>\n<p style=\"text-align: justify;\"><strong>2.<\/strong><em>&#8220;S\u00f3c, b\u00e9, era, molt callada i vergonyosa, per\u00f2 ara tot el contrari. M&#8217;encanta parlar i opinar sobre coses diferents. Com ja he dit, s\u00f3c molt xerraire i a classe\u00a0 a vegades em passo. S\u00f3c, segons els meus amics, bastant divertida i ric molt, fins i tot de qualsevol ximpleria que facin els altres. Tamb\u00e9 m&#8217;agrada anar amb els amics el cap de setmana i veure els meus titets i cosins a casa de la meva \u00e0via, perqu\u00e8 t\u00e9 un jard\u00ed molt gran i, com tinc un gos, s&#8217;ho passa molt b\u00e9 all\u00e0.&#8221;<\/em><\/p>\n<p style=\"text-align: justify;\"><strong>3.<\/strong> <em>&#8220;Quan m&#8217;avorreixo, jugo a jocs del port\u00e0til o descanso en el sof\u00e0. Si s\u00f3c a la meva habitaci\u00f3, escolto m\u00fasica o miro per la finestra per veure el paisatge urb\u00e0 i de lluny les muntanyes de Montserrat. El meu somni \u00e9s anar a Nova York: visitar Manhattan, la 5\u00e0. avinguda i tamb\u00e9 l&#8217;Est\u00e0tua de la Llibertat. De tant en tant, els pares de les meves amigues i les meus decideixen fer alguna excursi\u00f3 o anar a passar algun cap de setmana a un hotel. S\u00f3n molt divertides.&#8221;<\/em><\/p>\n<p style=\"text-align: justify;\"><strong>4.<\/strong> &#8220;<em>Quan la gent em coneix b\u00e9, diuen que s\u00f3c alegre, calmosa&#8230; per\u00f2 a vegades m&#8217;enfado molt. Tamb\u00e9 s\u00f3c ordenada, divertida i sincera, perqu\u00e8 mai he deixat de dir la veritat, excepte una vegada quan era petita&#8230; Molt sociable, no s\u00f3c, perqu\u00e8 em costa molt fer amics, no com la meva germana, que ella de seguida fa amigues. Tamb\u00e9 s\u00f3c treballadora i, quan estic trista, se&#8217;m nota de seguida.&#8221;<\/em><\/p>\n<p style=\"text-align: justify;\"><strong>5. &#8220;<\/strong><em>Tinc el front ample i llis, i les meus ulls s\u00f2n de color marr\u00f3 i desperts. El meu nas \u00e9s arrodonit i fi, i la meva boca \u00e9s petita i fina. Tinc un coll fi i curt, i unes dents blanques. Les galtes, desinflades i suaus. Els meus llavis s\u00f3n estrets i fins, i les meves pestanyes llargues i de color negre. (&#8230;) Les meves mans s\u00f3n delicades, fines i tothom diu que tinc uns dits de pianista perqu\u00e8 els tinc llargs.&#8221;\u00a0<\/em><strong> <\/strong><\/p>\n<p style=\"text-align: justify;\"><strong>6.<\/strong> &#8220;<em>S\u00f3c rossa: els meus cabells brillen com l&#8217;or. Tinc els ulls blaus per\u00f2 canvien amb el temps: quan fa molt fred blaus, quan no fa calor ni fred verds i quan fa molta calor grisos. El meu nas \u00e9s molt petit i prim, la meva boca \u00e9s molt menuda i els llavis s\u00f3n petits, vermells i llargs.&#8221;<\/em><\/p>\n<p style=\"text-align: justify;\"><strong>6. <\/strong>&#8220;<em>S\u00f3c una persona treballadora i, quan vull, faig les coses perfectes. M&#8217;agrada molt fixar-me en els detalls de les coses. S\u00f3c eixerida i espavilada. \u00c9s molt dif\u00edcil enganyar-me per qu\u00e8 s\u00f3c molt astuta. No \u00e9s que sigui una set-ci\u00e8ncies, per\u00f2 tampoc \u00e9s que sigui ximple. Si m&#8217;aplico, trec molt bones notes<strong>. <\/strong>S\u00f3c una persona xerraire amb la gent que conec, per\u00f2 amb la gent que no, s\u00f3c molt vergonyosa.&#8221;<\/em><strong><br \/>\n<\/strong><\/p>\n<p>&nbsp;<\/p>\n","protected":false},"excerpt":{"rendered":"<p>1. &#8220;El meu car\u00e0cter \u00e9s molt t\u00edmid, per\u00f2 a mida que passen els anys vaig canviant. En canvi, amb els meus amics i la meva fam\u00edlia no ho s\u00f3c gens, sin\u00f3 tot el contrari: m&#8217;han de dir que calli. S\u00f3c &hellip; <a href=\"https:\/\/www.revista-insaiguaviva.org\/curs2011-2012\/llengua-catalana-2\/autoretrats\/\">Continua llegint <span class=\"meta-nav\">&rarr;<\/span><\/a><\/p>\n","protected":false},"author":3,"featured_media":0,"parent":291,"menu_order":0,"comment_status":"closed","ping_status":"closed","template":"","meta":{"footnotes":""},"class_list":["post-933","page","type-page","status-publish","hentry"],"_links":{"self":[{"href":"https:\/\/www.revista-insaiguaviva.org\/curs2011-2012\/wp-json\/wp\/v2\/pages\/933","targetHints":{"allow":["GET"]}}],"collection":[{"href":"https:\/\/www.revista-insaiguaviva.org\/curs2011-2012\/wp-json\/wp\/v2\/pages"}],"about":[{"href":"https:\/\/www.revista-insaiguaviva.org\/curs2011-2012\/wp-json\/wp\/v2\/types\/page"}],"author":[{"embeddable":true,"href":"https:\/\/www.revista-insaiguaviva.org\/curs2011-2012\/wp-json\/wp\/v2\/users\/3"}],"replies":[{"embeddable":true,"href":"https:\/\/www.revista-insaiguaviva.org\/curs2011-2012\/wp-json\/wp\/v2\/comments?post=933"}],"version-history":[{"count":8,"href":"https:\/\/www.revista-insaiguaviva.org\/curs2011-2012\/wp-json\/wp\/v2\/pages\/933\/revisions"}],"predecessor-version":[{"id":935,"href":"https:\/\/www.revista-insaiguaviva.org\/curs2011-2012\/wp-json\/wp\/v2\/pages\/933\/revisions\/935"}],"up":[{"embeddable":true,"href":"https:\/\/www.revista-insaiguaviva.org\/curs2011-2012\/wp-json\/wp\/v2\/pages\/291"}],"wp:attachment":[{"href":"https:\/\/www.revista-insaiguaviva.org\/curs2011-2012\/wp-json\/wp\/v2\/media?parent=933"}],"curies":[{"name":"wp","href":"https:\/\/api.w.org\/{rel}","templated":true}]}}

Autoretrats: qui és qui?

<p style="text-align: justify;"><strong>1.</strong> <em>&#8220;El meu caràcter és molt tímid, però a mida que passen els anys vaig canviant. En canvi, amb els meus amics i la meva família no ho sóc gens, sinó tot el contrari: m&#8217;han de dir que calli. Sóc molt amiga dels meus amics i els agafo molt d&#8217;apreci, per això quan m&#8217;he d&#8217;acomiadar d&#8217;algú -com, per exemple, l&#8217;any passat a 6è.- ho passo molt malament. Tot són plors i abraçades. No m&#8217;agraden gens els comiats.&#8221;</em></p>
<p style="text-align: justify;"><strong>2.</strong><em>&#8220;Sóc, bé, era, molt callada i vergonyosa, però ara tot el contrari. M&#8217;encanta parlar i opinar sobre coses diferents. Com ja he dit, sóc molt xerraire i a classe  a vegades em passo. Sóc, segons els meus amics, bastant divertida i ric molt, fins i tot de qualsevol ximpleria que facin els altres. També m&#8217;agrada anar amb els amics el cap de setmana i veure els meus titets i cosins a casa de la meva àvia, perquè té un jardí molt gran i, com tinc un gos, s&#8217;ho passa molt bé allà.&#8221;</em></p>
<p style="text-align: justify;"><strong>3.</strong> <em>&#8220;Quan m&#8217;avorreixo, jugo a jocs del portàtil o descanso en el sofà. Si sóc a la meva habitació, escolto música o miro per la finestra per veure el paisatge urbà i de lluny les muntanyes de Montserrat. El meu somni és anar a Nova York: visitar Manhattan, la 5à. avinguda i també l&#8217;Estàtua de la Llibertat. De tant en tant, els pares de les meves amigues i les meus decideixen fer alguna excursió o anar a passar algun cap de setmana a un hotel. Són molt divertides.&#8221;</em></p>
<p style="text-align: justify;"><strong>4.</strong> &#8220;<em>Quan la gent em coneix bé, diuen que sóc alegre, calmosa&#8230; però a vegades m&#8217;enfado molt. També sóc ordenada, divertida i sincera, perquè mai he deixat de dir la veritat, excepte una vegada quan era petita&#8230; Molt sociable, no sóc, perquè em costa molt fer amics, no com la meva germana, que ella de seguida fa amigues. També sóc treballadora i, quan estic trista, se&#8217;m nota de seguida.&#8221;</em></p>
<p style="text-align: justify;"><strong>5. &#8220;</strong><em>Tinc el front ample i llis, i les meus ulls sòn de color marró i desperts. El meu nas és arrodonit i fi, i la meva boca és petita i fina. Tinc un coll fi i curt, i unes dents blanques. Les galtes, desinflades i suaus. Els meus llavis són estrets i fins, i les meves pestanyes llargues i de color negre. (&#8230;) Les meves mans són delicades, fines i tothom diu que tinc uns dits de pianista perquè els tinc llargs.&#8221; </em><strong> </strong></p>
<p style="text-align: justify;"><strong>6.</strong> &#8220;<em>Sóc rossa: els meus cabells brillen com l&#8217;or. Tinc els ulls blaus però canvien amb el temps: quan fa molt fred blaus, quan no fa calor ni fred verds i quan fa molta calor grisos. El meu nas és molt petit i prim, la meva boca és molt menuda i els llavis són petits, vermells i llargs.&#8221;</em></p>
<p style="text-align: justify;"><strong>6. </strong>&#8220;<em>Sóc una persona treballadora i, quan vull, faig les coses perfectes. M&#8217;agrada molt fixar-me en els detalls de les coses. Sóc eixerida i espavilada. És molt difícil enganyar-me per què sóc molt astuta. No és que sigui una set-ciències, però tampoc és que sigui ximple. Si m&#8217;aplico, trec molt bones notes<strong>. </strong>Sóc una persona xerraire amb la gent que conec, però amb la gent que no, sóc molt vergonyosa.&#8221;</em><strong><br />
</strong></p>
<p>&nbsp;</p>

<p>1. &#8220;El meu caràcter és molt tímid, però a mida que passen els anys vaig canviant. En canvi, amb els meus amics i la meva família no ho sóc gens, sinó tot el contrari: m&#8217;han de dir que calli. Sóc &hellip; <a href="https://www.revista-insaiguaviva.org/curs2011-2012/llengua-catalana-2/autoretrats/">Continua llegint <span class="meta-nav">&rarr;</span></a></p>
