{"id":945,"date":"2012-06-01T11:14:01","date_gmt":"2012-06-01T11:14:01","guid":{"rendered":"https:\/\/revista-insaiguaviva.org\/curs2011-2012\/?page_id=945"},"modified":"2012-09-04T22:07:37","modified_gmt":"2012-09-04T20:07:37","slug":"curial-e-guelfa","status":"publish","type":"page","link":"https:\/\/www.revista-insaiguaviva.org\/curs2011-2012\/llengua-catalana-2\/curial-e-guelfa\/","title":{"rendered":"Curial e G\u00fcelfa"},"content":{"rendered":"<p style=\"text-align: justify;\">&#8220;La hist\u00f2ria se&#8217;m va fer bastant pesada, per\u00f2 el text, que mesclava el catal\u00e0 antic amb el catal\u00e0 modern, em va agradar molt. La interpretaci\u00f3 no em va agradar gaire, perqu\u00e8, per a mi, van actuar molt exageradament, per\u00f2 quan feien trossos de com\u00e8dia, ho feien bastant b\u00e9.&#8221; <strong>Khaira Mart\u00ednez<\/strong><\/p>\n<p style=\"text-align: justify;\">&#8220;A mi em va semblar graciosa i divertida, sobretot el vestuari, la interpretaci\u00f3 i el gui\u00f3. El personatge que em va agradar m\u00e9s va ser el Curial, perqu\u00e8 plorava per qualsevol cosa.&#8221; <strong>Iv\u00e1n Carreras<\/strong><\/p>\n<p style=\"text-align: justify;\">&#8220;La hist\u00f2ria va estar bastant b\u00e9. El gui\u00f3 estava molt ben preparat i l&#8217;expressaven molt f\u00e0cilment: era cre\u00efble. La interpretaci\u00f3 tamb\u00e9 era cre\u00efble, tot i que els actors feien m\u00e9s d&#8217;un personatge. (&#8230;) Els vestits eren molt bonics. Estaven molt currats.&#8221; <strong>N\u00faria Cervilla<\/strong><\/p>\n<p style=\"text-align: justify;\">A mi la hist\u00f2ria em va semblar entretinguda, per\u00f2 el gui\u00f3 estava massa adaptat. el vestuari, en canvi, era molt d&#8217;\u00e8poca. El decorat no era gaire variat, perqu\u00e8 no el van canviar en tota l&#8217;obra. La interpretaci\u00f3, en canvi, va ser molt ben feta. Els actors van interpretar els papers molt b\u00e9 i a cap li va caure la perruca saltant.&#8221; <strong>Jos\u00e9 Capit\u00e1n<\/strong><\/p>\n<p>&#8220;Hi faltava gent perqu\u00e8 alguns dels personatges eren ninots. El vestuari era l&#8217;apropiat. Portaven robes semblants a les del s.XV. (&#8230;) Els decorats estaven b\u00e9 per\u00f2 de fet n&#8217;hi hauria d&#8217;haver m\u00e9s.&#8221; <strong>Elisa Pardo<\/strong><\/p>\n<p>&#8220;L&#8217;obra no em va agradar perqu\u00e8 era molt infantil. La interpretaci\u00f3 va estar molt b\u00e9, per\u00f2 l&#8217;obra no em va agradar.&#8221; <strong>Gema Ramos<\/strong><\/p>\n<p style=\"text-align: justify;\">&#8220;El gui\u00f3 em va semblar molt divertit i tamb\u00e9 molt estudiat, perqu\u00e8 eren guions molt llargs. La interpretaci\u00f3 tamb\u00e9 era molt bona perqu\u00e8 semblava tot real i ho feien tot amb molta naturalitat. El vestuari tamb\u00e9 estava molt b\u00e9 perqu\u00e8 ho feien molt r\u00e0pid i quedava molt b\u00e9.&#8221; <strong>Noem\u00ed Amor<\/strong><\/p>\n<p>&nbsp;<\/p>\n<p>&nbsp;<\/p>\n<p>&nbsp;<\/p>\n","protected":false},"excerpt":{"rendered":"<p>&#8220;La hist\u00f2ria se&#8217;m va fer bastant pesada, per\u00f2 el text, que mesclava el catal\u00e0 antic amb el catal\u00e0 modern, em va agradar molt. La interpretaci\u00f3 no em va agradar gaire, perqu\u00e8, per a mi, van actuar molt exageradament, per\u00f2 quan &hellip; <a href=\"https:\/\/www.revista-insaiguaviva.org\/curs2011-2012\/llengua-catalana-2\/curial-e-guelfa\/\">Continua llegint <span class=\"meta-nav\">&rarr;<\/span><\/a><\/p>\n","protected":false},"author":3,"featured_media":0,"parent":291,"menu_order":0,"comment_status":"closed","ping_status":"closed","template":"","meta":{"footnotes":""},"class_list":["post-945","page","type-page","status-publish","hentry"],"_links":{"self":[{"href":"https:\/\/www.revista-insaiguaviva.org\/curs2011-2012\/wp-json\/wp\/v2\/pages\/945","targetHints":{"allow":["GET"]}}],"collection":[{"href":"https:\/\/www.revista-insaiguaviva.org\/curs2011-2012\/wp-json\/wp\/v2\/pages"}],"about":[{"href":"https:\/\/www.revista-insaiguaviva.org\/curs2011-2012\/wp-json\/wp\/v2\/types\/page"}],"author":[{"embeddable":true,"href":"https:\/\/www.revista-insaiguaviva.org\/curs2011-2012\/wp-json\/wp\/v2\/users\/3"}],"replies":[{"embeddable":true,"href":"https:\/\/www.revista-insaiguaviva.org\/curs2011-2012\/wp-json\/wp\/v2\/comments?post=945"}],"version-history":[{"count":5,"href":"https:\/\/www.revista-insaiguaviva.org\/curs2011-2012\/wp-json\/wp\/v2\/pages\/945\/revisions"}],"predecessor-version":[{"id":1016,"href":"https:\/\/www.revista-insaiguaviva.org\/curs2011-2012\/wp-json\/wp\/v2\/pages\/945\/revisions\/1016"}],"up":[{"embeddable":true,"href":"https:\/\/www.revista-insaiguaviva.org\/curs2011-2012\/wp-json\/wp\/v2\/pages\/291"}],"wp:attachment":[{"href":"https:\/\/www.revista-insaiguaviva.org\/curs2011-2012\/wp-json\/wp\/v2\/media?parent=945"}],"curies":[{"name":"wp","href":"https:\/\/api.w.org\/{rel}","templated":true}]}}