{"id":180,"date":"2012-11-16T14:16:05","date_gmt":"2012-11-16T13:16:05","guid":{"rendered":"https:\/\/revista-insaiguaviva.org\/curs2012-2013\/?page_id=180"},"modified":"2012-12-05T19:58:42","modified_gmt":"2012-12-05T18:58:42","slug":"31-doctubre-un-dia-passat-per-aigua","status":"publish","type":"page","link":"https:\/\/www.revista-insaiguaviva.org\/curs2012-2013\/celebracions\/31-doctubre-un-dia-passat-per-aigua\/","title":{"rendered":"La Castanyada: Un dia passat per aigua"},"content":{"rendered":"<p><strong>Cr\u00f2nica d&#8217;un dia passat per aigua (I)<br \/>\n<\/strong><\/p>\n<p style=\"text-align: justify;\"><a href=\"https:\/\/revista-insaiguaviva.org\/curs2012-2013\/wp-content\/uploads\/2012\/11\/resized_DSCF1583.jpg\"><img loading=\"lazy\" decoding=\"async\" class=\"alignnone  wp-image-188\" title=\"resized_DSCF1583\" src=\"https:\/\/revista-insaiguaviva.org\/curs2012-2013\/wp-content\/uploads\/2012\/11\/resized_DSCF1583-300x225.jpg\" alt=\"\" width=\"240\" height=\"180\" srcset=\"https:\/\/www.revista-insaiguaviva.org\/curs2012-2013\/wp-content\/uploads\/2012\/11\/resized_DSCF1583-300x225.jpg 300w, https:\/\/www.revista-insaiguaviva.org\/curs2012-2013\/wp-content\/uploads\/2012\/11\/resized_DSCF1583-1024x768.jpg 1024w, https:\/\/www.revista-insaiguaviva.org\/curs2012-2013\/wp-content\/uploads\/2012\/11\/resized_DSCF1583-400x300.jpg 400w, https:\/\/www.revista-insaiguaviva.org\/curs2012-2013\/wp-content\/uploads\/2012\/11\/resized_DSCF1583.jpg 1824w\" sizes=\"auto, (max-width: 240px) 100vw, 240px\" \/><\/a><a href=\"https:\/\/revista-insaiguaviva.org\/curs2012-2013\/wp-content\/uploads\/2012\/11\/resized_DSCF1615.jpg\"><img loading=\"lazy\" decoding=\"async\" class=\"alignnone  wp-image-189\" title=\"resized_DSCF1615\" src=\"https:\/\/revista-insaiguaviva.org\/curs2012-2013\/wp-content\/uploads\/2012\/11\/resized_DSCF1615-300x225.jpg\" alt=\"\" width=\"240\" height=\"180\" srcset=\"https:\/\/www.revista-insaiguaviva.org\/curs2012-2013\/wp-content\/uploads\/2012\/11\/resized_DSCF1615-300x225.jpg 300w, https:\/\/www.revista-insaiguaviva.org\/curs2012-2013\/wp-content\/uploads\/2012\/11\/resized_DSCF1615-1024x768.jpg 1024w, https:\/\/www.revista-insaiguaviva.org\/curs2012-2013\/wp-content\/uploads\/2012\/11\/resized_DSCF1615-400x300.jpg 400w, https:\/\/www.revista-insaiguaviva.org\/curs2012-2013\/wp-content\/uploads\/2012\/11\/resized_DSCF1615.jpg 1824w\" sizes=\"auto, (max-width: 240px) 100vw, 240px\" \/><\/a><\/p>\n<p style=\"text-align: justify;\">El dia 31 d&#8217;octubre de 2012, l&#8217;institut Aiguaviva havia d&#8217;anar d&#8217;excursi\u00f3 a Gallecs, per\u00f2 a causa de la pluja de la nit anterior, no vam poder anar-hi. La soluci\u00f3 dels professors va ser que ens qued\u00e9ssim a l&#8217;institut fent d&#8217;altres coses.<\/p>\n<p style=\"text-align: justify;\">A les 9 h del mat\u00ed era l&#8217;hora en qu\u00e8 hav\u00edem d&#8217;anar a l&#8217;institut. De les 9 a les 10,45 h vam estar escoltant m\u00fasica i mirant v\u00eddeos a les dues classes anteriors al pati. Primer vam fer el pati normal, per\u00f2 el vam allargar mitja hora m\u00e9s. M\u00e9s tard, els professors van organitzar com unes estacions de joc, que eren el futbol, el joc de matar i la <em>batuka<\/em>.<\/p>\n<p style=\"text-align: justify;\">La majoria de nens van triar el futbol perqu\u00e8 s\u00f3n molt futbolers; els nens menys actius o que no els agraden gaire els esports, i les nenes m\u00e9s actives en els esports, van triar el joc de matar.\u00a0 I la resta d&#8217;alumnes de l&#8217;institut, la majoria nenes, van fer <em>batuka<\/em> amb la professora d&#8217;Educaci\u00f3 F\u00edsica, l&#8217;Ester. Jo jugava a futbol amb\u00a0 l&#8217;equip de 2n. ESO C i no vam guanyar cap partit. Vam jugar contra tots els equips, tant de primer com de segon d&#8217;ESO.<\/p>\n<p style=\"text-align: justify;\">Crec que va ser un dia amb m\u00e9s esbarjo que d&#8217;altres, a part dels dies seg\u00fcents que van ser pont. Va ser un mal dia a causa de la pluja, per\u00f2 un bon dia per totes les coses bones que vam fer.<\/p>\n<p style=\"text-align: justify;\">Albert Rodr\u00edguez Coll 2n. ESO C<\/p>\n<p style=\"text-align: justify;\"><a href=\"https:\/\/revista-insaiguaviva.org\/curs2012-2013\/wp-content\/uploads\/2012\/11\/resized_DSCF16331.jpg\"><img loading=\"lazy\" decoding=\"async\" class=\"alignnone  wp-image-190\" title=\"resized_DSCF1633\" src=\"https:\/\/revista-insaiguaviva.org\/curs2012-2013\/wp-content\/uploads\/2012\/11\/resized_DSCF16331-300x225.jpg\" alt=\"\" width=\"240\" height=\"180\" srcset=\"https:\/\/www.revista-insaiguaviva.org\/curs2012-2013\/wp-content\/uploads\/2012\/11\/resized_DSCF16331-300x225.jpg 300w, https:\/\/www.revista-insaiguaviva.org\/curs2012-2013\/wp-content\/uploads\/2012\/11\/resized_DSCF16331-1024x768.jpg 1024w, https:\/\/www.revista-insaiguaviva.org\/curs2012-2013\/wp-content\/uploads\/2012\/11\/resized_DSCF16331-400x300.jpg 400w, https:\/\/www.revista-insaiguaviva.org\/curs2012-2013\/wp-content\/uploads\/2012\/11\/resized_DSCF16331.jpg 1824w\" sizes=\"auto, (max-width: 240px) 100vw, 240px\" \/><\/a><a href=\"https:\/\/revista-insaiguaviva.org\/curs2012-2013\/wp-content\/uploads\/2012\/11\/resized_DSCF1627.jpg\"><img loading=\"lazy\" decoding=\"async\" class=\"alignnone  wp-image-192\" title=\"resized_DSCF1627\" src=\"https:\/\/revista-insaiguaviva.org\/curs2012-2013\/wp-content\/uploads\/2012\/11\/resized_DSCF1627-300x225.jpg\" alt=\"\" width=\"240\" height=\"180\" srcset=\"https:\/\/www.revista-insaiguaviva.org\/curs2012-2013\/wp-content\/uploads\/2012\/11\/resized_DSCF1627-300x225.jpg 300w, https:\/\/www.revista-insaiguaviva.org\/curs2012-2013\/wp-content\/uploads\/2012\/11\/resized_DSCF1627-1024x768.jpg 1024w, https:\/\/www.revista-insaiguaviva.org\/curs2012-2013\/wp-content\/uploads\/2012\/11\/resized_DSCF1627-400x300.jpg 400w, https:\/\/www.revista-insaiguaviva.org\/curs2012-2013\/wp-content\/uploads\/2012\/11\/resized_DSCF1627.jpg 1824w\" sizes=\"auto, (max-width: 240px) 100vw, 240px\" \/><\/a><\/p>\n<p style=\"text-align: justify;\"><strong>Cr\u00f2nica d&#8217;un dia passat per aigua (II)<\/strong><\/p>\n<p style=\"text-align: justify;\">Dimecres passat el dia abans dels esperats quatre dies de festa, ten\u00edem planejat anar a Gallecs a veure la Torre Maia. Hav\u00edem quedat tots els de l&#8217;institut a les nou davant de l&#8217;institut. Tots els nois i noies esper\u00e0vem que no plogu\u00e9s per poder anar-hi, per\u00f2 tota la nit va estar plovent a bots i barrals, i al mat\u00ed tot estava mullat i encara plovia.<\/p>\n<p style=\"text-align: justify;\">Tots est\u00e0vem una mica decebuts perqu\u00e8 ten\u00edem moltes ganes d&#8217;anar-hi, i especialment de saltar-nos un dia de classes per\u00f2, quan vam arribar, l&#8217;Ester ens va explicar que far\u00edem una s\u00e8rie d&#8217;activitats: matar, <em>batuka<\/em> i futbol. Despr\u00e9s ens tocava m\u00fasica i, com que no hav\u00edem portat llibres, vam escoltar m\u00fasica. A segona hora vam fer ci\u00e8ncies socials i, com que estem estudiant l&#8217;Edat Mitjana, la Marga ens va passar v\u00eddeos de la Inquisici\u00f3, que vam estar mirant molt atents.<\/p>\n<p style=\"text-align: justify;\">Seguidament, v\u00e0rem anar al pati, que va durar una mica m\u00e9s, aproximadament quaranta-cinc minuts, i despr\u00e9s vam fer les activitats. Jo vaig escollir jugar a matar, i primer vam jugar els de primer i els de segon separats. El meu equip, anomenat <em>The Killers<\/em>, va perdre el primer cop i despr\u00e9s, quan vam jugar contra segon, tamb\u00e9 vam perdre. Es nota que no som gaire bons jugant a matar. Vam acabar de jugar sobre dos quarts de dues.<\/p>\n<p style=\"text-align: justify;\">Jo crec que cr\u00e8iem que seria un dia molt avorrit, i al final va resultar que ens ho vam passar millor que si hagu\u00e9ssim anat a Gallecs.<\/p>\n<p style=\"text-align: justify;\">Martina Azlor\u00a0 2n. ESO C<\/p>\n<p style=\"text-align: justify;\">_________________________________________________________________________<\/p>\n<p>&nbsp;<\/p>\n","protected":false},"excerpt":{"rendered":"<p>Cr\u00f2nica d&#8217;un dia passat per aigua (I) El dia 31 d&#8217;octubre de 2012, l&#8217;institut Aiguaviva havia d&#8217;anar d&#8217;excursi\u00f3 a Gallecs, per\u00f2 a causa de la pluja de la nit anterior, no vam poder anar-hi. La soluci\u00f3 dels professors va ser &hellip; <a href=\"https:\/\/www.revista-insaiguaviva.org\/curs2012-2013\/celebracions\/31-doctubre-un-dia-passat-per-aigua\/\">Continua llegint <span class=\"meta-nav\">&rarr;<\/span><\/a><\/p>\n","protected":false},"author":3,"featured_media":0,"parent":20,"menu_order":0,"comment_status":"open","ping_status":"open","template":"","meta":{"footnotes":""},"class_list":["post-180","page","type-page","status-publish","hentry"],"_links":{"self":[{"href":"https:\/\/www.revista-insaiguaviva.org\/curs2012-2013\/wp-json\/wp\/v2\/pages\/180","targetHints":{"allow":["GET"]}}],"collection":[{"href":"https:\/\/www.revista-insaiguaviva.org\/curs2012-2013\/wp-json\/wp\/v2\/pages"}],"about":[{"href":"https:\/\/www.revista-insaiguaviva.org\/curs2012-2013\/wp-json\/wp\/v2\/types\/page"}],"author":[{"embeddable":true,"href":"https:\/\/www.revista-insaiguaviva.org\/curs2012-2013\/wp-json\/wp\/v2\/users\/3"}],"replies":[{"embeddable":true,"href":"https:\/\/www.revista-insaiguaviva.org\/curs2012-2013\/wp-json\/wp\/v2\/comments?post=180"}],"version-history":[{"count":7,"href":"https:\/\/www.revista-insaiguaviva.org\/curs2012-2013\/wp-json\/wp\/v2\/pages\/180\/revisions"}],"predecessor-version":[{"id":182,"href":"https:\/\/www.revista-insaiguaviva.org\/curs2012-2013\/wp-json\/wp\/v2\/pages\/180\/revisions\/182"}],"up":[{"embeddable":true,"href":"https:\/\/www.revista-insaiguaviva.org\/curs2012-2013\/wp-json\/wp\/v2\/pages\/20"}],"wp:attachment":[{"href":"https:\/\/www.revista-insaiguaviva.org\/curs2012-2013\/wp-json\/wp\/v2\/media?parent=180"}],"curies":[{"name":"wp","href":"https:\/\/api.w.org\/{rel}","templated":true}]}}

<p><strong>Crònica d&#8217;un dia passat per aigua (I)<br />
</strong></p>
<p style="text-align: justify;"><a href="https://revista-insaiguaviva.org/curs2012-2013/wp-content/uploads/2012/11/resized_DSCF1583.jpg"><img loading="lazy" decoding="async" class="alignnone  wp-image-188" title="resized_DSCF1583" src="https://revista-insaiguaviva.org/curs2012-2013/wp-content/uploads/2012/11/resized_DSCF1583-300x225.jpg" alt="" width="240" height="180" srcset="https://www.revista-insaiguaviva.org/curs2012-2013/wp-content/uploads/2012/11/resized_DSCF1583-300x225.jpg 300w, https://www.revista-insaiguaviva.org/curs2012-2013/wp-content/uploads/2012/11/resized_DSCF1583-1024x768.jpg 1024w, https://www.revista-insaiguaviva.org/curs2012-2013/wp-content/uploads/2012/11/resized_DSCF1583-400x300.jpg 400w, https://www.revista-insaiguaviva.org/curs2012-2013/wp-content/uploads/2012/11/resized_DSCF1583.jpg 1824w" sizes="auto, (max-width: 240px) 100vw, 240px" /></a><a href="https://revista-insaiguaviva.org/curs2012-2013/wp-content/uploads/2012/11/resized_DSCF1615.jpg"><img loading="lazy" decoding="async" class="alignnone  wp-image-189" title="resized_DSCF1615" src="https://revista-insaiguaviva.org/curs2012-2013/wp-content/uploads/2012/11/resized_DSCF1615-300x225.jpg" alt="" width="240" height="180" srcset="https://www.revista-insaiguaviva.org/curs2012-2013/wp-content/uploads/2012/11/resized_DSCF1615-300x225.jpg 300w, https://www.revista-insaiguaviva.org/curs2012-2013/wp-content/uploads/2012/11/resized_DSCF1615-1024x768.jpg 1024w, https://www.revista-insaiguaviva.org/curs2012-2013/wp-content/uploads/2012/11/resized_DSCF1615-400x300.jpg 400w, https://www.revista-insaiguaviva.org/curs2012-2013/wp-content/uploads/2012/11/resized_DSCF1615.jpg 1824w" sizes="auto, (max-width: 240px) 100vw, 240px" /></a></p>
<p style="text-align: justify;">El dia 31 d&#8217;octubre de 2012, l&#8217;institut Aiguaviva havia d&#8217;anar d&#8217;excursió a Gallecs, però a causa de la pluja de la nit anterior, no vam poder anar-hi. La solució dels professors va ser que ens quedéssim a l&#8217;institut fent d&#8217;altres coses.</p>
<p style="text-align: justify;">A les 9 h del matí era l&#8217;hora en què havíem d&#8217;anar a l&#8217;institut. De les 9 a les 10,45 h vam estar escoltant música i mirant vídeos a les dues classes anteriors al pati. Primer vam fer el pati normal, però el vam allargar mitja hora més. Més tard, els professors van organitzar com unes estacions de joc, que eren el futbol, el joc de matar i la <em>batuka</em>.</p>
<p style="text-align: justify;">La majoria de nens van triar el futbol perquè són molt futbolers; els nens menys actius o que no els agraden gaire els esports, i les nenes més actives en els esports, van triar el joc de matar.  I la resta d&#8217;alumnes de l&#8217;institut, la majoria nenes, van fer <em>batuka</em> amb la professora d&#8217;Educació Física, l&#8217;Ester. Jo jugava a futbol amb  l&#8217;equip de 2n. ESO C i no vam guanyar cap partit. Vam jugar contra tots els equips, tant de primer com de segon d&#8217;ESO.</p>
<p style="text-align: justify;">Crec que va ser un dia amb més esbarjo que d&#8217;altres, a part dels dies següents que van ser pont. Va ser un mal dia a causa de la pluja, però un bon dia per totes les coses bones que vam fer.</p>
<p style="text-align: justify;">Albert Rodríguez Coll 2n. ESO C</p>
<p style="text-align: justify;"><a href="https://revista-insaiguaviva.org/curs2012-2013/wp-content/uploads/2012/11/resized_DSCF16331.jpg"><img loading="lazy" decoding="async" class="alignnone  wp-image-190" title="resized_DSCF1633" src="https://revista-insaiguaviva.org/curs2012-2013/wp-content/uploads/2012/11/resized_DSCF16331-300x225.jpg" alt="" width="240" height="180" srcset="https://www.revista-insaiguaviva.org/curs2012-2013/wp-content/uploads/2012/11/resized_DSCF16331-300x225.jpg 300w, https://www.revista-insaiguaviva.org/curs2012-2013/wp-content/uploads/2012/11/resized_DSCF16331-1024x768.jpg 1024w, https://www.revista-insaiguaviva.org/curs2012-2013/wp-content/uploads/2012/11/resized_DSCF16331-400x300.jpg 400w, https://www.revista-insaiguaviva.org/curs2012-2013/wp-content/uploads/2012/11/resized_DSCF16331.jpg 1824w" sizes="auto, (max-width: 240px) 100vw, 240px" /></a><a href="https://revista-insaiguaviva.org/curs2012-2013/wp-content/uploads/2012/11/resized_DSCF1627.jpg"><img loading="lazy" decoding="async" class="alignnone  wp-image-192" title="resized_DSCF1627" src="https://revista-insaiguaviva.org/curs2012-2013/wp-content/uploads/2012/11/resized_DSCF1627-300x225.jpg" alt="" width="240" height="180" srcset="https://www.revista-insaiguaviva.org/curs2012-2013/wp-content/uploads/2012/11/resized_DSCF1627-300x225.jpg 300w, https://www.revista-insaiguaviva.org/curs2012-2013/wp-content/uploads/2012/11/resized_DSCF1627-1024x768.jpg 1024w, https://www.revista-insaiguaviva.org/curs2012-2013/wp-content/uploads/2012/11/resized_DSCF1627-400x300.jpg 400w, https://www.revista-insaiguaviva.org/curs2012-2013/wp-content/uploads/2012/11/resized_DSCF1627.jpg 1824w" sizes="auto, (max-width: 240px) 100vw, 240px" /></a></p>
<p style="text-align: justify;"><strong>Crònica d&#8217;un dia passat per aigua (II)</strong></p>
<p style="text-align: justify;">Dimecres passat el dia abans dels esperats quatre dies de festa, teníem planejat anar a Gallecs a veure la Torre Maia. Havíem quedat tots els de l&#8217;institut a les nou davant de l&#8217;institut. Tots els nois i noies esperàvem que no plogués per poder anar-hi, però tota la nit va estar plovent a bots i barrals, i al matí tot estava mullat i encara plovia.</p>
<p style="text-align: justify;">Tots estàvem una mica decebuts perquè teníem moltes ganes d&#8217;anar-hi, i especialment de saltar-nos un dia de classes però, quan vam arribar, l&#8217;Ester ens va explicar que faríem una sèrie d&#8217;activitats: matar, <em>batuka</em> i futbol. Després ens tocava música i, com que no havíem portat llibres, vam escoltar música. A segona hora vam fer ciències socials i, com que estem estudiant l&#8217;Edat Mitjana, la Marga ens va passar vídeos de la Inquisició, que vam estar mirant molt atents.</p>
<p style="text-align: justify;">Seguidament, vàrem anar al pati, que va durar una mica més, aproximadament quaranta-cinc minuts, i després vam fer les activitats. Jo vaig escollir jugar a matar, i primer vam jugar els de primer i els de segon separats. El meu equip, anomenat <em>The Killers</em>, va perdre el primer cop i després, quan vam jugar contra segon, també vam perdre. Es nota que no som gaire bons jugant a matar. Vam acabar de jugar sobre dos quarts de dues.</p>
<p style="text-align: justify;">Jo crec que crèiem que seria un dia molt avorrit, i al final va resultar que ens ho vam passar millor que si haguéssim anat a Gallecs.</p>
<p style="text-align: justify;">Martina Azlor  2n. ESO C</p>
<p style="text-align: justify;">_________________________________________________________________________</p>
<p>&nbsp;</p>

<p>Crònica d&#8217;un dia passat per aigua (I) El dia 31 d&#8217;octubre de 2012, l&#8217;institut Aiguaviva havia d&#8217;anar d&#8217;excursió a Gallecs, però a causa de la pluja de la nit anterior, no vam poder anar-hi. La solució dels professors va ser &hellip; <a href="https://www.revista-insaiguaviva.org/curs2012-2013/celebracions/31-doctubre-un-dia-passat-per-aigua/">Continua llegint <span class="meta-nav">&rarr;</span></a></p>
