{"id":229,"date":"2012-11-30T13:55:59","date_gmt":"2012-11-30T12:55:59","guid":{"rendered":"https:\/\/revista-insaiguaviva.org\/curs2012-2013\/?page_id=229"},"modified":"2012-12-05T09:18:43","modified_gmt":"2012-12-05T08:18:43","slug":"tirolines-a-arenys-de-munt","status":"publish","type":"page","link":"https:\/\/www.revista-insaiguaviva.org\/curs2012-2013\/sortides\/tirolines-a-arenys-de-munt\/","title":{"rendered":"Tirolines a Arenys de Munt"},"content":{"rendered":"<p style=\"text-align: justify;\"><strong>Sortida de 1r. d&#8217;ESO: Impressions<\/strong><\/p>\n<p style=\"text-align: justify;\"><a href=\"https:\/\/revista-insaiguaviva.org\/curs2012-2013\/wp-content\/uploads\/2012\/11\/resized_IMG_0008.jpg\"><img loading=\"lazy\" decoding=\"async\" class=\"alignnone size-thumbnail wp-image-232\" title=\"resized_IMG_0008\" src=\"https:\/\/revista-insaiguaviva.org\/curs2012-2013\/wp-content\/uploads\/2012\/11\/resized_IMG_0008-150x150.jpg\" alt=\"\" width=\"150\" height=\"150\" \/><\/a>\u00a0<a href=\"https:\/\/revista-insaiguaviva.org\/curs2012-2013\/wp-content\/uploads\/2012\/11\/resized_IMG_0016.jpg\"><img loading=\"lazy\" decoding=\"async\" class=\"alignnone size-thumbnail wp-image-233\" title=\"resized_IMG_0016\" src=\"https:\/\/revista-insaiguaviva.org\/curs2012-2013\/wp-content\/uploads\/2012\/11\/resized_IMG_0016-150x150.jpg\" alt=\"\" width=\"150\" height=\"150\" \/><\/a>\u00a0<a href=\"https:\/\/revista-insaiguaviva.org\/curs2012-2013\/wp-content\/uploads\/2012\/11\/resized_IMG_0036.jpg\"><img loading=\"lazy\" decoding=\"async\" class=\"alignnone size-thumbnail wp-image-234\" title=\"resized_IMG_0036\" src=\"https:\/\/revista-insaiguaviva.org\/curs2012-2013\/wp-content\/uploads\/2012\/11\/resized_IMG_0036-150x150.jpg\" alt=\"\" width=\"150\" height=\"150\" \/><\/a><\/p>\n<p style=\"text-align: justify;\">&#8220;M&#8217;ho vaig passar molt b\u00e9 i va ser un dia impressionant. Jo, com no havia pujat mai a unes tirolines estava molt nervi\u00f3s, per\u00f2, quan vaig comen\u00e7ar a pujar, em vaig adonar que no era perill\u00f3s i que no havia d&#8217;estar nervi\u00f3s.&#8221; <strong>Dani Colmenero 1r. B<\/strong><\/p>\n<p style=\"text-align: justify;\">&#8220;M&#8217;ho vaig passar molt b\u00e9. Vaig fer el circuit negre i vermell, i eren bastant dif\u00edcils, per\u00f2 no tenia por. El circuit que m\u00e9s em va agradar va ser el negre. I la part del negre que m\u00e9s em va agradar va ser la de tirar-te en monopat\u00ed.&#8221; <strong>Mireia Fortuny 1r. B<\/strong><\/p>\n<p style=\"text-align: justify;\"><a href=\"https:\/\/revista-insaiguaviva.org\/curs2012-2013\/wp-content\/uploads\/2012\/11\/resized_IMG_0037.jpg\"><img loading=\"lazy\" decoding=\"async\" class=\"alignnone size-thumbnail wp-image-235\" title=\"resized_IMG_0037\" src=\"https:\/\/revista-insaiguaviva.org\/curs2012-2013\/wp-content\/uploads\/2012\/11\/resized_IMG_0037-150x150.jpg\" alt=\"\" width=\"150\" height=\"150\" \/><\/a>\u00a0<a href=\"https:\/\/revista-insaiguaviva.org\/curs2012-2013\/wp-content\/uploads\/2012\/11\/IMG_0043.jpg\"><img loading=\"lazy\" decoding=\"async\" class=\"alignnone size-thumbnail wp-image-236\" title=\"IMG_0043\" src=\"https:\/\/revista-insaiguaviva.org\/curs2012-2013\/wp-content\/uploads\/2012\/11\/IMG_0043-150x150.jpg\" alt=\"\" width=\"150\" height=\"150\" \/><\/a>\u00a0<a href=\"https:\/\/revista-insaiguaviva.org\/curs2012-2013\/wp-content\/uploads\/2012\/11\/resized_IMG_0051.jpg\"><img loading=\"lazy\" decoding=\"async\" class=\"alignnone size-thumbnail wp-image-237\" title=\"resized_IMG_0051\" src=\"https:\/\/revista-insaiguaviva.org\/curs2012-2013\/wp-content\/uploads\/2012\/11\/resized_IMG_0051-150x150.jpg\" alt=\"\" width=\"150\" height=\"150\" \/><\/a><\/p>\n<p style=\"text-align: justify;\">&#8220;Va ser una excursi\u00f3 entretinguda, perqu\u00e8 est\u00e0vem a l&#8217;aire lliure i tots plegats ens ho vam passar molt b\u00e9. Va ser emocionant perqu\u00e8 no sabia si l&#8217;activitat la faria b\u00e9, malament&#8230; Tret d&#8217;aix\u00f2 va ser divertit perqu\u00e8 an\u00e0vem tots en grup i ens an\u00e0vem ajudant entre nosaltres. Encara que, tot s&#8217;ha de dir, vaig passar por nom\u00e9s de pensar que m&#8217;hauria de llen\u00e7ar per les tirolines. Per\u00f2 tampoc va estar tan malament!&#8221;\u00a0<strong>Claudia Ulldemolins 1r. B<\/strong><\/p>\n<p style=\"text-align: justify;\">&#8220;Per a mi la sortida va ser meravellosa, bestial. Em va ajudar a aprendre com haver d&#8217;anar per les tirolines, com posar els arnesos, com enfilar-se i m\u00e9s coses.&#8221; <strong>Joel Ceacero 1r. B<\/strong><\/p>\n<p style=\"text-align: justify;\"><a href=\"https:\/\/revista-insaiguaviva.org\/curs2012-2013\/wp-content\/uploads\/2012\/11\/resized_IMG_0052.jpg\"><img loading=\"lazy\" decoding=\"async\" class=\"alignnone size-thumbnail wp-image-239\" title=\"resized_IMG_0052\" src=\"https:\/\/revista-insaiguaviva.org\/curs2012-2013\/wp-content\/uploads\/2012\/11\/resized_IMG_0052-150x150.jpg\" alt=\"\" width=\"150\" height=\"150\" \/><\/a>\u00a0<a href=\"https:\/\/revista-insaiguaviva.org\/curs2012-2013\/wp-content\/uploads\/2012\/11\/resized_IMG_0055.jpg\"><img loading=\"lazy\" decoding=\"async\" class=\"alignnone size-thumbnail wp-image-240\" title=\"resized_IMG_0055\" src=\"https:\/\/revista-insaiguaviva.org\/curs2012-2013\/wp-content\/uploads\/2012\/11\/resized_IMG_0055-150x150.jpg\" alt=\"\" width=\"150\" height=\"150\" \/><\/a>\u00a0<a href=\"https:\/\/revista-insaiguaviva.org\/curs2012-2013\/wp-content\/uploads\/2012\/11\/resized_IMG_0056.jpg\"><img loading=\"lazy\" decoding=\"async\" class=\"alignnone size-thumbnail wp-image-241\" title=\"resized_IMG_0056\" src=\"https:\/\/revista-insaiguaviva.org\/curs2012-2013\/wp-content\/uploads\/2012\/11\/resized_IMG_0056-150x150.jpg\" alt=\"\" width=\"150\" height=\"150\" \/><\/a><\/p>\n<p style=\"text-align: justify;\">&#8220;Va ser un dia cansat, divertit i aventurer. Cansat perqu\u00e8 hav\u00edem de caminar i fer for\u00e7a. Divertit perqu\u00e8 estava amb els amics en un bosc ple de tirolines i era molt divertit fer els circuits. I aventurer perqu\u00e8 hav\u00edem d&#8217;anar fins Arenys de Munt; de cam\u00ed el conductor es va perdre i va haver de tornar enrere, i tamb\u00e9 perqu\u00e8 estar en un bosc de tirolines era una sensaci\u00f3 d&#8217;aventura.&#8221; <strong>Jubal Escud\u00e9 1r. B<\/strong><\/p>\n<p style=\"text-align: justify;\">&#8220;A mi m\u2019agradaria tornar all\u00e0 perqu\u00e8 m\u2019ho vaig passar molt b\u00e9, per\u00f2 m\u2019agradaria haver pogut fer la blava (1) i quan vaig anar a fer-la la van tancar. M\u2019ha agradat molt!!!\u00a0<strong>Sergio Carmona 1r A<\/strong><\/p>\n<p style=\"text-align: justify;\"><a href=\"https:\/\/revista-insaiguaviva.org\/curs2012-2013\/wp-content\/uploads\/2012\/11\/resized_IMG_0058.jpg\"><img loading=\"lazy\" decoding=\"async\" class=\"alignnone size-thumbnail wp-image-242\" title=\"resized_IMG_0058\" src=\"https:\/\/revista-insaiguaviva.org\/curs2012-2013\/wp-content\/uploads\/2012\/11\/resized_IMG_0058-150x150.jpg\" alt=\"\" width=\"150\" height=\"150\" \/><\/a>\u00a0<a href=\"https:\/\/revista-insaiguaviva.org\/curs2012-2013\/wp-content\/uploads\/2012\/11\/resized_IMG_0062.jpg\"><img loading=\"lazy\" decoding=\"async\" class=\"alignnone size-thumbnail wp-image-243\" title=\"resized_IMG_0062\" src=\"https:\/\/revista-insaiguaviva.org\/curs2012-2013\/wp-content\/uploads\/2012\/11\/resized_IMG_0062-150x150.jpg\" alt=\"\" width=\"150\" height=\"150\" \/><\/a>\u00a0<a href=\"https:\/\/revista-insaiguaviva.org\/curs2012-2013\/wp-content\/uploads\/2012\/11\/resized_IMG_0065.jpg\"><img loading=\"lazy\" decoding=\"async\" class=\"alignnone size-thumbnail wp-image-244\" title=\"resized_IMG_0065\" src=\"https:\/\/revista-insaiguaviva.org\/curs2012-2013\/wp-content\/uploads\/2012\/11\/resized_IMG_0065-150x150.jpg\" alt=\"\" width=\"150\" height=\"150\" \/><\/a><\/p>\n<p style=\"text-align: justify;\">&#8220;M\u2019ha agradat molt\u00edssim perqu\u00e8 primer tenia por, per\u00f2 despr\u00e9s vaig provar-la i ja no tenia por i ajudava alguns nens i nenes que no arribaven i els hi costava una miqueta. M\u2019ho he passat molt, molt b\u00e9.&#8221;\u00a0<strong>Adri\u00e1n Catal\u00e1n 1r A<\/strong><\/p>\n<p style=\"text-align: justify;\">&#8220;L\u2019excursi\u00f3 m\u2019ha agradat molt. Jo pensava que era molt dif\u00edcil, per\u00f2 no era tan dif\u00edcil com semblava. Jo anava passant les proves per\u00f2 era molt f\u00e0cil. Arribar al circuit negre no era tan f\u00e0cil. Quan vaig arribar a la tirolina pensava que no arribaria mai, per\u00f2 ho vaig aconseguir i em vaig llen\u00e7ar i va <em>molar<\/em> molt. Al dia seg\u00fcent tenia <em>agulletes<\/em>.&#8221;\u00a0<strong>\u00c0ngelo Guanoluisa 1r A<\/strong><\/p>\n<p><a href=\"https:\/\/revista-insaiguaviva.org\/curs2012-2013\/wp-content\/uploads\/2012\/11\/resized_IMG_0070.jpg\"><img loading=\"lazy\" decoding=\"async\" class=\"alignnone size-thumbnail wp-image-247\" title=\"resized_IMG_0070\" src=\"https:\/\/revista-insaiguaviva.org\/curs2012-2013\/wp-content\/uploads\/2012\/11\/resized_IMG_0070-150x150.jpg\" alt=\"\" width=\"150\" height=\"150\" \/><\/a>\u00a0<a href=\"https:\/\/revista-insaiguaviva.org\/curs2012-2013\/wp-content\/uploads\/2012\/11\/resized_IMG_0074.jpg\"><img loading=\"lazy\" decoding=\"async\" class=\"alignnone size-thumbnail wp-image-248\" title=\"resized_IMG_0074\" src=\"https:\/\/revista-insaiguaviva.org\/curs2012-2013\/wp-content\/uploads\/2012\/11\/resized_IMG_0074-150x150.jpg\" alt=\"\" width=\"150\" height=\"150\" \/><\/a><a href=\"https:\/\/revista-insaiguaviva.org\/curs2012-2013\/wp-content\/uploads\/2012\/11\/resized_IMG_0082.jpg\"><img loading=\"lazy\" decoding=\"async\" class=\"alignnone size-thumbnail wp-image-249\" title=\"resized_IMG_0082\" src=\"https:\/\/revista-insaiguaviva.org\/curs2012-2013\/wp-content\/uploads\/2012\/11\/resized_IMG_0082-150x150.jpg\" alt=\"\" width=\"150\" height=\"150\" \/><\/a><\/p>\n<p style=\"text-align: justify;\">&#8220;Aquesta excursi\u00f3 de tirolines a Arenys de Munt m\u2019ha agradat molt. Primer vam anar als autobusos i durant el viatge els companys o alumnes estaven esverats com jo i amb ganes de divertir-se, per\u00f2 el conductor condu\u00efa molt b\u00e9 i jo mirava el paisatge. Despr\u00e9s caminant a peu va ser molt maco el paisatge, semblava una selva. Quan vam estar una bona estona esperant que arribessin els altres (els del grup que faltava) feia mala olor, per\u00f2 jo vaig buscar una mica a veure si trobava algun bolet. Les tirolines en els circuits amb l\u2019Ernest van ser emocionants, durant alguns moments vaig estar nervi\u00f3s per\u00f2 em va encantar i tinc ganes de tornar-hi.&#8221;\u00a0<strong>Enric Creus 1r A<\/strong><\/p>\n<p style=\"text-align: justify;\">&#8220;Em va agradar molt el primer circuit, per\u00f2 nom\u00e9s vaig fer un i van tancar els altres circuits, i altres nens van pujar en m\u00e9s d\u2019un. Al dia seg\u00fcent tenia <em>agulletes.&#8221;\u00a0<\/em><strong>Sonia Lebr\u00f3n 1r A<\/strong><\/p>\n<p><a href=\"https:\/\/revista-insaiguaviva.org\/curs2012-2013\/wp-content\/uploads\/2012\/11\/resized_IMG_0085.jpg\"><img loading=\"lazy\" decoding=\"async\" class=\"alignnone size-thumbnail wp-image-250\" title=\"resized_IMG_0085\" src=\"https:\/\/revista-insaiguaviva.org\/curs2012-2013\/wp-content\/uploads\/2012\/11\/resized_IMG_0085-150x150.jpg\" alt=\"\" width=\"150\" height=\"150\" \/><\/a>\u00a0<a href=\"https:\/\/revista-insaiguaviva.org\/curs2012-2013\/wp-content\/uploads\/2012\/11\/resized_IMG_0096.jpg\"><img loading=\"lazy\" decoding=\"async\" class=\"alignnone size-thumbnail wp-image-251\" title=\"resized_IMG_0096\" src=\"https:\/\/revista-insaiguaviva.org\/curs2012-2013\/wp-content\/uploads\/2012\/11\/resized_IMG_0096-150x150.jpg\" alt=\"\" width=\"150\" height=\"150\" \/><\/a>\u00a0<a href=\"https:\/\/revista-insaiguaviva.org\/curs2012-2013\/wp-content\/uploads\/2012\/11\/resized_IMG_00661.jpg\"><img loading=\"lazy\" decoding=\"async\" class=\"alignnone size-thumbnail wp-image-263\" title=\"resized_IMG_0066\" src=\"https:\/\/revista-insaiguaviva.org\/curs2012-2013\/wp-content\/uploads\/2012\/11\/resized_IMG_00661-150x150.jpg\" alt=\"\" width=\"150\" height=\"150\" \/><\/a><\/p>\n<p style=\"text-align: justify;\">\u00a0&#8220;A mi em va agradar molt i crec que ha sigut una de les millors excursions que he fet. Va ser molt divertit. Jo la recomano als nens i nenes que vinguin l\u2019any que ve. Per\u00f2 va ser molt curta, nom\u00e9s vaig poder fer dos circuits i amb tants nenes no es podia fer b\u00e9 perqu\u00e8 un tenia por, l\u2019altre es quedava penjat&#8230;, i trigaves una hora per fer un circuit.&#8221;\u00a0<strong>\u00c0lex Reyes 1r A<\/strong><\/p>\n<p style=\"text-align: justify;\">&#8220;Em va agradar molt el vermell 1 i el blau 2. Vaig riure molt perqu\u00e8 3 nenes que anaven darrere ens demanaven ajuda al Pol i a mi tota l&#8217;estona i les hav\u00edem d&#8217;ajudar. Volia pujar al negre per\u00f2, quan vaig baixar del vermell, ja estava tancat perqu\u00e8 era molt llarg. A l&#8217;hora d&#8217;anar-nos-en no volia marxar, perqu\u00e8 em vaig divertir molt.&#8221; \u00a0Carlos Rubio <strong>1r. C<\/strong><\/p>\n<p><a href=\"https:\/\/revista-insaiguaviva.org\/curs2012-2013\/wp-content\/uploads\/2012\/11\/resized_IMG_0106.jpg\"><img loading=\"lazy\" decoding=\"async\" class=\"alignnone size-thumbnail wp-image-252\" title=\"resized_IMG_0106\" src=\"https:\/\/revista-insaiguaviva.org\/curs2012-2013\/wp-content\/uploads\/2012\/11\/resized_IMG_0106-150x150.jpg\" alt=\"\" width=\"150\" height=\"150\" \/><\/a>\u00a0\u00a0<a href=\"https:\/\/revista-insaiguaviva.org\/curs2012-2013\/wp-content\/uploads\/2012\/11\/resized_IMG_0121.jpg\"><img loading=\"lazy\" decoding=\"async\" class=\"alignnone size-thumbnail wp-image-253\" title=\"resized_IMG_0121\" src=\"https:\/\/revista-insaiguaviva.org\/curs2012-2013\/wp-content\/uploads\/2012\/11\/resized_IMG_0121-150x150.jpg\" alt=\"\" width=\"150\" height=\"150\" \/><\/a>\u00a0<a href=\"https:\/\/revista-insaiguaviva.org\/curs2012-2013\/wp-content\/uploads\/2012\/11\/resized_IMG_0125.jpg\"><img loading=\"lazy\" decoding=\"async\" class=\"alignnone size-thumbnail wp-image-274\" title=\"resized_IMG_0125\" src=\"https:\/\/revista-insaiguaviva.org\/curs2012-2013\/wp-content\/uploads\/2012\/11\/resized_IMG_0125-150x150.jpg\" alt=\"\" width=\"150\" height=\"150\" \/><\/a><\/p>\n<p style=\"text-align: justify;\">\u00a0&#8220;La sortida em va agradar molt. Quan ens llen\u00e7\u00e0vem per la tirolina, jo tancava els ulls i semblava que estava volant. A la tirolina m\u00e9s alta em vaig posar molt nervi\u00f3s perqu\u00e8 no hi havia cap plataforma i hav\u00edem de canviar els mosquetons a l&#8217;aire.&#8221; <strong>Sergi Mor\u00f3n 1r. C<\/strong><\/p>\n<p style=\"text-align: justify;\">&#8220;Em va agradar molt anar a aquell bosc perqu\u00e8 m&#8217;agraden molt els esports de risc i aventura, i l&#8217;any passat ja ho vaig fer amb el col\u00b7legi. El que m\u00e9s em va agradar va ser el circuit negre, era una passada. La Laura, Ivan, l&#8217;Arnau i jo, en principi, nom\u00e9s vol\u00edem fer el circuit blau i el vermell, per\u00f2 m&#8217;ho vaig repensar i tamb\u00e9 vaig fer el negre&#8230; Despr\u00e9s a l&#8217;autocar m&#8217;ho vaig passar molt b\u00e9 per\u00f2 em feien mla els bra\u00e7os. Ahir em vaig aixecar amb mal de bra\u00e7os i cames, i encara ara em fan mal.&#8221; <strong>Ariadna P\u00e9rez 1r. C<\/strong><\/p>\n<p><a href=\"https:\/\/revista-insaiguaviva.org\/curs2012-2013\/wp-content\/uploads\/2012\/11\/resized_IMG_0144.jpg\"><img loading=\"lazy\" decoding=\"async\" class=\"alignnone size-thumbnail wp-image-255\" title=\"resized_IMG_0144\" src=\"https:\/\/revista-insaiguaviva.org\/curs2012-2013\/wp-content\/uploads\/2012\/11\/resized_IMG_0144-150x150.jpg\" alt=\"\" width=\"150\" height=\"150\" \/><\/a>\u00a0\u00a0\u00a0<a href=\"https:\/\/revista-insaiguaviva.org\/curs2012-2013\/wp-content\/uploads\/2012\/11\/resized_IMG_01551.jpg\"><img loading=\"lazy\" decoding=\"async\" class=\"alignnone size-thumbnail wp-image-259\" title=\"resized_IMG_0155\" src=\"https:\/\/revista-insaiguaviva.org\/curs2012-2013\/wp-content\/uploads\/2012\/11\/resized_IMG_01551-150x150.jpg\" alt=\"\" width=\"150\" height=\"150\" \/><\/a>\u00a0<a href=\"https:\/\/revista-insaiguaviva.org\/curs2012-2013\/wp-content\/uploads\/2012\/11\/resized_IMG_01681.jpg\"><img loading=\"lazy\" decoding=\"async\" class=\"alignnone size-thumbnail wp-image-260\" title=\"resized_IMG_0168\" src=\"https:\/\/revista-insaiguaviva.org\/curs2012-2013\/wp-content\/uploads\/2012\/11\/resized_IMG_01681-150x150.jpg\" alt=\"\" width=\"150\" height=\"150\" \/><\/a><\/p>\n<p style=\"text-align: justify;\">\u00a0&#8220;Va ser molt divertit. Vam comen\u00e7ar per la m\u00e9s f\u00e0cil, la blava, despr\u00e9s per la segona blava, i despr\u00e9s per la vermella, que va ser la m\u00e9s complicada, i al final la negra. Va ser molt complicada perqu\u00e8 hi havia un apartat que t&#8217;agafaves a una corda i et tiraves cap a baix. Quan l&#8217;Ariadna s&#8217;hi va llen\u00e7ar, va tancar els ulls i no va poder cridar de la por. Va ser molt divertit.&#8221; <strong>Laura G\u00f3mez 1r. C<\/strong><\/p>\n","protected":false},"excerpt":{"rendered":"<p>Sortida de 1r. d&#8217;ESO: Impressions \u00a0\u00a0 &#8220;M&#8217;ho vaig passar molt b\u00e9 i va ser un dia impressionant. Jo, com no havia pujat mai a unes tirolines estava molt nervi\u00f3s, per\u00f2, quan vaig comen\u00e7ar a pujar, em vaig adonar que no &hellip; <a href=\"https:\/\/www.revista-insaiguaviva.org\/curs2012-2013\/sortides\/tirolines-a-arenys-de-munt\/\">Continua llegint <span class=\"meta-nav\">&rarr;<\/span><\/a><\/p>\n","protected":false},"author":3,"featured_media":0,"parent":27,"menu_order":0,"comment_status":"open","ping_status":"open","template":"","meta":{"footnotes":""},"class_list":["post-229","page","type-page","status-publish","hentry"],"_links":{"self":[{"href":"https:\/\/www.revista-insaiguaviva.org\/curs2012-2013\/wp-json\/wp\/v2\/pages\/229","targetHints":{"allow":["GET"]}}],"collection":[{"href":"https:\/\/www.revista-insaiguaviva.org\/curs2012-2013\/wp-json\/wp\/v2\/pages"}],"about":[{"href":"https:\/\/www.revista-insaiguaviva.org\/curs2012-2013\/wp-json\/wp\/v2\/types\/page"}],"author":[{"embeddable":true,"href":"https:\/\/www.revista-insaiguaviva.org\/curs2012-2013\/wp-json\/wp\/v2\/users\/3"}],"replies":[{"embeddable":true,"href":"https:\/\/www.revista-insaiguaviva.org\/curs2012-2013\/wp-json\/wp\/v2\/comments?post=229"}],"version-history":[{"count":10,"href":"https:\/\/www.revista-insaiguaviva.org\/curs2012-2013\/wp-json\/wp\/v2\/pages\/229\/revisions"}],"predecessor-version":[{"id":231,"href":"https:\/\/www.revista-insaiguaviva.org\/curs2012-2013\/wp-json\/wp\/v2\/pages\/229\/revisions\/231"}],"up":[{"embeddable":true,"href":"https:\/\/www.revista-insaiguaviva.org\/curs2012-2013\/wp-json\/wp\/v2\/pages\/27"}],"wp:attachment":[{"href":"https:\/\/www.revista-insaiguaviva.org\/curs2012-2013\/wp-json\/wp\/v2\/media?parent=229"}],"curies":[{"name":"wp","href":"https:\/\/api.w.org\/{rel}","templated":true}]}}