{"id":536,"date":"2013-02-06T19:34:29","date_gmt":"2013-02-06T18:34:29","guid":{"rendered":"https:\/\/revista-insaiguaviva.org\/curs2012-2013\/?page_id=536"},"modified":"2013-02-06T19:48:56","modified_gmt":"2013-02-06T18:48:56","slug":"vehicles-propulsats-amb-energia-eolica","status":"publish","type":"page","link":"https:\/\/www.revista-insaiguaviva.org\/curs2012-2013\/activitats\/llengua-anglesa\/vehicles-propulsats-amb-energia-eolica\/","title":{"rendered":"Vehicles propulsats amb energia e\u00f2lica"},"content":{"rendered":"<p style=\"text-align: justify;\">\u00c9s habitual que en la nostra societat de consum llencem a la brossa o la paperera, que en el fons \u00e9s el mateix, una s\u00e8rie d&#8217;objectes que ja han complert la funci\u00f3 per a la qual han estat dissenyats. \u00c9s el que passa, per exemple, amb els envasos, els papers,\u00a0\u00a0els taps, etc. Tamb\u00e9 \u00e9s habitual, als pa\u00efsos industrialitzats,\u00a0\u00a0la utilitzaci\u00f3 massiva de combustibles f\u00f2ssils (carb\u00f3, gas natural i petroli) com a fonts d&#8217;energia, cosa que provoca molts problemes de contaminaci\u00f3 ambiental.<\/p>\n<p style=\"text-align: justify;\">A Tecnologies hem \u00a0dissenyat i constru\u00eft un vehicle propulsat per energia e\u00f2lica. Per construir aquest vehicles hem utilitzat materials reciclats . \u00a0Els resultats \u00a0els podeu veure a les seg\u00fcents fotos, si punxeu <a href=\"https:\/\/picasaweb.google.com\/118000727510269724077\/Tecnologia2onVehiclesAutopropulsats\">aqu\u00ed<\/a><\/p>\n","protected":false},"excerpt":{"rendered":"<p>\u00c9s habitual que en la nostra societat de consum llencem a la brossa o la paperera, que en el fons \u00e9s el mateix, una s\u00e8rie d&#8217;objectes que ja han complert la funci\u00f3 per a la qual han estat dissenyats. \u00c9s &hellip; <a href=\"https:\/\/www.revista-insaiguaviva.org\/curs2012-2013\/activitats\/llengua-anglesa\/vehicles-propulsats-amb-energia-eolica\/\">Continua llegint <span class=\"meta-nav\">&rarr;<\/span><\/a><\/p>\n","protected":false},"author":3,"featured_media":0,"parent":54,"menu_order":0,"comment_status":"open","ping_status":"open","template":"","meta":{"footnotes":""},"class_list":["post-536","page","type-page","status-publish","hentry"],"_links":{"self":[{"href":"https:\/\/www.revista-insaiguaviva.org\/curs2012-2013\/wp-json\/wp\/v2\/pages\/536","targetHints":{"allow":["GET"]}}],"collection":[{"href":"https:\/\/www.revista-insaiguaviva.org\/curs2012-2013\/wp-json\/wp\/v2\/pages"}],"about":[{"href":"https:\/\/www.revista-insaiguaviva.org\/curs2012-2013\/wp-json\/wp\/v2\/types\/page"}],"author":[{"embeddable":true,"href":"https:\/\/www.revista-insaiguaviva.org\/curs2012-2013\/wp-json\/wp\/v2\/users\/3"}],"replies":[{"embeddable":true,"href":"https:\/\/www.revista-insaiguaviva.org\/curs2012-2013\/wp-json\/wp\/v2\/comments?post=536"}],"version-history":[{"count":3,"href":"https:\/\/www.revista-insaiguaviva.org\/curs2012-2013\/wp-json\/wp\/v2\/pages\/536\/revisions"}],"predecessor-version":[{"id":552,"href":"https:\/\/www.revista-insaiguaviva.org\/curs2012-2013\/wp-json\/wp\/v2\/pages\/536\/revisions\/552"}],"up":[{"embeddable":true,"href":"https:\/\/www.revista-insaiguaviva.org\/curs2012-2013\/wp-json\/wp\/v2\/pages\/54"}],"wp:attachment":[{"href":"https:\/\/www.revista-insaiguaviva.org\/curs2012-2013\/wp-json\/wp\/v2\/media?parent=536"}],"curies":[{"name":"wp","href":"https:\/\/api.w.org\/{rel}","templated":true}]}}