{"id":629,"date":"2013-02-14T19:34:35","date_gmt":"2013-02-14T18:34:35","guid":{"rendered":"https:\/\/revista-insaiguaviva.org\/curs2012-2013\/?page_id=629"},"modified":"2013-02-15T10:27:11","modified_gmt":"2013-02-15T09:27:11","slug":"basquet","status":"publish","type":"page","link":"https:\/\/www.revista-insaiguaviva.org\/curs2012-2013\/extraescolars\/basquet\/","title":{"rendered":"B\u00e0squet"},"content":{"rendered":"<p style=\"text-align: justify;\"><a href=\"https:\/\/revista-insaiguaviva.org\/curs2012-2013\/wp-content\/uploads\/2013\/02\/SDC13276.jpg\"><img loading=\"lazy\" decoding=\"async\" class=\"size-thumbnail wp-image-645 alignnone\" title=\"&lt;SAMSUNG DIGITAL CAMERA&gt;\" src=\"https:\/\/revista-insaiguaviva.org\/curs2012-2013\/wp-content\/uploads\/2013\/02\/SDC13276-150x150.jpg\" alt=\"\" width=\"150\" height=\"150\" \/><\/a><a href=\"https:\/\/revista-insaiguaviva.org\/curs2012-2013\/wp-content\/uploads\/2013\/02\/SDC132733.jpg\"><img loading=\"lazy\" decoding=\"async\" class=\"size-thumbnail wp-image-646 alignnone\" title=\"&lt;SAMSUNG DIGITAL CAMERA&gt;\" src=\"https:\/\/revista-insaiguaviva.org\/curs2012-2013\/wp-content\/uploads\/2013\/02\/SDC132733-150x150.jpg\" alt=\"\" width=\"150\" height=\"150\" \/><\/a><a href=\"https:\/\/revista-insaiguaviva.org\/curs2012-2013\/wp-content\/uploads\/2013\/02\/SDC132781.jpg\"><img loading=\"lazy\" decoding=\"async\" class=\"size-thumbnail wp-image-647 alignnone\" title=\"&lt;SAMSUNG DIGITAL CAMERA&gt;\" src=\"https:\/\/revista-insaiguaviva.org\/curs2012-2013\/wp-content\/uploads\/2013\/02\/SDC132781-150x150.jpg\" alt=\"\" width=\"150\" height=\"150\" \/><\/a><\/p>\n<p style=\"text-align: justify;\">L&#8217;Institut Aiguaviva ha estrenat aquest any un nou equip de b\u00e0squet. Un equip de vuit persones: dos alumnes de segon i sis de primer.<\/p>\n<p style=\"text-align: justify;\">L&#8217;equip est\u00e0 format per la Marina, la Celia, la Camila, la Mireia, l&#8217;Adri\u00e1n, el Guillermo, la Virginia i jo, la N\u00faria. L&#8217;entrenadora es diu Marina L\u00f3pez, i \u00e9s una gran persona, tant en l&#8217;aspecte personal com professional. Ella ensenya la t\u00e0ctica i nosaltres fem la pr\u00e0ctica.<\/p>\n<p style=\"text-align: justify;\">Entrenem els dimarts i els dijous, de les 17 h a les 18.30 h. Primer comencem corrent<a href=\"https:\/\/revista-insaiguaviva.org\/curs2012-2013\/wp-content\/uploads\/2013\/02\/SDC1328211.jpg\"><img loading=\"lazy\" decoding=\"async\" class=\"alignright size-thumbnail wp-image-649\" title=\"&lt;SAMSUNG DIGITAL CAMERA&gt;\" src=\"https:\/\/revista-insaiguaviva.org\/curs2012-2013\/wp-content\/uploads\/2013\/02\/SDC1328211-150x150.jpg\" alt=\"\" width=\"150\" height=\"150\" \/><\/a> una mica i a l&#8217;acabar fem estiraments. Despr\u00e9s es fan els jocs de l&#8217;esport. S\u00f3n entrenaments no gaire intensos per\u00f2 s\u00ed seriosos. L&#8217;entrenadora ens deixa una mica de marge perqu\u00e8 fem les nostre tonteries, per\u00f2 sempre amb un l\u00edmit. A l&#8217;acabar els jocs de l&#8217;esport, fem partits i l&#8217;entrenadora ens explica la t\u00e0ctica. Quan acabem, fem de nou estiraments i recollim les pilotes.<\/p>\n<p style=\"text-align: justify;\">La Marina L\u00f3pez explica que &#8220;\u00e9s un gran equip. S&#8217;ajuden m\u00fatuament en el joc i fan cas, per\u00f2 de vegades es descontrolen una mica, parlen molt i poden arribar a no fer res durant una hora. Es lesiona la meitat de la gent per culpa de les faltes. S\u00f3n molt estrictes amb les regles del joc i les seves normes: no en deixen passar ni una&#8221;.<\/p>\n<p style=\"text-align: justify;\"><strong>N\u00faria Cervilla 2n. ESO B<\/strong><\/p>\n<p style=\"text-align: justify;\"><a href=\"https:\/\/revista-insaiguaviva.org\/curs2012-2013\/wp-content\/uploads\/2013\/02\/SDC132801.jpg\"><img loading=\"lazy\" decoding=\"async\" class=\"size-thumbnail wp-image-650 alignleft\" title=\"&lt;SAMSUNG DIGITAL CAMERA&gt;\" src=\"https:\/\/revista-insaiguaviva.org\/curs2012-2013\/wp-content\/uploads\/2013\/02\/SDC132801-150x150.jpg\" alt=\"\" width=\"150\" height=\"150\" \/><\/a><a href=\"https:\/\/revista-insaiguaviva.org\/curs2012-2013\/wp-content\/uploads\/2013\/02\/SDC132881.jpg\"><img loading=\"lazy\" decoding=\"async\" class=\"size-thumbnail wp-image-651 alignleft\" title=\"&lt;SAMSUNG DIGITAL CAMERA&gt;\" src=\"https:\/\/revista-insaiguaviva.org\/curs2012-2013\/wp-content\/uploads\/2013\/02\/SDC132881-150x150.jpg\" alt=\"\" width=\"150\" height=\"150\" \/><\/a><\/p>\n<p style=\"text-align: justify;\">\n","protected":false},"excerpt":{"rendered":"<p>L&#8217;Institut Aiguaviva ha estrenat aquest any un nou equip de b\u00e0squet. Un equip de vuit persones: dos alumnes de segon i sis de primer. L&#8217;equip est\u00e0 format per la Marina, la Celia, la Camila, la Mireia, l&#8217;Adri\u00e1n, el Guillermo, la &hellip; <a href=\"https:\/\/www.revista-insaiguaviva.org\/curs2012-2013\/extraescolars\/basquet\/\">Continua llegint <span class=\"meta-nav\">&rarr;<\/span><\/a><\/p>\n","protected":false},"author":3,"featured_media":0,"parent":18,"menu_order":0,"comment_status":"open","ping_status":"open","template":"","meta":{"footnotes":""},"class_list":["post-629","page","type-page","status-publish","hentry"],"_links":{"self":[{"href":"https:\/\/www.revista-insaiguaviva.org\/curs2012-2013\/wp-json\/wp\/v2\/pages\/629","targetHints":{"allow":["GET"]}}],"collection":[{"href":"https:\/\/www.revista-insaiguaviva.org\/curs2012-2013\/wp-json\/wp\/v2\/pages"}],"about":[{"href":"https:\/\/www.revista-insaiguaviva.org\/curs2012-2013\/wp-json\/wp\/v2\/types\/page"}],"author":[{"embeddable":true,"href":"https:\/\/www.revista-insaiguaviva.org\/curs2012-2013\/wp-json\/wp\/v2\/users\/3"}],"replies":[{"embeddable":true,"href":"https:\/\/www.revista-insaiguaviva.org\/curs2012-2013\/wp-json\/wp\/v2\/comments?post=629"}],"version-history":[{"count":4,"href":"https:\/\/www.revista-insaiguaviva.org\/curs2012-2013\/wp-json\/wp\/v2\/pages\/629\/revisions"}],"predecessor-version":[{"id":636,"href":"https:\/\/www.revista-insaiguaviva.org\/curs2012-2013\/wp-json\/wp\/v2\/pages\/629\/revisions\/636"}],"up":[{"embeddable":true,"href":"https:\/\/www.revista-insaiguaviva.org\/curs2012-2013\/wp-json\/wp\/v2\/pages\/18"}],"wp:attachment":[{"href":"https:\/\/www.revista-insaiguaviva.org\/curs2012-2013\/wp-json\/wp\/v2\/media?parent=629"}],"curies":[{"name":"wp","href":"https:\/\/api.w.org\/{rel}","templated":true}]}}