{"id":708,"date":"2013-02-17T18:06:47","date_gmt":"2013-02-17T17:06:47","guid":{"rendered":"https:\/\/revista-insaiguaviva.org\/curs2012-2013\/?page_id=708"},"modified":"2013-02-18T13:03:44","modified_gmt":"2013-02-18T12:03:44","slug":"propostes-per-fer-un-mon-millor","status":"publish","type":"page","link":"https:\/\/www.revista-insaiguaviva.org\/curs2012-2013\/opinio\/propostes-per-fer-un-mon-millor\/","title":{"rendered":"10 propostes per a un m\u00f3n millor"},"content":{"rendered":"<p><em><strong>1. Aprofitem els aliments a punt de caducar<\/strong><\/em><\/p>\n<p style=\"text-align: justify;\">&#8220;A mi m&#8217;agradaria que tothom tingu\u00e9s diners per poder anar al supermercat a comprar menjar i que cada persona pogu\u00e9s menjar tres vegades al dia com a m\u00ednim, perqu\u00e8 \u00faltimament veig a la meva ciutat for\u00e7a gent que ha de buscar menjar a les escombraries i els contenidors. Aquestes fam\u00edlies corren el risc de posar-se malaltes perqu\u00e8 el menjar que agafen no est\u00e0 en condicions de ser menjat. La soluci\u00f3 podria ser que els supermercats tinguessin un lloc on poguessin portar els aliments que els arriba la data de caducitat aviat i fer-los arribar als menjadors socials.&#8221; <strong>Gloria Pastor 2n. B<\/strong><\/p>\n<p style=\"text-align: justify;\"><em><strong>2. Tinguem un tarann\u00e0 positiu<\/strong><\/em><\/p>\n<p style=\"text-align: justify;\">&#8220;M&#8217;agradaria que tothom fos POSITIU. Les persones patim per coses que no tenen import\u00e0ncia. Tenim l&#8217;escasssa capacitat de fixar-nos m\u00e9s en la part negativa les coses que en la positiva, per\u00f2 haur\u00edem d&#8217;intentar fixar-nos molt m\u00e9s en la positiva. No tot ha de sortir perfecte sempre. Al ser positiu, t&#8217;adonar\u00e0s de totes les coses bones que tens al teu voltant. Aprofitar el que tens et far\u00e0 m\u00e9s feli\u00e7.&#8221; <strong>Cristina Aguilera 2n. B\u00a0<\/strong><\/p>\n<p style=\"text-align: justify;\"><em><strong>3.\u00a0Distingim el que \u00e9s necessari del que \u00e9s un caprici<\/strong><\/em><\/p>\n<p style=\"text-align: justify;\">&#8220;Tamb\u00e9 voldria una bicicleta, una guitarra el\u00e8ctrica color sunburst, una <em>tablet,\u00a0<\/em>200 euros i altres coses inneces\u00e0ries que no far\u00e9 serrvir, i aix\u00ed poder oblidar-me d&#8217;elles (se sobreent\u00e9n que estic criticant les coses materials).&#8221; <strong>Khaira Mart\u00ednez 1r. B<\/strong><\/p>\n<p style=\"text-align: justify;\"><em><strong>4. Fem inversions que a la llarga suposin un estalvi<\/strong><\/em><\/p>\n<p style=\"text-align: justify;\">&#8220;A mi m&#8217;agradaria que l&#8217;ajuntament pos\u00e9s robots al carrer que fessin de robots escombriaire i que es mengessin la brossa dels carrers, parcs, rambles, etc. Perqu\u00e8 aix\u00f2 pogu\u00e9s ser, haurien de ser manejats per radiocontrol o per una PC1 o un ordinador que els control\u00e9s. Aix\u00f2 costaria molt per\u00f2 seria una inversi\u00f3 molt bona perqu\u00e8 no haurien de pagar als treballadors.&#8221; <strong>Xavi David Ortiz 1r. ESO B<\/strong><\/p>\n<p style=\"text-align: justify;\"><strong>5. <em>Redu\u00efm la contaminaci\u00f3 i salvem els pols<\/em><\/strong><\/p>\n<p style=\"text-align: justify;\">&#8220;A mi m&#8217;agradaria que tots els humans tinguessin ales. Aix\u00ed no existirien els cotxes que tant contaminen l&#8217;atmosfera i contribueixen a augmentar el forat de la capa d&#8217;oz\u00f3. Aix\u00ed els pols no es derritirien \u00a0 fent pujar el nivell del mar (en el cas que els pols es derritissin). &#8221; <strong>Adri\u00e1n Valderrama 2n. B<\/strong><\/p>\n<p style=\"text-align: justify;\"><em><strong>6. Acabem amb l&#8217;abandonament animal<\/strong><\/em><\/p>\n<p style=\"text-align: justify;\">&#8220;M&#8217;agradaria tamb\u00e9 acabar amb l&#8217;abandonament animal. El fet de tenir una mascota comporta molta responsabilitat per a l&#8217;amo. La gent no pensa gaire en tot aix\u00f2, i quan es cansen l&#8217;abandonen. Per culpa d&#8217;aquesta gent, totes les protectores d&#8217;animals estan plenes, i no tenen gaires recursos per atendre&#8217;ls a tots.&#8221; <strong>Eva Vi\u00f1uela 2n. ESO C<\/strong><\/p>\n<p style=\"text-align: justify;\"><em><strong>7. Promovem els mercats de segona m\u00e0<\/strong><\/em><\/p>\n<p style=\"text-align: justify;\">&#8220;M&#8217;agradaria tamb\u00e9 que per sortir de la crisi es fes un mercat on la gent que no volgu\u00e9s algun vestit o alguna cosa que li an\u00e9s petita, la vengu\u00e9s en comptes de tirar-la a les escombraries per tal que la gent que necessita diners no hag\u00e9s de cercar als contenidors. Les coses del nou mercat no haurien de ser molt cares. En cas que la roba i les sabates fossin de marques cares no podrien sobrepassar els 50 euros. En cas de complements, ja siguin polseres o barrets de copa, no haurien de superar els 15 euros. I els mobles, dep\u00e8n d&#8217;on vinguessin o de l&#8217;antiguitat, el preu m\u00e0xim seria d&#8217;uns 150 euros.&#8221; <strong>Alicia Zaragoza 2n. C\u00a0<\/strong><\/p>\n<p style=\"text-align: justify;\"><em><strong>8. Superem el racisme<\/strong><\/em><\/p>\n<p style=\"text-align: justify;\">&#8220;M&#8217;agradaria tamb\u00e9 que la gent no fos tan racista, perqu\u00e8 la gent que ve d&#8217;altres pa\u00efsos a aqu\u00ed, normalment emigra per motius econ\u00f2mics o problemes amb la fam\u00edlia, etc. Per aix\u00f2 crec que els haur\u00edem de tractar millor i rebre&#8217;ls amb els bra\u00e7os oberts. Moltes persones es queixen que els immigrants els treuen hores a l&#8217;empresa: m\u00e9s temps et treu la consola i \u00e9s japonesa. Per\u00f2, b\u00e9, tampoc \u00e9s que hi hagi massa feina.&#8221; <strong>Judith Rodr\u00edguez 2n. ESO C<\/strong><\/p>\n<p style=\"text-align: justify;\"><em><strong>9. Reclamem el dret a ser diferents<br \/>\n<\/strong><\/em><\/p>\n<p style=\"text-align: justify;\">&#8220;A l&#8217;\u00faltim, m&#8217;agradaria que cada \u00e9sser fos \u00fanic, que exist\u00eds com volgu\u00e9s, que tingu\u00e9s el f\u00edsic que volgu\u00e9s, que fes el que volgu\u00e9s! Que si t&#8217;enamores, no sigui per la riquesa o el f\u00edsic, sin\u00f3 simplement pel que som. La societat ens est\u00e0 tornant r\u00e8pliques: tots hem d&#8217;estar brozejats, prims i vestir exactament igual! Per\u00f2 aquest m\u00f3n, si tothom \u00e9s igual, quina gr\u00e0cia t\u00e9?&#8221; <strong>Roc\u00edo Osuna 2n. ESO C<\/strong><\/p>\n<p style=\"text-align: justify;\"><em><strong>10. Somniem<\/strong><\/em><\/p>\n<p style=\"text-align: justify;\">&#8220;M&#8217;agradaria tamb\u00e9 que hi hagu\u00e9s un sol arbre, un arbre gegant, un arbre que ocup\u00e9s tot el m\u00f3n perqu\u00e8 aix\u00ed tots podr\u00edem gaudir d&#8217;una ombra en un moment d&#8217;estiu calor\u00f3s o b\u00e9 per protegir-nos d&#8217;una pluja molt forta d&#8217;hivern.&#8221; <strong>Sonia Lacasa 2n. ESO C<\/strong><\/p>\n<p style=\"text-align: justify;\"><strong>\u00a0<\/strong><\/p>\n","protected":false},"excerpt":{"rendered":"<p>1. Aprofitem els aliments a punt de caducar &#8220;A mi m&#8217;agradaria que tothom tingu\u00e9s diners per poder anar al supermercat a comprar menjar i que cada persona pogu\u00e9s menjar tres vegades al dia com a m\u00ednim, perqu\u00e8 \u00faltimament veig a &hellip; <a href=\"https:\/\/www.revista-insaiguaviva.org\/curs2012-2013\/opinio\/propostes-per-fer-un-mon-millor\/\">Continua llegint <span class=\"meta-nav\">&rarr;<\/span><\/a><\/p>\n","protected":false},"author":3,"featured_media":0,"parent":16,"menu_order":0,"comment_status":"open","ping_status":"open","template":"","meta":{"footnotes":""},"class_list":["post-708","page","type-page","status-publish","hentry"],"_links":{"self":[{"href":"https:\/\/www.revista-insaiguaviva.org\/curs2012-2013\/wp-json\/wp\/v2\/pages\/708","targetHints":{"allow":["GET"]}}],"collection":[{"href":"https:\/\/www.revista-insaiguaviva.org\/curs2012-2013\/wp-json\/wp\/v2\/pages"}],"about":[{"href":"https:\/\/www.revista-insaiguaviva.org\/curs2012-2013\/wp-json\/wp\/v2\/types\/page"}],"author":[{"embeddable":true,"href":"https:\/\/www.revista-insaiguaviva.org\/curs2012-2013\/wp-json\/wp\/v2\/users\/3"}],"replies":[{"embeddable":true,"href":"https:\/\/www.revista-insaiguaviva.org\/curs2012-2013\/wp-json\/wp\/v2\/comments?post=708"}],"version-history":[{"count":6,"href":"https:\/\/www.revista-insaiguaviva.org\/curs2012-2013\/wp-json\/wp\/v2\/pages\/708\/revisions"}],"predecessor-version":[{"id":711,"href":"https:\/\/www.revista-insaiguaviva.org\/curs2012-2013\/wp-json\/wp\/v2\/pages\/708\/revisions\/711"}],"up":[{"embeddable":true,"href":"https:\/\/www.revista-insaiguaviva.org\/curs2012-2013\/wp-json\/wp\/v2\/pages\/16"}],"wp:attachment":[{"href":"https:\/\/www.revista-insaiguaviva.org\/curs2012-2013\/wp-json\/wp\/v2\/media?parent=708"}],"curies":[{"name":"wp","href":"https:\/\/api.w.org\/{rel}","templated":true}]}}

10 propostes per a un món millor

<p><em><strong>1. Aprofitem els aliments a punt de caducar</strong></em></p>
<p style="text-align: justify;">&#8220;A mi m&#8217;agradaria que tothom tingués diners per poder anar al supermercat a comprar menjar i que cada persona pogués menjar tres vegades al dia com a mínim, perquè últimament veig a la meva ciutat força gent que ha de buscar menjar a les escombraries i els contenidors. Aquestes famílies corren el risc de posar-se malaltes perquè el menjar que agafen no està en condicions de ser menjat. La solució podria ser que els supermercats tinguessin un lloc on poguessin portar els aliments que els arriba la data de caducitat aviat i fer-los arribar als menjadors socials.&#8221; <strong>Gloria Pastor 2n. B</strong></p>
<p style="text-align: justify;"><em><strong>2. Tinguem un tarannà positiu</strong></em></p>
<p style="text-align: justify;">&#8220;M&#8217;agradaria que tothom fos POSITIU. Les persones patim per coses que no tenen importància. Tenim l&#8217;escasssa capacitat de fixar-nos més en la part negativa les coses que en la positiva, però hauríem d&#8217;intentar fixar-nos molt més en la positiva. No tot ha de sortir perfecte sempre. Al ser positiu, t&#8217;adonaràs de totes les coses bones que tens al teu voltant. Aprofitar el que tens et farà més feliç.&#8221; <strong>Cristina Aguilera 2n. B </strong></p>
<p style="text-align: justify;"><em><strong>3. Distingim el que és necessari del que és un caprici</strong></em></p>
<p style="text-align: justify;">&#8220;També voldria una bicicleta, una guitarra elèctrica color sunburst, una <em>tablet, </em>200 euros i altres coses innecesàries que no faré serrvir, i així poder oblidar-me d&#8217;elles (se sobreentén que estic criticant les coses materials).&#8221; <strong>Khaira Martínez 1r. B</strong></p>
<p style="text-align: justify;"><em><strong>4. Fem inversions que a la llarga suposin un estalvi</strong></em></p>
<p style="text-align: justify;">&#8220;A mi m&#8217;agradaria que l&#8217;ajuntament posés robots al carrer que fessin de robots escombriaire i que es mengessin la brossa dels carrers, parcs, rambles, etc. Perquè això pogués ser, haurien de ser manejats per radiocontrol o per una PC1 o un ordinador que els controlés. Això costaria molt però seria una inversió molt bona perquè no haurien de pagar als treballadors.&#8221; <strong>Xavi David Ortiz 1r. ESO B</strong></p>
<p style="text-align: justify;"><strong>5. <em>Reduïm la contaminació i salvem els pols</em></strong></p>
<p style="text-align: justify;">&#8220;A mi m&#8217;agradaria que tots els humans tinguessin ales. Així no existirien els cotxes que tant contaminen l&#8217;atmosfera i contribueixen a augmentar el forat de la capa d&#8217;ozó. Així els pols no es derritirien   fent pujar el nivell del mar (en el cas que els pols es derritissin). &#8221; <strong>Adrián Valderrama 2n. B</strong></p>
<p style="text-align: justify;"><em><strong>6. Acabem amb l&#8217;abandonament animal</strong></em></p>
<p style="text-align: justify;">&#8220;M&#8217;agradaria també acabar amb l&#8217;abandonament animal. El fet de tenir una mascota comporta molta responsabilitat per a l&#8217;amo. La gent no pensa gaire en tot això, i quan es cansen l&#8217;abandonen. Per culpa d&#8217;aquesta gent, totes les protectores d&#8217;animals estan plenes, i no tenen gaires recursos per atendre&#8217;ls a tots.&#8221; <strong>Eva Viñuela 2n. ESO C</strong></p>
<p style="text-align: justify;"><em><strong>7. Promovem els mercats de segona mà</strong></em></p>
<p style="text-align: justify;">&#8220;M&#8217;agradaria també que per sortir de la crisi es fes un mercat on la gent que no volgués algun vestit o alguna cosa que li anés petita, la vengués en comptes de tirar-la a les escombraries per tal que la gent que necessita diners no hagés de cercar als contenidors. Les coses del nou mercat no haurien de ser molt cares. En cas que la roba i les sabates fossin de marques cares no podrien sobrepassar els 50 euros. En cas de complements, ja siguin polseres o barrets de copa, no haurien de superar els 15 euros. I els mobles, depèn d&#8217;on vinguessin o de l&#8217;antiguitat, el preu màxim seria d&#8217;uns 150 euros.&#8221; <strong>Alicia Zaragoza 2n. C </strong></p>
<p style="text-align: justify;"><em><strong>8. Superem el racisme</strong></em></p>
<p style="text-align: justify;">&#8220;M&#8217;agradaria també que la gent no fos tan racista, perquè la gent que ve d&#8217;altres països a aquí, normalment emigra per motius econòmics o problemes amb la família, etc. Per això crec que els hauríem de tractar millor i rebre&#8217;ls amb els braços oberts. Moltes persones es queixen que els immigrants els treuen hores a l&#8217;empresa: més temps et treu la consola i és japonesa. Però, bé, tampoc és que hi hagi massa feina.&#8221; <strong>Judith Rodríguez 2n. ESO C</strong></p>
<p style="text-align: justify;"><em><strong>9. Reclamem el dret a ser diferents<br />
</strong></em></p>
<p style="text-align: justify;">&#8220;A l&#8217;últim, m&#8217;agradaria que cada ésser fos únic, que existís com volgués, que tingués el físic que volgués, que fes el que volgués! Que si t&#8217;enamores, no sigui per la riquesa o el físic, sinó simplement pel que som. La societat ens està tornant rèpliques: tots hem d&#8217;estar brozejats, prims i vestir exactament igual! Però aquest món, si tothom és igual, quina gràcia té?&#8221; <strong>Rocío Osuna 2n. ESO C</strong></p>
<p style="text-align: justify;"><em><strong>10. Somniem</strong></em></p>
<p style="text-align: justify;">&#8220;M&#8217;agradaria també que hi hagués un sol arbre, un arbre gegant, un arbre que ocupés tot el món perquè així tots podríem gaudir d&#8217;una ombra en un moment d&#8217;estiu calorós o bé per protegir-nos d&#8217;una pluja molt forta d&#8217;hivern.&#8221; <strong>Sonia Lacasa 2n. ESO C</strong></p>
<p style="text-align: justify;"><strong> </strong></p>

<p>1. Aprofitem els aliments a punt de caducar &#8220;A mi m&#8217;agradaria que tothom tingués diners per poder anar al supermercat a comprar menjar i que cada persona pogués menjar tres vegades al dia com a mínim, perquè últimament veig a &hellip; <a href="https://www.revista-insaiguaviva.org/curs2012-2013/opinio/propostes-per-fer-un-mon-millor/">Continua llegint <span class="meta-nav">&rarr;</span></a></p>
