{"id":134,"date":"2013-10-31T06:42:15","date_gmt":"2013-10-31T06:42:15","guid":{"rendered":"https:\/\/revista-insaiguaviva.org\/curs2013-2014\/?page_id=134"},"modified":"2013-11-10T17:22:04","modified_gmt":"2013-11-10T17:22:04","slug":"el-primer-dia","status":"publish","type":"page","link":"https:\/\/www.revista-insaiguaviva.org\/curs2013-2014\/llengua-catalana\/el-primer-dia\/","title":{"rendered":"Els primers dies a 2n. ESO"},"content":{"rendered":"<p style=\"text-align: justify;\"><strong>ELS PRIMER DIES A 2n. D&#8217;ESO<\/strong><\/p>\n<p style=\"text-align: justify;\"><a href=\"https:\/\/revista-insaiguaviva.org\/curs2013-2014\/wp-content\/uploads\/2013\/10\/IMG_1093.jpg\"><img loading=\"lazy\" decoding=\"async\" class=\"alignnone size-full wp-image-142\" alt=\"IMG_1093\" src=\"https:\/\/revista-insaiguaviva.org\/curs2013-2014\/wp-content\/uploads\/2013\/10\/IMG_1093.jpg\" width=\"128\" height=\"96\" \/><\/a><a href=\"https:\/\/revista-insaiguaviva.org\/curs2013-2014\/wp-content\/uploads\/2013\/10\/IMG_1090.jpg\"><img loading=\"lazy\" decoding=\"async\" class=\"alignnone size-full wp-image-141\" alt=\"IMG_1090\" src=\"https:\/\/revista-insaiguaviva.org\/curs2013-2014\/wp-content\/uploads\/2013\/10\/IMG_1090.jpg\" width=\"128\" height=\"96\" \/><\/a><a href=\"https:\/\/revista-insaiguaviva.org\/curs2013-2014\/wp-content\/uploads\/2013\/10\/IMG_1085.jpg\"><img loading=\"lazy\" decoding=\"async\" class=\"alignnone size-full wp-image-139\" alt=\"IMG_1085\" src=\"https:\/\/revista-insaiguaviva.org\/curs2013-2014\/wp-content\/uploads\/2013\/10\/IMG_1085.jpg\" width=\"128\" height=\"96\" \/><\/a><a href=\"https:\/\/revista-insaiguaviva.org\/curs2013-2014\/wp-content\/uploads\/2013\/10\/IMG_1089.jpg\"><img loading=\"lazy\" decoding=\"async\" class=\"alignnone size-full wp-image-140\" alt=\"IMG_1089\" src=\"https:\/\/revista-insaiguaviva.org\/curs2013-2014\/wp-content\/uploads\/2013\/10\/IMG_1089.jpg\" width=\"128\" height=\"96\" \/><\/a><\/p>\n<p style=\"text-align: justify;\">Els meus primers a 2n. d&#8217;ESO , igual que en el passat, van ser dies d&#8217;adaptar-se a la rutina di\u00e0ria de l&#8217;institut. En aquells dies, o sigui, la primera setmana de curs, vaig acostumar-me a la gran quantitat de feina que manen, a l&#8217;atenci\u00f3 que s&#8217;ha de prestar a classe i a comen\u00e7ar a con\u00e8ixer els nous companys i professors que tindr\u00e9 aquest any.<\/p>\n<p style=\"text-align: justify;\"><a href=\"https:\/\/revista-insaiguaviva.org\/curs2013-2014\/wp-content\/uploads\/2013\/10\/IMG_10931.jpg\"><img loading=\"lazy\" decoding=\"async\" class=\"size-full wp-image-145 alignleft\" alt=\"IMG_1093\" src=\"https:\/\/revista-insaiguaviva.org\/curs2013-2014\/wp-content\/uploads\/2013\/10\/IMG_10931.jpg\" width=\"128\" height=\"96\" \/><\/a>\u00a0Durant aquells dies em va anr molt b\u00e9 que no fossin intensius de cop i et traiessin la ganduleria que et deixen les vacances. Em va agradar con\u00e8ixer nous companys dels quals ara s\u00f3c molt amic. Tamb\u00e9 m&#8217;ha anat perfecte per aprendre a relacionar-me amb la societat els canvis de professors, encara que en trobo a faltar alguns de l&#8217;any passat, per\u00f2, com a m\u00ednim, els puc veure de tant en tant pels passadissos i les classes de l&#8217;institut. I, finalment, estic orgull\u00f3s que ens hagin canviat a una aula m\u00e9s allunyada del carrer perqu\u00e8 els dimarts se se sent molt xivarri.<\/p>\n<p style=\"text-align: justify;\">Doncs la meva conclusi\u00f3 sobre aquests dies \u00e9s clara: s\u00f3n els millors dies des del punt de vista de l&#8217;adaptaci\u00f3 i la preparaci\u00f3.<\/p>\n<p style=\"text-align: justify;\"><strong>Enric Creus. 2n. ESO A<\/strong><\/p>\n<p style=\"text-align: justify;\">__________________________________________________________________________<\/p>\n<p style=\"text-align: justify;\">Em dic Sara Ruiz i ja estic a 2n. d&#8217;ESO de l&#8217;INS Aiguaviva. Aquests dies a 2n. han estat formidables. Hi ha coses noves per aprendre, nous professors i fins i tot noves assignatures. M&#8217;ho he passat gnial aquests dies. Per\u00f2 encara queda curs.<\/p>\n<p style=\"text-align: justify;\">Com a tutores tinc la Leticia i la Marina. Estic bastant contenta perqu\u00e8 s\u00f3n molt <a href=\"https:\/\/revista-insaiguaviva.org\/curs2013-2014\/wp-content\/uploads\/2013\/10\/IMG_1095.jpg\"><img loading=\"lazy\" decoding=\"async\" class=\"size-full wp-image-144 alignright\" alt=\"IMG_1095\" src=\"https:\/\/revista-insaiguaviva.org\/curs2013-2014\/wp-content\/uploads\/2013\/10\/IMG_1095.jpg\" width=\"128\" height=\"96\" \/><\/a>agradables. Per\u00f2 a Naturals m&#8217;avorreixo una mica perqu\u00e8 la Let\u00edcia est\u00e0 explicant els canvis d&#8217;unitat un altre cop. A l&#8217;horta del pati tamb\u00e9 m&#8217;ho passo b\u00e9 amb les meves amigues. L&#8217;\u00fanic que he de comentar sobre el pati \u00e9s que molta gent protesta (jo inclosa) perqu\u00e8 ens agradaria jugar a les pistes d&#8217;<em>skate, <\/em>on jug\u00e0vem l&#8217;any passat<em>.<\/em><\/p>\n<p style=\"text-align: justify;\">Tot i aix\u00ed, espero molt d&#8217;aquest curs i crec que m&#8217;ho passar\u00e9 genial, tant o m\u00e9s que el curs passat.<\/p>\n<p style=\"text-align: justify;\"><strong>Sara Ruiz. 1r. ESO A<\/strong><\/p>\n<p style=\"text-align: justify;\">___________________________________________________________________________<\/p>\n<p style=\"text-align: justify;\">Els meus primers dies a 2n. d&#8217;ESO van ser bastant llargs perqu\u00e8 despr\u00e9s de tot l&#8217;estiu de vacances ara comen\u00e7ar una altra vegada l&#8217;escola se&#8217;m feia molt pesat, per\u00f2 despr\u00e9s que passessin els dies vaig acabar acostumant-me a l&#8217;escola.<\/p>\n<p style=\"text-align: justify;\">Pel que veig els primers dies, crec que segon el portar\u00e9 b\u00e9 perqu\u00e8 se sembla molt a segon, <a href=\"https:\/\/revista-insaiguaviva.org\/curs2013-2014\/wp-content\/uploads\/2013\/10\/IMG_1092.jpg\"><img loading=\"lazy\" decoding=\"async\" class=\"alignright size-full wp-image-146\" alt=\"IMG_1092\" src=\"https:\/\/revista-insaiguaviva.org\/curs2013-2014\/wp-content\/uploads\/2013\/10\/IMG_1092.jpg\" width=\"128\" height=\"96\" \/><\/a>per\u00f2 hi ha m\u00e9s deures. En algunes assignatures estem utilitzant els llibres de l&#8217;any passat i aix\u00f2 fa que segon sigui molt semblant a primer. Les professores i els professors m&#8217;agraden molt perqu\u00e8 s\u00f3n molt divertits i m&#8217;ho passo molt b\u00e9 a les classes.<\/p>\n<p style=\"text-align: justify;\">Les meves conclusions s\u00f3n que segon \u00e9s semblant a primer per\u00f2 et posen m\u00e9s deures, i els professors s\u00f3n divertits i les mat\u00e8ries m\u00e9s. Espero que aquest any em vagi b\u00e9 i m&#8217;hi esforci molt per treure bones notes durant tot l&#8217;any a totes les assignatures.<\/p>\n<p style=\"text-align: justify;\"><strong>\u00c0lex Artacho 1r. ESO A<\/strong><\/p>\n<p style=\"text-align: justify;\">________________________________________________________________________<\/p>\n<p style=\"text-align: justify;\">\n","protected":false},"excerpt":{"rendered":"<p>ELS PRIMER DIES A 2n. D&#8217;ESO Els meus primers a 2n. d&#8217;ESO , igual que en el passat, van ser dies d&#8217;adaptar-se a la rutina di\u00e0ria de l&#8217;institut. En aquells dies, o sigui, la primera setmana de curs, vaig acostumar-me a la gran quantitat de feina que manen, a l&#8217;atenci\u00f3 que s&#8217;ha de prestar a &hellip; <a href=\"https:\/\/www.revista-insaiguaviva.org\/curs2013-2014\/llengua-catalana\/el-primer-dia\/\" class=\"more-link\">Continua la lectura de <span class=\"screen-reader-text\">Els primers dies a 2n. ESO<\/span> <span class=\"meta-nav\">&rarr;<\/span><\/a><\/p>\n","protected":false},"author":3,"featured_media":0,"parent":59,"menu_order":0,"comment_status":"open","ping_status":"open","template":"","meta":{"footnotes":""},"class_list":["post-134","page","type-page","status-publish","hentry"],"_links":{"self":[{"href":"https:\/\/www.revista-insaiguaviva.org\/curs2013-2014\/wp-json\/wp\/v2\/pages\/134","targetHints":{"allow":["GET"]}}],"collection":[{"href":"https:\/\/www.revista-insaiguaviva.org\/curs2013-2014\/wp-json\/wp\/v2\/pages"}],"about":[{"href":"https:\/\/www.revista-insaiguaviva.org\/curs2013-2014\/wp-json\/wp\/v2\/types\/page"}],"author":[{"embeddable":true,"href":"https:\/\/www.revista-insaiguaviva.org\/curs2013-2014\/wp-json\/wp\/v2\/users\/3"}],"replies":[{"embeddable":true,"href":"https:\/\/www.revista-insaiguaviva.org\/curs2013-2014\/wp-json\/wp\/v2\/comments?post=134"}],"version-history":[{"count":9,"href":"https:\/\/www.revista-insaiguaviva.org\/curs2013-2014\/wp-json\/wp\/v2\/pages\/134\/revisions"}],"predecessor-version":[{"id":180,"href":"https:\/\/www.revista-insaiguaviva.org\/curs2013-2014\/wp-json\/wp\/v2\/pages\/134\/revisions\/180"}],"up":[{"embeddable":true,"href":"https:\/\/www.revista-insaiguaviva.org\/curs2013-2014\/wp-json\/wp\/v2\/pages\/59"}],"wp:attachment":[{"href":"https:\/\/www.revista-insaiguaviva.org\/curs2013-2014\/wp-json\/wp\/v2\/media?parent=134"}],"curies":[{"name":"wp","href":"https:\/\/api.w.org\/{rel}","templated":true}]}}

<p style="text-align: justify;"><strong>ELS PRIMER DIES A 2n. D&#8217;ESO</strong></p>
<p style="text-align: justify;"><a href="https://revista-insaiguaviva.org/curs2013-2014/wp-content/uploads/2013/10/IMG_1093.jpg"><img loading="lazy" decoding="async" class="alignnone size-full wp-image-142" alt="IMG_1093" src="https://revista-insaiguaviva.org/curs2013-2014/wp-content/uploads/2013/10/IMG_1093.jpg" width="128" height="96" /></a><a href="https://revista-insaiguaviva.org/curs2013-2014/wp-content/uploads/2013/10/IMG_1090.jpg"><img loading="lazy" decoding="async" class="alignnone size-full wp-image-141" alt="IMG_1090" src="https://revista-insaiguaviva.org/curs2013-2014/wp-content/uploads/2013/10/IMG_1090.jpg" width="128" height="96" /></a><a href="https://revista-insaiguaviva.org/curs2013-2014/wp-content/uploads/2013/10/IMG_1085.jpg"><img loading="lazy" decoding="async" class="alignnone size-full wp-image-139" alt="IMG_1085" src="https://revista-insaiguaviva.org/curs2013-2014/wp-content/uploads/2013/10/IMG_1085.jpg" width="128" height="96" /></a><a href="https://revista-insaiguaviva.org/curs2013-2014/wp-content/uploads/2013/10/IMG_1089.jpg"><img loading="lazy" decoding="async" class="alignnone size-full wp-image-140" alt="IMG_1089" src="https://revista-insaiguaviva.org/curs2013-2014/wp-content/uploads/2013/10/IMG_1089.jpg" width="128" height="96" /></a></p>
<p style="text-align: justify;">Els meus primers a 2n. d&#8217;ESO , igual que en el passat, van ser dies d&#8217;adaptar-se a la rutina diària de l&#8217;institut. En aquells dies, o sigui, la primera setmana de curs, vaig acostumar-me a la gran quantitat de feina que manen, a l&#8217;atenció que s&#8217;ha de prestar a classe i a començar a conèixer els nous companys i professors que tindré aquest any.</p>
<p style="text-align: justify;"><a href="https://revista-insaiguaviva.org/curs2013-2014/wp-content/uploads/2013/10/IMG_10931.jpg"><img loading="lazy" decoding="async" class="size-full wp-image-145 alignleft" alt="IMG_1093" src="https://revista-insaiguaviva.org/curs2013-2014/wp-content/uploads/2013/10/IMG_10931.jpg" width="128" height="96" /></a> Durant aquells dies em va anr molt bé que no fossin intensius de cop i et traiessin la ganduleria que et deixen les vacances. Em va agradar conèixer nous companys dels quals ara sóc molt amic. També m&#8217;ha anat perfecte per aprendre a relacionar-me amb la societat els canvis de professors, encara que en trobo a faltar alguns de l&#8217;any passat, però, com a mínim, els puc veure de tant en tant pels passadissos i les classes de l&#8217;institut. I, finalment, estic orgullós que ens hagin canviat a una aula més allunyada del carrer perquè els dimarts se se sent molt xivarri.</p>
<p style="text-align: justify;">Doncs la meva conclusió sobre aquests dies és clara: són els millors dies des del punt de vista de l&#8217;adaptació i la preparació.</p>
<p style="text-align: justify;"><strong>Enric Creus. 2n. ESO A</strong></p>
<p style="text-align: justify;">__________________________________________________________________________</p>
<p style="text-align: justify;">Em dic Sara Ruiz i ja estic a 2n. d&#8217;ESO de l&#8217;INS Aiguaviva. Aquests dies a 2n. han estat formidables. Hi ha coses noves per aprendre, nous professors i fins i tot noves assignatures. M&#8217;ho he passat gnial aquests dies. Però encara queda curs.</p>
<p style="text-align: justify;">Com a tutores tinc la Leticia i la Marina. Estic bastant contenta perquè són molt <a href="https://revista-insaiguaviva.org/curs2013-2014/wp-content/uploads/2013/10/IMG_1095.jpg"><img loading="lazy" decoding="async" class="size-full wp-image-144 alignright" alt="IMG_1095" src="https://revista-insaiguaviva.org/curs2013-2014/wp-content/uploads/2013/10/IMG_1095.jpg" width="128" height="96" /></a>agradables. Però a Naturals m&#8217;avorreixo una mica perquè la Letícia està explicant els canvis d&#8217;unitat un altre cop. A l&#8217;horta del pati també m&#8217;ho passo bé amb les meves amigues. L&#8217;únic que he de comentar sobre el pati és que molta gent protesta (jo inclosa) perquè ens agradaria jugar a les pistes d&#8217;<em>skate, </em>on jugàvem l&#8217;any passat<em>.</em></p>
<p style="text-align: justify;">Tot i així, espero molt d&#8217;aquest curs i crec que m&#8217;ho passaré genial, tant o més que el curs passat.</p>
<p style="text-align: justify;"><strong>Sara Ruiz. 1r. ESO A</strong></p>
<p style="text-align: justify;">___________________________________________________________________________</p>
<p style="text-align: justify;">Els meus primers dies a 2n. d&#8217;ESO van ser bastant llargs perquè després de tot l&#8217;estiu de vacances ara començar una altra vegada l&#8217;escola se&#8217;m feia molt pesat, però després que passessin els dies vaig acabar acostumant-me a l&#8217;escola.</p>
<p style="text-align: justify;">Pel que veig els primers dies, crec que segon el portaré bé perquè se sembla molt a segon, <a href="https://revista-insaiguaviva.org/curs2013-2014/wp-content/uploads/2013/10/IMG_1092.jpg"><img loading="lazy" decoding="async" class="alignright size-full wp-image-146" alt="IMG_1092" src="https://revista-insaiguaviva.org/curs2013-2014/wp-content/uploads/2013/10/IMG_1092.jpg" width="128" height="96" /></a>però hi ha més deures. En algunes assignatures estem utilitzant els llibres de l&#8217;any passat i això fa que segon sigui molt semblant a primer. Les professores i els professors m&#8217;agraden molt perquè són molt divertits i m&#8217;ho passo molt bé a les classes.</p>
<p style="text-align: justify;">Les meves conclusions són que segon és semblant a primer però et posen més deures, i els professors són divertits i les matèries més. Espero que aquest any em vagi bé i m&#8217;hi esforci molt per treure bones notes durant tot l&#8217;any a totes les assignatures.</p>
<p style="text-align: justify;"><strong>Àlex Artacho 1r. ESO A</strong></p>
<p style="text-align: justify;">________________________________________________________________________</p>
<p style="text-align: justify;">

<p>ELS PRIMER DIES A 2n. D&#8217;ESO Els meus primers a 2n. d&#8217;ESO , igual que en el passat, van ser dies d&#8217;adaptar-se a la rutina diària de l&#8217;institut. En aquells dies, o sigui, la primera setmana de curs, vaig acostumar-me a la gran quantitat de feina que manen, a l&#8217;atenció que s&#8217;ha de prestar a &hellip; <a href="https://www.revista-insaiguaviva.org/curs2013-2014/llengua-catalana/el-primer-dia/" class="more-link">Continua la lectura de <span class="screen-reader-text">Els primers dies a 2n. ESO</span> <span class="meta-nav">&rarr;</span></a></p>
