{"id":173,"date":"2013-11-10T17:17:15","date_gmt":"2013-11-10T17:17:15","guid":{"rendered":"https:\/\/revista-insaiguaviva.org\/curs2013-2014\/?page_id=173"},"modified":"2013-11-10T17:17:15","modified_gmt":"2013-11-10T17:17:15","slug":"un-cuento-de-misterio","status":"publish","type":"page","link":"https:\/\/www.revista-insaiguaviva.org\/curs2013-2014\/lengua-castellana-y-literatura\/un-cuento-de-misterio\/","title":{"rendered":"Un cuento de misterio"},"content":{"rendered":"<p align=\"center\"><b><i><span style=\"text-decoration: underline;\">EL CONDE MUN<\/span><\/i><\/b><\/p>\n<p style=\"text-align: justify;\">En un pueblo peque\u00f1ito cerca de Londres, llamado Kirfistan, un grupo de amigos se reunieron para ir a una gran fiesta que celebraba el Conde Mun. El Conde Mun era un joven millonario que se hab\u00eda ido a vivir al pueblo y que ten\u00eda fama de gal\u00e1n, aventurero y misterioso. El grupo de amigos, Alex, Claudio, Paula y Marta estaban muy nerviosos, felices e ilusionados por poder asistir a esa gran fiesta y relacionarse con gran parte de los millonarios del pueblo y sus alrededores. Cuando llegaron a la casa, todo era lujo y alegr\u00eda, la m\u00fasica sonaba fuertemente y las risas y las voces de los invitados sonaban como m\u00fasica de acompa\u00f1amiento. Bebieron, rieron y hablaron con toda aquella gente, incluso el Conde se les acerc\u00f3 para saludarlos. El Conde era un joven muy apuesto, alto y delgado con unos rasgos muy marcados, su sonrisa era peculiar y a veces daba un poco de miedo. Eran las doce de la noche cuando todos se sentaron en el sal\u00f3n, al lado de la chimenea, escuchando las historias de miedo que el joven Conde muy animado explicaba.<\/p>\n<p style=\"text-align: justify;\">\u00a0Lleg\u00f3 la hora de volver a casa, los cuatro amigos decidieron marchar caminando atravesando el bosque que separaba la mansi\u00f3n del pueblo. Era una noche estrellada, la luna llena reflejaba el camino por el cual iban pasando. A medida que entraban al bosque, los cuatro iban call\u00e1ndose y mir\u00e1ndose uno al otro, el miedo iba creciendo en ellos. El camino cada vez se hac\u00eda m\u00e1s largo y parec\u00eda que no ten\u00eda fin. Llegaron a un viejo monasterio abandonado, ten\u00eda los cristales rotos y el tejado estaba medio derruido. Decidieron entrar porque estaban muy cansados, cuando de repente escucharon un ruido fuera, como de alguien corriendo con tanta rapidez que las hojas de los \u00e1rboles se mov\u00edan de un lado a otro y produc\u00edan un sonido seco y chirriante. Todos se levantaron y empezaron\u00a0 a tapar las puertas y los huecos que aquel edificio derruido tenia. Alex<a href=\"https:\/\/revista-insaiguaviva.org\/curs2013-2014\/wp-content\/uploads\/2013\/11\/cuento2.jpg\"><img loading=\"lazy\" decoding=\"async\" class=\"alignright size-full wp-image-174\" alt=\"cuento2\" src=\"https:\/\/revista-insaiguaviva.org\/curs2013-2014\/wp-content\/uploads\/2013\/11\/cuento2.jpg\" width=\"227\" height=\"222\" \/><\/a>vigilaba por la ventana intentado buscar una explicaci\u00f3n a todo ello, de repente vio una sombra moverse en la oscuridad, y empez\u00f3 a llamar a Claudio, pero \u00e9ste no contesto. Alex, Paula y Marta se miraron muy asustados, sospechaban lo peor. De repente, vieron por la ventana a Claudio acercarse a una cosa, una cosa enorme y de figura irregular, no sab\u00edan qu\u00e9 era pero estaban muy preocupados por \u00e9l. \u00a1Era un lobo!, un lobo enorme, que produc\u00eda un sonido estridente. Ese enorme lobo cogi\u00f3 a Claudio y desapareci\u00f3 de entre los \u00e1rboles. Paula y Marta no sab\u00edan qu\u00e9 hacer ni como consolar a Alex de la p\u00e9rdida de su mejor amigo. Los llantos eran cada vez m\u00e1s fuertes, y el miedo era cada vez m\u00e1s abrumador\u2026.\u00bfQu\u00e9 estaba pasando?<\/p>\n<p style=\"text-align: justify;\">\u00a0Finalmente, el Conde Mun, se levant\u00f3 de su gran sill\u00f3n, con esa elegancia que le caracterizaba y muy amablemente dio por finalizada la noche. Aquellas historias que nos hab\u00eda explicado nos hab\u00edan cautivado a todos, eran tan reales como la vida misma. Fue una noche inolvidable para todos, y a la vez, bastante extra\u00f1a, porque esa noche fue la \u00faltima noche que vimos a nuestro amigo Claudio.<\/p>\n<p style=\"text-align: justify;\"><strong>Oriol Bonilla. 3r. ESO B<\/strong><\/p>\n","protected":false},"excerpt":{"rendered":"<p>EL CONDE MUN En un pueblo peque\u00f1ito cerca de Londres, llamado Kirfistan, un grupo de amigos se reunieron para ir a una gran fiesta que celebraba el Conde Mun. El Conde Mun era un joven millonario que se hab\u00eda ido a vivir al pueblo y que ten\u00eda fama de gal\u00e1n, aventurero y misterioso. El grupo &hellip; <a href=\"https:\/\/www.revista-insaiguaviva.org\/curs2013-2014\/lengua-castellana-y-literatura\/un-cuento-de-misterio\/\" class=\"more-link\">Continua la lectura de <span class=\"screen-reader-text\">Un cuento de misterio<\/span> <span class=\"meta-nav\">&rarr;<\/span><\/a><\/p>\n","protected":false},"author":3,"featured_media":0,"parent":52,"menu_order":0,"comment_status":"open","ping_status":"open","template":"","meta":{"footnotes":""},"class_list":["post-173","page","type-page","status-publish","hentry"],"_links":{"self":[{"href":"https:\/\/www.revista-insaiguaviva.org\/curs2013-2014\/wp-json\/wp\/v2\/pages\/173","targetHints":{"allow":["GET"]}}],"collection":[{"href":"https:\/\/www.revista-insaiguaviva.org\/curs2013-2014\/wp-json\/wp\/v2\/pages"}],"about":[{"href":"https:\/\/www.revista-insaiguaviva.org\/curs2013-2014\/wp-json\/wp\/v2\/types\/page"}],"author":[{"embeddable":true,"href":"https:\/\/www.revista-insaiguaviva.org\/curs2013-2014\/wp-json\/wp\/v2\/users\/3"}],"replies":[{"embeddable":true,"href":"https:\/\/www.revista-insaiguaviva.org\/curs2013-2014\/wp-json\/wp\/v2\/comments?post=173"}],"version-history":[{"count":1,"href":"https:\/\/www.revista-insaiguaviva.org\/curs2013-2014\/wp-json\/wp\/v2\/pages\/173\/revisions"}],"predecessor-version":[{"id":175,"href":"https:\/\/www.revista-insaiguaviva.org\/curs2013-2014\/wp-json\/wp\/v2\/pages\/173\/revisions\/175"}],"up":[{"embeddable":true,"href":"https:\/\/www.revista-insaiguaviva.org\/curs2013-2014\/wp-json\/wp\/v2\/pages\/52"}],"wp:attachment":[{"href":"https:\/\/www.revista-insaiguaviva.org\/curs2013-2014\/wp-json\/wp\/v2\/media?parent=173"}],"curies":[{"name":"wp","href":"https:\/\/api.w.org\/{rel}","templated":true}]}}