{"id":258,"date":"2014-01-01T19:13:22","date_gmt":"2014-01-01T19:13:22","guid":{"rendered":"https:\/\/revista-insaiguaviva.org\/curs2013-2014\/?page_id=258"},"modified":"2014-01-01T19:13:22","modified_gmt":"2014-01-01T19:13:22","slug":"radio","status":"publish","type":"page","link":"https:\/\/www.revista-insaiguaviva.org\/curs2013-2014\/llengua-catalana\/radio\/","title":{"rendered":"R\u00e0dio"},"content":{"rendered":"<p>Els alumnes de 2n. d&#8217;ESO que fan la mat\u00e8ria optativa de r\u00e0dio van fer el seu primer enregistrament \u00a0 als estudis de R\u00e0dio Mollet a principis de novembre. Si voleu sentir-lo, aqu\u00ed teniu l&#8217;enlla\u00e7:<\/p>\n<p><a href=\"https:\/\/revista-insaiguaviva.org\/curs2013-2014\/wp-content\/uploads\/2014\/01\/001311-INSTITUTS.mp3\">1311 INSTITUTS<\/a><\/p>\n<p>I si voleu veure algunes fotos de com va anar l&#8217;enregistrament, cliqueu <a href=\"https:\/\/picasaweb.google.com\/118000727510269724077\/RADIO1\">aqu\u00ed.<\/a><\/p>\n<p><a href=\"https:\/\/revista-insaiguaviva.org\/curs2013-2014\/wp-content\/uploads\/2014\/01\/r\u00e0dio2.jpg\"><img loading=\"lazy\" decoding=\"async\" class=\"alignnone size-medium wp-image-261\" alt=\"r\u00e0dio2\" src=\"https:\/\/revista-insaiguaviva.org\/curs2013-2014\/wp-content\/uploads\/2014\/01\/r\u00e0dio2.jpg\" width=\"128\" height=\"96\" \/><\/a> <a href=\"https:\/\/revista-insaiguaviva.org\/curs2013-2014\/wp-content\/uploads\/2014\/01\/r\u00e0dio3.jpg\"><img loading=\"lazy\" decoding=\"async\" class=\"alignnone size-full wp-image-262\" alt=\"r\u00e0dio3\" src=\"https:\/\/revista-insaiguaviva.org\/curs2013-2014\/wp-content\/uploads\/2014\/01\/r\u00e0dio3.jpg\" width=\"128\" height=\"96\" \/><\/a><a href=\"https:\/\/revista-insaiguaviva.org\/curs2013-2014\/wp-content\/uploads\/2014\/01\/r\u00e0dio1.jpg\"><img loading=\"lazy\" decoding=\"async\" class=\"alignnone size-full wp-image-260\" alt=\"r\u00e0dio1\" src=\"https:\/\/revista-insaiguaviva.org\/curs2013-2014\/wp-content\/uploads\/2014\/01\/r\u00e0dio1.jpg\" width=\"128\" height=\"96\" \/><\/a><\/p>\n","protected":false},"excerpt":{"rendered":"<p>Els alumnes de 2n. d&#8217;ESO que fan la mat\u00e8ria optativa de r\u00e0dio van fer el seu primer enregistrament \u00a0 als estudis de R\u00e0dio Mollet a principis de novembre. Si voleu sentir-lo, aqu\u00ed teniu l&#8217;enlla\u00e7: 1311 INSTITUTS I si voleu veure algunes fotos de com va anar l&#8217;enregistrament, cliqueu aqu\u00ed.<\/p>\n","protected":false},"author":1,"featured_media":0,"parent":59,"menu_order":0,"comment_status":"open","ping_status":"open","template":"","meta":{"footnotes":""},"class_list":["post-258","page","type-page","status-publish","hentry"],"_links":{"self":[{"href":"https:\/\/www.revista-insaiguaviva.org\/curs2013-2014\/wp-json\/wp\/v2\/pages\/258","targetHints":{"allow":["GET"]}}],"collection":[{"href":"https:\/\/www.revista-insaiguaviva.org\/curs2013-2014\/wp-json\/wp\/v2\/pages"}],"about":[{"href":"https:\/\/www.revista-insaiguaviva.org\/curs2013-2014\/wp-json\/wp\/v2\/types\/page"}],"author":[{"embeddable":true,"href":"https:\/\/www.revista-insaiguaviva.org\/curs2013-2014\/wp-json\/wp\/v2\/users\/1"}],"replies":[{"embeddable":true,"href":"https:\/\/www.revista-insaiguaviva.org\/curs2013-2014\/wp-json\/wp\/v2\/comments?post=258"}],"version-history":[{"count":1,"href":"https:\/\/www.revista-insaiguaviva.org\/curs2013-2014\/wp-json\/wp\/v2\/pages\/258\/revisions"}],"predecessor-version":[{"id":263,"href":"https:\/\/www.revista-insaiguaviva.org\/curs2013-2014\/wp-json\/wp\/v2\/pages\/258\/revisions\/263"}],"up":[{"embeddable":true,"href":"https:\/\/www.revista-insaiguaviva.org\/curs2013-2014\/wp-json\/wp\/v2\/pages\/59"}],"wp:attachment":[{"href":"https:\/\/www.revista-insaiguaviva.org\/curs2013-2014\/wp-json\/wp\/v2\/media?parent=258"}],"curies":[{"name":"wp","href":"https:\/\/api.w.org\/{rel}","templated":true}]}}

Ràdio

<p>Els alumnes de 2n. d&#8217;ESO que fan la matèria optativa de ràdio van fer el seu primer enregistrament   als estudis de Ràdio Mollet a principis de novembre. Si voleu sentir-lo, aquí teniu l&#8217;enllaç:</p>
<p><a href="https://revista-insaiguaviva.org/curs2013-2014/wp-content/uploads/2014/01/001311-INSTITUTS.mp3">1311 INSTITUTS</a></p>
<p>I si voleu veure algunes fotos de com va anar l&#8217;enregistrament, cliqueu <a href="https://picasaweb.google.com/118000727510269724077/RADIO1">aquí.</a></p>
<p><a href="https://revista-insaiguaviva.org/curs2013-2014/wp-content/uploads/2014/01/ràdio2.jpg"><img loading="lazy" decoding="async" class="alignnone size-medium wp-image-261" alt="ràdio2" src="https://revista-insaiguaviva.org/curs2013-2014/wp-content/uploads/2014/01/ràdio2.jpg" width="128" height="96" /></a> <a href="https://revista-insaiguaviva.org/curs2013-2014/wp-content/uploads/2014/01/ràdio3.jpg"><img loading="lazy" decoding="async" class="alignnone size-full wp-image-262" alt="ràdio3" src="https://revista-insaiguaviva.org/curs2013-2014/wp-content/uploads/2014/01/ràdio3.jpg" width="128" height="96" /></a><a href="https://revista-insaiguaviva.org/curs2013-2014/wp-content/uploads/2014/01/ràdio1.jpg"><img loading="lazy" decoding="async" class="alignnone size-full wp-image-260" alt="ràdio1" src="https://revista-insaiguaviva.org/curs2013-2014/wp-content/uploads/2014/01/ràdio1.jpg" width="128" height="96" /></a></p>

<p>Els alumnes de 2n. d&#8217;ESO que fan la matèria optativa de ràdio van fer el seu primer enregistrament   als estudis de Ràdio Mollet a principis de novembre. Si voleu sentir-lo, aquí teniu l&#8217;enllaç: 1311 INSTITUTS I si voleu veure algunes fotos de com va anar l&#8217;enregistrament, cliqueu aquí.</p>
