{"id":495,"date":"2014-05-04T17:45:53","date_gmt":"2014-05-04T17:45:53","guid":{"rendered":"https:\/\/revista-insaiguaviva.org\/curs2013-2014\/?page_id=495"},"modified":"2014-05-04T18:46:37","modified_gmt":"2014-05-04T18:46:37","slug":"sant-jordi","status":"publish","type":"page","link":"https:\/\/www.revista-insaiguaviva.org\/curs2013-2014\/celebracions\/sant-jordi\/","title":{"rendered":"Sant Jordi"},"content":{"rendered":"<p>L&#8217;acte va comen\u00e7ar amb el lliurament de premis de Visual i Pl\u00e0stica. En la categoria del <strong>millor dibuix,<\/strong> van guanyar en <strong>Sergi P\u00e9rez<\/strong> i l&#8217;<strong>Angels Rey.<\/strong><\/p>\n<p><a href=\"https:\/\/revista-insaiguaviva.org\/curs2013-2014\/wp-content\/uploads\/2014\/05\/resized_IMG_4370.jpg\"><img loading=\"lazy\" decoding=\"async\" class=\"aligncenter size-medium wp-image-501\" alt=\"resized_IMG_4370\" src=\"https:\/\/revista-insaiguaviva.org\/curs2013-2014\/wp-content\/uploads\/2014\/05\/resized_IMG_4370-300x200.jpg\" width=\"300\" height=\"200\" srcset=\"https:\/\/www.revista-insaiguaviva.org\/curs2013-2014\/wp-content\/uploads\/2014\/05\/resized_IMG_4370-300x200.jpg 300w, https:\/\/www.revista-insaiguaviva.org\/curs2013-2014\/wp-content\/uploads\/2014\/05\/resized_IMG_4370-1024x682.jpg 1024w\" sizes=\"auto, (max-width: 300px) 100vw, 300px\" \/><\/a><\/p>\n<p>&nbsp;<\/p>\n<p>En la categoria de <strong>volumetria,<\/strong> el premi se&#8217;l va endur el grup de 3r. d&#8217;ESO B integrat per <strong>Anastasia Untila, Nuria Cervilla, Cristina Aguilera, Jos\u00e9 Capit\u00e1n i Khaira Martinez.<\/strong><\/p>\n<p>Pel que fa als premis de ci\u00e8ncies, la <strong>millor descripci\u00f3 d&#8217;un animal fant\u00e0stic<\/strong> va ser per a <strong>J\u00falia Adalid<\/strong>, de 1r. d&#8217;ESO i la <strong>millor fotografia<\/strong> per a <strong>F. Xavier Moreno,<\/strong> de 3r. ESO B.<\/p>\n<p><a href=\"https:\/\/revista-insaiguaviva.org\/curs2013-2014\/wp-content\/uploads\/2014\/05\/resized_IMG_4373.jpg\"><img loading=\"lazy\" decoding=\"async\" class=\"aligncenter size-medium wp-image-502\" alt=\"resized_IMG_4373\" src=\"https:\/\/revista-insaiguaviva.org\/curs2013-2014\/wp-content\/uploads\/2014\/05\/resized_IMG_4373-300x200.jpg\" width=\"300\" height=\"200\" srcset=\"https:\/\/www.revista-insaiguaviva.org\/curs2013-2014\/wp-content\/uploads\/2014\/05\/resized_IMG_4373-300x200.jpg 300w, https:\/\/www.revista-insaiguaviva.org\/curs2013-2014\/wp-content\/uploads\/2014\/05\/resized_IMG_4373-1024x682.jpg 1024w\" sizes=\"auto, (max-width: 300px) 100vw, 300px\" \/><\/a><\/p>\n<p>Els premis de poesia en llengua estrangera, van ser per a la <strong>Luc\u00eda Pascual,<\/strong> per la seva poesia escrita en <strong>franc\u00e8s,<\/strong> i per a la <strong>Loredana Sandu<\/strong>, de 1r. ESO C, i l&#8217;<strong>Ainhoa Torres<\/strong> i la <strong>Cristina Aguilera,<\/strong> de 3r. d&#8217;ESO, per les seves composicions en <strong>angl\u00e8s<\/strong>.<\/p>\n<p><a href=\"https:\/\/revista-insaiguaviva.org\/curs2013-2014\/wp-content\/uploads\/2014\/05\/resized_IMG_4376.jpg\"><img loading=\"lazy\" decoding=\"async\" class=\"aligncenter size-medium wp-image-504\" alt=\"resized_IMG_4376\" src=\"https:\/\/revista-insaiguaviva.org\/curs2013-2014\/wp-content\/uploads\/2014\/05\/resized_IMG_4376-200x300.jpg\" width=\"200\" height=\"300\" srcset=\"https:\/\/www.revista-insaiguaviva.org\/curs2013-2014\/wp-content\/uploads\/2014\/05\/resized_IMG_4376-200x300.jpg 200w, https:\/\/www.revista-insaiguaviva.org\/curs2013-2014\/wp-content\/uploads\/2014\/05\/resized_IMG_4376-682x1024.jpg 682w, https:\/\/www.revista-insaiguaviva.org\/curs2013-2014\/wp-content\/uploads\/2014\/05\/resized_IMG_4376.jpg 1728w\" sizes=\"auto, (max-width: 200px) 100vw, 200px\" \/><\/a><\/p>\n<p style=\"text-align: justify;\">Els premis per a les millors composicions en <strong>llengua castellana\u00a0<\/strong>\u00a0van ser a 1r. d&#8217;ESO per a la <strong>Sara Subirana<\/strong> i la <strong>Loredana Sandu<\/strong>, que repetia premi; per a l&#8217;<strong>Abel Pujols,<\/strong> de 2n. d&#8217;ESO C, i l&#8217;<strong>Enric Creus,<\/strong> de 2n A, i, de nou, per a la <strong>Cristina Aguilera<\/strong>\u00a0i la <strong>Marina Alc\u00e1ntara<\/strong> de 3r.<\/p>\n<p style=\"text-align: center;\"><a href=\"https:\/\/revista-insaiguaviva.org\/curs2013-2014\/wp-content\/uploads\/2014\/05\/resized_IMG_4379.jpg\"><img loading=\"lazy\" decoding=\"async\" class=\"size-medium wp-image-505 aligncenter\" alt=\"resized_IMG_4379\" src=\"https:\/\/revista-insaiguaviva.org\/curs2013-2014\/wp-content\/uploads\/2014\/05\/resized_IMG_4379-200x300.jpg\" width=\"200\" height=\"300\" srcset=\"https:\/\/www.revista-insaiguaviva.org\/curs2013-2014\/wp-content\/uploads\/2014\/05\/resized_IMG_4379-200x300.jpg 200w, https:\/\/www.revista-insaiguaviva.org\/curs2013-2014\/wp-content\/uploads\/2014\/05\/resized_IMG_4379-682x1024.jpg 682w, https:\/\/www.revista-insaiguaviva.org\/curs2013-2014\/wp-content\/uploads\/2014\/05\/resized_IMG_4379.jpg 1728w\" sizes=\"auto, (max-width: 200px) 100vw, 200px\" \/><\/a><a href=\"https:\/\/revista-insaiguaviva.org\/curs2013-2014\/wp-content\/uploads\/2014\/05\/resized_IMG_4380.jpg\"><img loading=\"lazy\" decoding=\"async\" class=\"alignnone size-medium wp-image-506\" alt=\"resized_IMG_4380\" src=\"https:\/\/revista-insaiguaviva.org\/curs2013-2014\/wp-content\/uploads\/2014\/05\/resized_IMG_4380-200x300.jpg\" width=\"200\" height=\"300\" srcset=\"https:\/\/www.revista-insaiguaviva.org\/curs2013-2014\/wp-content\/uploads\/2014\/05\/resized_IMG_4380-200x300.jpg 200w, https:\/\/www.revista-insaiguaviva.org\/curs2013-2014\/wp-content\/uploads\/2014\/05\/resized_IMG_4380-682x1024.jpg 682w, https:\/\/www.revista-insaiguaviva.org\/curs2013-2014\/wp-content\/uploads\/2014\/05\/resized_IMG_4380.jpg 1728w\" sizes=\"auto, (max-width: 200px) 100vw, 200px\" \/><\/a><\/p>\n<p style=\"text-align: justify;\">I, finalment, en la categoria de <strong>llengua catalana<\/strong>, els premis van ser per a la <strong>J\u00falia Adalid,<\/strong> la <strong>Nikoleta Stoyanova<\/strong> i l&#8217;<strong>Ana Escudero<\/strong> de 1r. d&#8217;ESO; l&#8217;<strong>Alex Reyes<\/strong> i, de nou, l&#8217;<strong>Enric Creus<\/strong> de 2n. d&#8217;ESO, i la <strong>Laura L\u00f3pez<\/strong> de 3r. L&#8217;acte es va tancar amb una foto en grup d&#8217;alguns dels guanyadors.<\/p>\n<p style=\"text-align: center;\"><a href=\"https:\/\/revista-insaiguaviva.org\/curs2013-2014\/wp-content\/uploads\/2014\/05\/resized_IMG_4382.jpg\"><img loading=\"lazy\" decoding=\"async\" class=\"alignnone size-medium wp-image-507\" alt=\"resized_IMG_4382\" src=\"https:\/\/revista-insaiguaviva.org\/curs2013-2014\/wp-content\/uploads\/2014\/05\/resized_IMG_4382-200x300.jpg\" width=\"200\" height=\"300\" srcset=\"https:\/\/www.revista-insaiguaviva.org\/curs2013-2014\/wp-content\/uploads\/2014\/05\/resized_IMG_4382-200x300.jpg 200w, https:\/\/www.revista-insaiguaviva.org\/curs2013-2014\/wp-content\/uploads\/2014\/05\/resized_IMG_4382-682x1024.jpg 682w, https:\/\/www.revista-insaiguaviva.org\/curs2013-2014\/wp-content\/uploads\/2014\/05\/resized_IMG_4382.jpg 1728w\" sizes=\"auto, (max-width: 200px) 100vw, 200px\" \/><\/a><a href=\"https:\/\/revista-insaiguaviva.org\/curs2013-2014\/wp-content\/uploads\/2014\/05\/resized_IMG_4384.jpg\"><img loading=\"lazy\" decoding=\"async\" class=\"alignnone size-medium wp-image-509\" alt=\"resized_IMG_4384\" src=\"https:\/\/revista-insaiguaviva.org\/curs2013-2014\/wp-content\/uploads\/2014\/05\/resized_IMG_4384-200x300.jpg\" width=\"200\" height=\"300\" srcset=\"https:\/\/www.revista-insaiguaviva.org\/curs2013-2014\/wp-content\/uploads\/2014\/05\/resized_IMG_4384-200x300.jpg 200w, https:\/\/www.revista-insaiguaviva.org\/curs2013-2014\/wp-content\/uploads\/2014\/05\/resized_IMG_4384-682x1024.jpg 682w, https:\/\/www.revista-insaiguaviva.org\/curs2013-2014\/wp-content\/uploads\/2014\/05\/resized_IMG_4384.jpg 1728w\" sizes=\"auto, (max-width: 200px) 100vw, 200px\" \/><\/a><a href=\"https:\/\/revista-insaiguaviva.org\/curs2013-2014\/wp-content\/uploads\/2014\/05\/resized_IMG_4385.jpg\"><img loading=\"lazy\" decoding=\"async\" class=\"size-medium wp-image-510 aligncenter\" alt=\"resized_IMG_4385\" src=\"https:\/\/revista-insaiguaviva.org\/curs2013-2014\/wp-content\/uploads\/2014\/05\/resized_IMG_4385-300x200.jpg\" width=\"300\" height=\"200\" srcset=\"https:\/\/www.revista-insaiguaviva.org\/curs2013-2014\/wp-content\/uploads\/2014\/05\/resized_IMG_4385-300x200.jpg 300w, https:\/\/www.revista-insaiguaviva.org\/curs2013-2014\/wp-content\/uploads\/2014\/05\/resized_IMG_4385-1024x682.jpg 1024w\" sizes=\"auto, (max-width: 300px) 100vw, 300px\" \/><\/a><\/p>\n<p>Properament, esperem poder penjar en aquesta revista algunes de les composicions guanyadores.<\/p>\n<p>&nbsp;<\/p>\n<p>&nbsp;<\/p>\n<p>&nbsp;<\/p>\n<p>&nbsp;<\/p>\n","protected":false},"excerpt":{"rendered":"<p>L&#8217;acte va comen\u00e7ar amb el lliurament de premis de Visual i Pl\u00e0stica. En la categoria del millor dibuix, van guanyar en Sergi P\u00e9rez i l&#8217;Angels Rey. &nbsp; En la categoria de volumetria, el premi se&#8217;l va endur el grup de 3r. d&#8217;ESO B integrat per Anastasia Untila, Nuria Cervilla, Cristina Aguilera, Jos\u00e9 Capit\u00e1n i Khaira &hellip; <a href=\"https:\/\/www.revista-insaiguaviva.org\/curs2013-2014\/celebracions\/sant-jordi\/\" class=\"more-link\">Continua la lectura de <span class=\"screen-reader-text\">Sant Jordi<\/span> <span class=\"meta-nav\">&rarr;<\/span><\/a><\/p>\n","protected":false},"author":1,"featured_media":0,"parent":42,"menu_order":0,"comment_status":"open","ping_status":"open","template":"","meta":{"footnotes":""},"class_list":["post-495","page","type-page","status-publish","hentry"],"_links":{"self":[{"href":"https:\/\/www.revista-insaiguaviva.org\/curs2013-2014\/wp-json\/wp\/v2\/pages\/495","targetHints":{"allow":["GET"]}}],"collection":[{"href":"https:\/\/www.revista-insaiguaviva.org\/curs2013-2014\/wp-json\/wp\/v2\/pages"}],"about":[{"href":"https:\/\/www.revista-insaiguaviva.org\/curs2013-2014\/wp-json\/wp\/v2\/types\/page"}],"author":[{"embeddable":true,"href":"https:\/\/www.revista-insaiguaviva.org\/curs2013-2014\/wp-json\/wp\/v2\/users\/1"}],"replies":[{"embeddable":true,"href":"https:\/\/www.revista-insaiguaviva.org\/curs2013-2014\/wp-json\/wp\/v2\/comments?post=495"}],"version-history":[{"count":4,"href":"https:\/\/www.revista-insaiguaviva.org\/curs2013-2014\/wp-json\/wp\/v2\/pages\/495\/revisions"}],"predecessor-version":[{"id":525,"href":"https:\/\/www.revista-insaiguaviva.org\/curs2013-2014\/wp-json\/wp\/v2\/pages\/495\/revisions\/525"}],"up":[{"embeddable":true,"href":"https:\/\/www.revista-insaiguaviva.org\/curs2013-2014\/wp-json\/wp\/v2\/pages\/42"}],"wp:attachment":[{"href":"https:\/\/www.revista-insaiguaviva.org\/curs2013-2014\/wp-json\/wp\/v2\/media?parent=495"}],"curies":[{"name":"wp","href":"https:\/\/api.w.org\/{rel}","templated":true}]}}