{"id":527,"date":"2014-05-05T16:49:11","date_gmt":"2014-05-05T16:49:11","guid":{"rendered":"https:\/\/revista-insaiguaviva.org\/curs2013-2014\/?page_id=527"},"modified":"2014-05-08T17:13:29","modified_gmt":"2014-05-08T17:13:29","slug":"visita-a-lhostalric-medieval","status":"publish","type":"page","link":"https:\/\/www.revista-insaiguaviva.org\/curs2013-2014\/ciencies-socials\/visita-a-lhostalric-medieval\/","title":{"rendered":"Visita a l&#8217;Hostalric medieval"},"content":{"rendered":"<div style=\"text-align: justify;\"><span style=\"font-size: large;\">&#8220;El mes de mar\u00e7 vam anar a Hostalric per visitar la seu castell.\u00a0<\/span><span style=\"font-size: large;\">Ens van guiar pel seu interior, i ens van explicar com eren les seves l\u00ednies de defensa, i la seva hist\u00f2ria.\u00a0<\/span><span style=\"font-size: large; line-height: 1.5;\">Despr\u00e9s vam anar per la muralla d&#8217;Hostalric i pel poble, i fins i tot a una cova, la cova de Ralliguer.<\/span><\/div>\n<div style=\"text-align: justify;\"><span style=\"font-size: large;\">\u00a0<\/span><\/div>\n<div style=\"text-align: justify;\"><span style=\"font-size: large;\">Amb aquesta sortida ens hem pogut imaginar com era viure durant la Baixa Edat Mitjana.&#8221;<\/span><\/div>\n<div><span style=\"font-size: large;\">\u00a0<\/span><\/div>\n<div><strong><span style=\"font-size: large;\">Camila Cowley M\u00e9ndez 2nC.<\/span><\/strong><\/div>\n<div><\/div>\n<div><a href=\"https:\/\/revista-insaiguaviva.org\/curs2013-2014\/wp-content\/uploads\/2014\/05\/SAM_0947.jpg\"><img loading=\"lazy\" decoding=\"async\" class=\"alignnone size-medium wp-image-551\" alt=\"SAM_0947\" src=\"https:\/\/revista-insaiguaviva.org\/curs2013-2014\/wp-content\/uploads\/2014\/05\/SAM_0947-300x225.jpg\" width=\"300\" height=\"225\" srcset=\"https:\/\/www.revista-insaiguaviva.org\/curs2013-2014\/wp-content\/uploads\/2014\/05\/SAM_0947-300x225.jpg 300w, https:\/\/www.revista-insaiguaviva.org\/curs2013-2014\/wp-content\/uploads\/2014\/05\/SAM_0947-1024x768.jpg 1024w, https:\/\/www.revista-insaiguaviva.org\/curs2013-2014\/wp-content\/uploads\/2014\/05\/SAM_0947.jpg 1984w\" sizes=\"auto, (max-width: 300px) 100vw, 300px\" \/><a href=\"https:\/\/revista-insaiguaviva.org\/curs2013-2014\/wp-content\/uploads\/2014\/05\/SAM_0997.jpg\"><img loading=\"lazy\" decoding=\"async\" class=\"alignnone size-medium wp-image-549\" alt=\"SAM_0997\" src=\"https:\/\/revista-insaiguaviva.org\/curs2013-2014\/wp-content\/uploads\/2014\/05\/SAM_0997-300x225.jpg\" width=\"300\" height=\"225\" srcset=\"https:\/\/www.revista-insaiguaviva.org\/curs2013-2014\/wp-content\/uploads\/2014\/05\/SAM_0997-300x225.jpg 300w, https:\/\/www.revista-insaiguaviva.org\/curs2013-2014\/wp-content\/uploads\/2014\/05\/SAM_0997-1024x768.jpg 1024w, https:\/\/www.revista-insaiguaviva.org\/curs2013-2014\/wp-content\/uploads\/2014\/05\/SAM_0997.jpg 1984w\" sizes=\"auto, (max-width: 300px) 100vw, 300px\" \/><\/a><\/a><\/div>\n<p>_________________________________________________________________<\/p>\n<p>A continuaci\u00f3 podeu veure un parell de videos, fets per alumnes de 2n. d&#8217;ESO A, que resumeixen la visita. El primer \u00e9s del Xavi Farr\u00e9 i l&#8217;Ilias Salmouni, i el segon, del Daniel Redondo i l&#8217;H\u00e9ctor Vidales.<\/p>\n<div style=\"text-align: center;\"><iframe loading=\"lazy\" src=\"\/\/www.youtube.com\/embed\/qL7I1mgpofI\" height=\"300\" width=\"380\" allowfullscreen=\"\" frameborder=\"0\"><\/iframe><\/div>\n<div style=\"text-align: center;\"><iframe loading=\"lazy\" src=\"\/\/www.youtube.com\/embed\/MArrGLPBd1k\" height=\"300\" width=\"380\" allowfullscreen=\"\" frameborder=\"0\"><\/iframe><\/div>\n","protected":false},"excerpt":{"rendered":"<p>&#8220;El mes de mar\u00e7 vam anar a Hostalric per visitar la seu castell.\u00a0Ens van guiar pel seu interior, i ens van explicar com eren les seves l\u00ednies de defensa, i la seva hist\u00f2ria.\u00a0Despr\u00e9s vam anar per la muralla d&#8217;Hostalric i pel poble, i fins i tot a una cova, la cova de Ralliguer. \u00a0 Amb &hellip; <a href=\"https:\/\/www.revista-insaiguaviva.org\/curs2013-2014\/ciencies-socials\/visita-a-lhostalric-medieval\/\" class=\"more-link\">Continua la lectura de <span class=\"screen-reader-text\">Visita a l&#8217;Hostalric medieval<\/span> <span class=\"meta-nav\">&rarr;<\/span><\/a><\/p>\n","protected":false},"author":1,"featured_media":0,"parent":63,"menu_order":0,"comment_status":"open","ping_status":"open","template":"","meta":{"footnotes":""},"class_list":["post-527","page","type-page","status-publish","hentry"],"_links":{"self":[{"href":"https:\/\/www.revista-insaiguaviva.org\/curs2013-2014\/wp-json\/wp\/v2\/pages\/527","targetHints":{"allow":["GET"]}}],"collection":[{"href":"https:\/\/www.revista-insaiguaviva.org\/curs2013-2014\/wp-json\/wp\/v2\/pages"}],"about":[{"href":"https:\/\/www.revista-insaiguaviva.org\/curs2013-2014\/wp-json\/wp\/v2\/types\/page"}],"author":[{"embeddable":true,"href":"https:\/\/www.revista-insaiguaviva.org\/curs2013-2014\/wp-json\/wp\/v2\/users\/1"}],"replies":[{"embeddable":true,"href":"https:\/\/www.revista-insaiguaviva.org\/curs2013-2014\/wp-json\/wp\/v2\/comments?post=527"}],"version-history":[{"count":16,"href":"https:\/\/www.revista-insaiguaviva.org\/curs2013-2014\/wp-json\/wp\/v2\/pages\/527\/revisions"}],"predecessor-version":[{"id":557,"href":"https:\/\/www.revista-insaiguaviva.org\/curs2013-2014\/wp-json\/wp\/v2\/pages\/527\/revisions\/557"}],"up":[{"embeddable":true,"href":"https:\/\/www.revista-insaiguaviva.org\/curs2013-2014\/wp-json\/wp\/v2\/pages\/63"}],"wp:attachment":[{"href":"https:\/\/www.revista-insaiguaviva.org\/curs2013-2014\/wp-json\/wp\/v2\/media?parent=527"}],"curies":[{"name":"wp","href":"https:\/\/api.w.org\/{rel}","templated":true}]}}

<div style="text-align: justify;"><span style="font-size: large;">&#8220;El mes de març vam anar a Hostalric per visitar la seu castell. </span><span style="font-size: large;">Ens van guiar pel seu interior, i ens van explicar com eren les seves línies de defensa, i la seva història. </span><span style="font-size: large; line-height: 1.5;">Després vam anar per la muralla d&#8217;Hostalric i pel poble, i fins i tot a una cova, la cova de Ralliguer.</span></div>
<div style="text-align: justify;"><span style="font-size: large;"> </span></div>
<div style="text-align: justify;"><span style="font-size: large;">Amb aquesta sortida ens hem pogut imaginar com era viure durant la Baixa Edat Mitjana.&#8221;</span></div>
<div><span style="font-size: large;"> </span></div>
<div><strong><span style="font-size: large;">Camila Cowley Méndez 2nC.</span></strong></div>
<div></div>
<div><a href="https://revista-insaiguaviva.org/curs2013-2014/wp-content/uploads/2014/05/SAM_0947.jpg"><img loading="lazy" decoding="async" class="alignnone size-medium wp-image-551" alt="SAM_0947" src="https://revista-insaiguaviva.org/curs2013-2014/wp-content/uploads/2014/05/SAM_0947-300x225.jpg" width="300" height="225" srcset="https://www.revista-insaiguaviva.org/curs2013-2014/wp-content/uploads/2014/05/SAM_0947-300x225.jpg 300w, https://www.revista-insaiguaviva.org/curs2013-2014/wp-content/uploads/2014/05/SAM_0947-1024x768.jpg 1024w, https://www.revista-insaiguaviva.org/curs2013-2014/wp-content/uploads/2014/05/SAM_0947.jpg 1984w" sizes="auto, (max-width: 300px) 100vw, 300px" /><a href="https://revista-insaiguaviva.org/curs2013-2014/wp-content/uploads/2014/05/SAM_0997.jpg"><img loading="lazy" decoding="async" class="alignnone size-medium wp-image-549" alt="SAM_0997" src="https://revista-insaiguaviva.org/curs2013-2014/wp-content/uploads/2014/05/SAM_0997-300x225.jpg" width="300" height="225" srcset="https://www.revista-insaiguaviva.org/curs2013-2014/wp-content/uploads/2014/05/SAM_0997-300x225.jpg 300w, https://www.revista-insaiguaviva.org/curs2013-2014/wp-content/uploads/2014/05/SAM_0997-1024x768.jpg 1024w, https://www.revista-insaiguaviva.org/curs2013-2014/wp-content/uploads/2014/05/SAM_0997.jpg 1984w" sizes="auto, (max-width: 300px) 100vw, 300px" /></a></a></div>
<p>_________________________________________________________________</p>
<p>A continuació podeu veure un parell de videos, fets per alumnes de 2n. d&#8217;ESO A, que resumeixen la visita. El primer és del Xavi Farré i l&#8217;Ilias Salmouni, i el segon, del Daniel Redondo i l&#8217;Héctor Vidales.</p>
<div style="text-align: center;"><iframe loading="lazy" src="//www.youtube.com/embed/qL7I1mgpofI" height="300" width="380" allowfullscreen="" frameborder="0"></iframe></div>
<div style="text-align: center;"><iframe loading="lazy" src="//www.youtube.com/embed/MArrGLPBd1k" height="300" width="380" allowfullscreen="" frameborder="0"></iframe></div>

<p>&#8220;El mes de març vam anar a Hostalric per visitar la seu castell. Ens van guiar pel seu interior, i ens van explicar com eren les seves línies de defensa, i la seva història. Després vam anar per la muralla d&#8217;Hostalric i pel poble, i fins i tot a una cova, la cova de Ralliguer.   Amb &hellip; <a href="https://www.revista-insaiguaviva.org/curs2013-2014/ciencies-socials/visita-a-lhostalric-medieval/" class="more-link">Continua la lectura de <span class="screen-reader-text">Visita a l&#8217;Hostalric medieval</span> <span class="meta-nav">&rarr;</span></a></p>
