{"id":839,"date":"2019-05-01T18:51:16","date_gmt":"2019-05-01T16:51:16","guid":{"rendered":"https:\/\/www.revista-insaiguaviva.org\/curs2018-2019\/?page_id=839"},"modified":"2019-05-05T19:09:09","modified_gmt":"2019-05-05T17:09:09","slug":"la-ironia-de-la-soledad","status":"publish","type":"page","link":"https:\/\/www.revista-insaiguaviva.org\/curs2018-2019\/la-ironia-de-la-soledad\/","title":{"rendered":"La iron\u00eda de la soledad &#8211; Merelyn Abreu"},"content":{"rendered":"<p>Bienvenida al vac\u00edo entre la mente y el coraz\u00f3n.<\/p>\n<p>Donde solo se escuchan el eco de los silenciosos gritos<\/p>\n<p>Y palabras vac\u00edas intentan llenar el alma de amor.<\/p>\n<p>Y las l\u00e1grimas secan una tormenta de lamentos.<\/p>\n<p>\u00a1Oh, soledad! Bienvenida seas a este vac\u00edo sin raz\u00f3n.<\/p>\n<p>&nbsp;<\/p>\n<p>\u00a1Oh, soledad! Compa\u00f1era de vida,<\/p>\n<p>que, aunque rodeada de gente est\u00e9,<\/p>\n<p>Eres t\u00fa mi salvavidas.<\/p>\n<p>\u00a1Oh, soledad! Bienvenida a la luz de la oscuridad.<\/p>\n<p>Donde las nubes no dejan de llorar,<\/p>\n<p>y el silencio es demasiado alto como para no escuchar.<\/p>\n<p>\u00a1Oh, soledad! Para algunos<\/p>\n<p>amiga, compa\u00f1\u00eda o enemiga.<\/p>\n<p>Seg\u00fan Wikipedia estado mental.<\/p>\n<p>&nbsp;<\/p>\n<p>Bienvenida al vacio entre el coraz\u00f3n y la mente.<\/p>\n<p>Donde el tiempo que una vez fue lento,<\/p>\n<p>es ahora un vil tormento.<\/p>\n<p>Donde por m\u00e1s que lo intentes es imposible no perderse.<\/p>\n<p>\u00a1Oh, soledad! Bienvenida seas a este vac\u00edo decadente.<\/p>\n<p>&nbsp;<\/p>\n","protected":false},"excerpt":{"rendered":"<p>Bienvenida al vac\u00edo entre la mente y el coraz\u00f3n. Donde solo se escuchan el eco de los silenciosos gritos Y palabras vac\u00edas intentan llenar el alma de amor. Y las l\u00e1grimas secan una tormenta de lamentos. \u00a1Oh, soledad! Bienvenida seas a este vac\u00edo sin raz\u00f3n. &nbsp; \u00a1Oh, soledad! Compa\u00f1era de vida, que, aunque rodeada de &hellip; <\/p>\n<p class=\"link-more\"><a href=\"https:\/\/www.revista-insaiguaviva.org\/curs2018-2019\/la-ironia-de-la-soledad\/\" class=\"more-link\">Continua llegint <span class=\"screen-reader-text\">\u00abLa iron\u00eda de la soledad &#8211; Merelyn Abreu\u00bb<\/span><\/a><\/p>\n","protected":false},"author":2,"featured_media":0,"parent":0,"menu_order":0,"comment_status":"closed","ping_status":"closed","template":"","meta":{"footnotes":""},"class_list":["post-839","page","type-page","status-publish","hentry"],"_links":{"self":[{"href":"https:\/\/www.revista-insaiguaviva.org\/curs2018-2019\/wp-json\/wp\/v2\/pages\/839","targetHints":{"allow":["GET"]}}],"collection":[{"href":"https:\/\/www.revista-insaiguaviva.org\/curs2018-2019\/wp-json\/wp\/v2\/pages"}],"about":[{"href":"https:\/\/www.revista-insaiguaviva.org\/curs2018-2019\/wp-json\/wp\/v2\/types\/page"}],"author":[{"embeddable":true,"href":"https:\/\/www.revista-insaiguaviva.org\/curs2018-2019\/wp-json\/wp\/v2\/users\/2"}],"replies":[{"embeddable":true,"href":"https:\/\/www.revista-insaiguaviva.org\/curs2018-2019\/wp-json\/wp\/v2\/comments?post=839"}],"version-history":[{"count":2,"href":"https:\/\/www.revista-insaiguaviva.org\/curs2018-2019\/wp-json\/wp\/v2\/pages\/839\/revisions"}],"predecessor-version":[{"id":858,"href":"https:\/\/www.revista-insaiguaviva.org\/curs2018-2019\/wp-json\/wp\/v2\/pages\/839\/revisions\/858"}],"wp:attachment":[{"href":"https:\/\/www.revista-insaiguaviva.org\/curs2018-2019\/wp-json\/wp\/v2\/media?parent=839"}],"curies":[{"name":"wp","href":"https:\/\/api.w.org\/{rel}","templated":true}]}}

La ironía de la soledad &#8211; Merelyn Abreu

<p>Bienvenida al vacío entre la mente y el corazón.</p>
<p>Donde solo se escuchan el eco de los silenciosos gritos</p>
<p>Y palabras vacías intentan llenar el alma de amor.</p>
<p>Y las lágrimas secan una tormenta de lamentos.</p>
<p>¡Oh, soledad! Bienvenida seas a este vacío sin razón.</p>
<p>&nbsp;</p>
<p>¡Oh, soledad! Compañera de vida,</p>
<p>que, aunque rodeada de gente esté,</p>
<p>Eres tú mi salvavidas.</p>
<p>¡Oh, soledad! Bienvenida a la luz de la oscuridad.</p>
<p>Donde las nubes no dejan de llorar,</p>
<p>y el silencio es demasiado alto como para no escuchar.</p>
<p>¡Oh, soledad! Para algunos</p>
<p>amiga, compañía o enemiga.</p>
<p>Según Wikipedia estado mental.</p>
<p>&nbsp;</p>
<p>Bienvenida al vacio entre el corazón y la mente.</p>
<p>Donde el tiempo que una vez fue lento,</p>
<p>es ahora un vil tormento.</p>
<p>Donde por más que lo intentes es imposible no perderse.</p>
<p>¡Oh, soledad! Bienvenida seas a este vacío decadente.</p>
<p>&nbsp;</p>

<p>Bienvenida al vacío entre la mente y el corazón. Donde solo se escuchan el eco de los silenciosos gritos Y palabras vacías intentan llenar el alma de amor. Y las lágrimas secan una tormenta de lamentos. ¡Oh, soledad! Bienvenida seas a este vacío sin razón. &nbsp; ¡Oh, soledad! Compañera de vida, que, aunque rodeada de &hellip; </p>
<p class="link-more"><a href="https://www.revista-insaiguaviva.org/curs2018-2019/la-ironia-de-la-soledad/" class="more-link">Continua llegint <span class="screen-reader-text">«La ironía de la soledad &#8211; Merelyn Abreu»</span></a></p>
