{"id":854,"date":"2019-05-05T19:07:33","date_gmt":"2019-05-05T17:07:33","guid":{"rendered":"https:\/\/www.revista-insaiguaviva.org\/curs2018-2019\/?page_id=854"},"modified":"2019-05-05T19:07:56","modified_gmt":"2019-05-05T17:07:56","slug":"canicas","status":"publish","type":"page","link":"https:\/\/www.revista-insaiguaviva.org\/curs2018-2019\/canicas\/","title":{"rendered":"Canicas &#8211; Adriana Untila"},"content":{"rendered":"<p>Aquel d\u00eda hac\u00eda mucho calor, el sol estaba colocado en lo alto del cielo azul, donde no hab\u00eda ni una sola nube, me acuerdo muy bien porque era julio, ten\u00edamos las vacaciones de verano y mi abuelito decidi\u00f3 que ser\u00eda buena idea ir al parque de atracciones. \u00a1Qu\u00e9 emoci\u00f3n! Nunca hab\u00eda ido antes con mi abuelo Pedro as\u00ed que aquel d\u00eda fue muy especial para m\u00ed, porque, adem\u00e1s, mam\u00e1 nos dej\u00f3 comprar mis dulces favoritos.<\/p>\n<p>El abuelito no me dijo nada respecto a las chucher\u00edas y me extra\u00f1\u00f3 porque a \u00e9l tambi\u00e9n le gustaban, a\u00fan as\u00ed, no le pregunt\u00e9 nada y dej\u00e9 que el d\u00eda pasara envuelto en \u00a1muchas atracciones!<\/p>\n<p>Mi momento favorito fue cuando me sub\u00ed con mi madre a los coches, ella cog\u00eda el volante y yo no pod\u00eda parar de re\u00edr de lo lento que iba. Vi que el abuelo nos miraba desde la distancia, mostrando una enorme sonrisa. Ese instante no lo olvidar\u00e9 nunca.<\/p>\n<p>Cuando volvimos a casa despu\u00e9s de haber comprado tres helados gigantes, el abuelo me dijo que quer\u00eda m\u00e1s dulce as\u00ed que le pregunt\u00f3 a mam\u00e1 si podr\u00edamos comprar chuches.<\/p>\n<p>\u2014-Hija, \u00bfno hay ning\u00fan chocolate en casa? \u2014pregunt\u00f3 empezando a buscar por los cajones\u2014. \u00bfPodemos ir a comprar?<\/p>\n<p>\u2014Pap\u00e1, espera \u2014vi a mami salir de la cocina para irse hasta la entrada, ah\u00ed hab\u00edamos dejado la bolsa llena de chocolatinas\u2014, toma, aqu\u00ed est\u00e1n las que hemos comprado hoy, \u00bfno te acordabas? \u2014sonri\u00f3 mostr\u00e1ndole la bolsa.<\/p>\n<p>\u2014Yayo\u2026 \u00bfte pasa algo? \u2014susurr\u00e9 muy cerquita de \u00e9l. No quer\u00eda que mam\u00e1s nos oyera.<\/p>\n<p>\u2014No es nada cielo, no te preocupes, vamos a dormir que hoy ha sido un d\u00eda muy largo \u2014me cogi\u00f3 de la mano mientras guardaba un conejito de chocolate en el bolsillo.<\/p>\n<p>Despu\u00e9s de aquel d\u00eda en el parque, ya no volvimos m\u00e1s, aunque yo ten\u00eda muchas de ir y volver a montarme en aquellos coches. Los d\u00edas segu\u00edan pasando y a pesar de que le repet\u00eda a mam\u00e1 de regresar, me dec\u00eda que no. Sin que me diera cuenta, ya hab\u00edan pasado muchos meses, entonces dej\u00e9 de preguntar.<\/p>\n<p>El abuelito no entend\u00eda porque no nos dejaba ir, as\u00ed que, en lugar de las enormes atracciones, nos \u00edbamos al parque que estaba al lado del colegio para jugar hasta que el sol se pusiera.<\/p>\n<p>A veces me encontraba con algunos compa\u00f1eros de clase y nos pon\u00edamos a jugar a las canicas, en aquellos d\u00edas aparec\u00eda tambi\u00e9n Pablo, \u00a1que bien nos lo pas\u00e1bamos! Siempre le contaba al abuelo lo que hac\u00eda con Pablo, que juegos eleg\u00edamos y lo mucho que nos re\u00edamos, pero esta vez fue diferente, \u00e9l no se acordaba de mi mejor amigo.<\/p>\n<p>\u2014\u00a1Abuelo! Mira lo que me ha regalado Pablo, \u00a1es una canica! \u2014era muy bonita, con muchos colores, un poco m\u00e1s grande que las que ten\u00eda.<\/p>\n<p>\u2014\u00bfQui\u00e9n es Pablo, cielo? \u2014pregunt\u00f3, sonri\u00e9ndome. No entend\u00eda por qu\u00e9 me preguntaba aquello, le hab\u00eda dicho muchas veces quien era y a los juegos que jug\u00e1bamos.<\/p>\n<p>\u2014Yayo\u2026 Pablo es mi mejor amigo, \u00bfno te acuerdas? \u2014pregunt\u00e9 triste. \u00bfPor qu\u00e9 no se acordaba de \u00e9l?<\/p>\n<p>\u2014\u00a1Ah! Claro que s\u00ed, cari\u00f1o, un compa\u00f1ero de clase, \u00bfno?<\/p>\n<p>Desde aquella conversaci\u00f3n no le volv\u00ed a hablar de Pablo, parec\u00eda como si de verdad no supiera quien era. Continu\u00f3 pasando el tiempo y por fin \u00a1hab\u00eda llegado mi cumplea\u00f1os! Todos mis amigos me felicitaron y mam\u00e1 me hab\u00eda preparado una peque\u00f1a tarta de chocolate donde le hab\u00eda puesto un 9 bien grande.<\/p>\n<p>\u2014Cari\u00f1o, \u00a1feliz cumplea\u00f1os! \u2014grit\u00f3 mi madre muy emocionada mientras todos los dem\u00e1s empezaban a cantar. Me levant\u00e9 de la silla, poni\u00e9ndome de pie para que todos me vieran soplando la vela, quer\u00eda que el abuelo me viera.<\/p>\n<p>Cuando acabamos de comer la tarta, me acerqu\u00e9 y lo abrac\u00e9 muy fuerte, se agach\u00f3 y me felicit\u00f3 al o\u00eddo mientras me daba mi regalo envuelto con un color azul muy bonito.<\/p>\n<p>Aquello cambi\u00f3 cuando se acerc\u00f3 el siguiente cumplea\u00f1os, aquel a\u00f1o decid\u00ed que lo mejor ser\u00eda no celebrarlo porque durante los \u00faltimos d\u00edas, el abuelito se hab\u00eda encontrado mal y yo quer\u00eda estar junto a \u00e9l.<\/p>\n<p>Entr\u00e9 a su habitaci\u00f3n y lo vi sentado en su sill\u00f3n junto a la ventana. Me acerqu\u00e9 hasta ponerme delante y not\u00e9 que ten\u00eda la mirada muy triste, \u00bfestaba enfermo?<\/p>\n<p>\u2014Abuelo\u2026 \u00bfest\u00e1s bien? \u2014susurr\u00e9 para no hacer mucho ruido.<\/p>\n<p>Me mir\u00f3 serio, como si no me reconociera, pero a los segundos cambi\u00f3 de expresi\u00f3n, regal\u00e1ndome una media sonrisa.<\/p>\n<p>\u2014Claro que s\u00ed cielo, \u00bfpor qu\u00e9?<\/p>\n<p>\u2014Es que\u2026 no me has felicitado y t\u00fa siempre lo haces \u2014hoy cumpl\u00eda 10 a\u00f1os.<\/p>\n<p>\u2014\u00bfPor qu\u00e9 iba a felicitarte? \u2014pregunt\u00f3 confundido, aquello hizo que tuviera ganas de llorar.<\/p>\n<p>\u2014Hoy es mi cumplea\u00f1os, \u00bfpor qu\u00e9 no te has acordado?<\/p>\n<p>\u2014Lo siento cari\u00f1o, feliz cumplea\u00f1os \u2014dijo mientras me acariciaba una mejilla\u2014. \u00daltimamente me cuesta acordarme de las cosas.<\/p>\n<p>\u2014Oh\u2026<\/p>\n<p>Pensaba que mam\u00e1 me har\u00eda de nuevo una tarta de chocolate y que el abuelo me volver\u00eda a abrazar fuerte mientras me felicitaba al o\u00eddo, pero nada de eso ocurri\u00f3. Durante esa noche quer\u00eda dormir y no pod\u00eda hacerlo, no quer\u00eda que el abuelo se olvidar\u00e1 de m\u00ed y que ya no recordara todos esos momentos.<\/p>\n<p>El tiempo fue pasando y cada vez el abuelo se encontraba peor, hab\u00eda d\u00edas incluso que se olvidaba de comer o permanec\u00eda al lado de aquella ventana mirando a la nada.<\/p>\n<p>Un d\u00eda, cuando llegu\u00e9 a casa despu\u00e9s del colegio, esta se encontraba en silencio, no se o\u00eda ning\u00fan tipo de ruido salvo el pasar de los coches.<\/p>\n<p>En mi mano sosten\u00eda la canica que Pablo me hab\u00eda regalado tiempo atr\u00e1s. Algo ocurr\u00eda, lo pod\u00eda sentir y no quer\u00eda que llegara el momento para hacerle frente. Llegu\u00e9 a la habitaci\u00f3n del abuelo, abriendo la puerta con lentitud y lo primero que vi fue a mi madre, sollozando.<\/p>\n<p>\u2014Mam\u00e1\u2026 \u00bfqu\u00e9 pasa? \u2014pregunt\u00e9 con cautela, sintiendo mi voz romperse.<\/p>\n<p>\u2014Cielo, el abuelo\u2026 \u2014se levant\u00f3 del suelo, permiti\u00e9ndome ver una imagen de \u00e9l, recostado en la cama, con los ojos cerrados como si estuviera durmiendo.<\/p>\n<p>Mam\u00e1 me sac\u00f3 de la habitaci\u00f3n, cerrando la puerta a la vez.<\/p>\n<p>\u2014\u00bfQu\u00e9 ocurre con el abuelo? \u00bfEst\u00e1 bien?<\/p>\n<p>\u2014Se ha ido, mi peque\u00f1a \u2014mam\u00e1 se cay\u00f3 de rodillas al suelo, intentando no llorar, intentando que la \u00faltima l\u00e1grima no resbalara por su mejilla.<\/p>\n<p>\u2014\u00bfIdo? \u00bfA d\u00f3nde? \u2014no quer\u00eda o\u00edr la respuesta.<\/p>\n<p>\u2014Con tu padre \u2014respondi\u00f3, abraz\u00e1ndome con fuerza. \u00a1No!<\/p>\n<p>\u2014\u00a1No! \u00bfC\u00f3mo pap\u00e1? \u00a1No! \u2014grit\u00e9, queriendo que esa realidad nunca hubiera existido.<\/p>\n<p>Entr\u00e9 corriendo a la habitaci\u00f3n, subi\u00e9ndome a la cama, toc\u00e1ndole el hombro, intentando que se moviera de alguna manera. A\u00fan ten\u00eda sujeta la canica, con fuerza, porque esa canica, representaba el pasar del tiempo, todos aquellos recuerdos que compart\u00ed con las personas que m\u00e1s quer\u00eda.<\/p>\n<p>\u2014\u00a1Abuelo, por favor no te vayas! \u2014grit\u00e9 mientras miles de l\u00e1grimas sal\u00edan sin control. No pod\u00eda ser que el abuelo me dejara, que ya no estar\u00eda m\u00e1s con \u00e9l.<\/p>\n<p>Mi madre se acerc\u00f3 con rapidez hasta mi lado, intentado separarme de \u00e9l, queriendo que me calmara. Mi abuelito se hab\u00eda ido\u2026<\/p>\n<p>Jam\u00e1s olvidar\u00e9 esos recuerdos que compartimos, aquellos momentos donde no par\u00e1bamos de re\u00edr, donde me abrazada con fuerza y me dec\u00eda que me quer\u00eda. Guardar\u00e9 esos recuerdos, siempre, por los dos, porque \u00e9l no pudo y los cerrar\u00e9 con llave para nunca dejarlos escapar.<\/p>\n<p>&nbsp;<\/p>\n","protected":false},"excerpt":{"rendered":"<p>Aquel d\u00eda hac\u00eda mucho calor, el sol estaba colocado en lo alto del cielo azul, donde no hab\u00eda ni una sola nube, me acuerdo muy bien porque era julio, ten\u00edamos las vacaciones de verano y mi abuelito decidi\u00f3 que ser\u00eda buena idea ir al parque de atracciones. \u00a1Qu\u00e9 emoci\u00f3n! Nunca hab\u00eda ido antes con mi &hellip; <\/p>\n<p class=\"link-more\"><a href=\"https:\/\/www.revista-insaiguaviva.org\/curs2018-2019\/canicas\/\" class=\"more-link\">Continua llegint <span class=\"screen-reader-text\">\u00abCanicas &#8211; Adriana Untila\u00bb<\/span><\/a><\/p>\n","protected":false},"author":2,"featured_media":0,"parent":0,"menu_order":0,"comment_status":"closed","ping_status":"closed","template":"","meta":{"footnotes":""},"class_list":["post-854","page","type-page","status-publish","hentry"],"_links":{"self":[{"href":"https:\/\/www.revista-insaiguaviva.org\/curs2018-2019\/wp-json\/wp\/v2\/pages\/854","targetHints":{"allow":["GET"]}}],"collection":[{"href":"https:\/\/www.revista-insaiguaviva.org\/curs2018-2019\/wp-json\/wp\/v2\/pages"}],"about":[{"href":"https:\/\/www.revista-insaiguaviva.org\/curs2018-2019\/wp-json\/wp\/v2\/types\/page"}],"author":[{"embeddable":true,"href":"https:\/\/www.revista-insaiguaviva.org\/curs2018-2019\/wp-json\/wp\/v2\/users\/2"}],"replies":[{"embeddable":true,"href":"https:\/\/www.revista-insaiguaviva.org\/curs2018-2019\/wp-json\/wp\/v2\/comments?post=854"}],"version-history":[{"count":2,"href":"https:\/\/www.revista-insaiguaviva.org\/curs2018-2019\/wp-json\/wp\/v2\/pages\/854\/revisions"}],"predecessor-version":[{"id":856,"href":"https:\/\/www.revista-insaiguaviva.org\/curs2018-2019\/wp-json\/wp\/v2\/pages\/854\/revisions\/856"}],"wp:attachment":[{"href":"https:\/\/www.revista-insaiguaviva.org\/curs2018-2019\/wp-json\/wp\/v2\/media?parent=854"}],"curies":[{"name":"wp","href":"https:\/\/api.w.org\/{rel}","templated":true}]}}