{"id":825,"date":"2020-04-19T13:31:19","date_gmt":"2020-04-19T11:31:19","guid":{"rendered":"https:\/\/www.revista-insaiguaviva.org\/curs2019-2020\/?page_id=825"},"modified":"2020-04-19T13:31:19","modified_gmt":"2020-04-19T11:31:19","slug":"premis-sant-jordi-2020-llengua-castellana-prosa-4","status":"publish","type":"page","link":"https:\/\/www.revista-insaiguaviva.org\/curs2019-2020\/premis-sant-jordi-2020-llengua-castellana-prosa-4\/","title":{"rendered":"PREMIS SANT JORDI 2020 &#8211; LLENGUA CASTELLANA &#8211; PROSA"},"content":{"rendered":"\n<p>Helena Aliaga &#8211; <strong><em>Tras las nubes<\/em><\/strong>   <\/p>\n\n\n\n<p>Hac\u00eda un d\u00eda estupendo. El sol brillaba radiante y el cielo, de un azul intenso, estaba manchado por unas pocas nubes. Tumbada en el jard\u00edn sent\u00eda esa agradable picaz\u00f3n del c\u00e9sped en el cuerpo y como el olor de tierra inundaba el lugar. Inspir\u00e9 hondo y estir\u00e9 mi mano al cielo. Parec\u00eda que, si alargaba un poco m\u00e1s el brazo, llegar\u00eda a tocar las nubes. Imagin\u00e9 entonces el tacto suave y fr\u00edo similar al algod\u00f3n, pero tan vulnerable que, si tocabas demasiado, ve\u00edas como se desvanec\u00eda entre tus dedos.&nbsp;<\/p>\n\n\n\n<p>De peque\u00f1a mi abuelo me habl\u00f3 de los guardianes de alamas, \u00e1ngeles que cuidaban de nuestros seres queridos. Yo, inocente, le pregunt\u00e9 que c\u00f3mo estaba seguro de la existencia de esas criaturas si nunca hab\u00eda visto alguno y \u00e9l, listo, me dijo que viv\u00edan tan arriba, en las nubes, que no pod\u00edamos verlos. Me habl\u00f3 de civilizaciones, reinos, aventuras y batallas combatidas en la inmensidad de nuestro cielo. Y yo me lo cre\u00ed. Juntos nuestra imaginaci\u00f3n volaba lejos, imaginando todo aquello que no era real. El sue\u00f1o de ver una de esas bellas criaturas me llenaba de ilusi\u00f3n cada d\u00eda; porque cuando eres peque\u00f1o, todo lo m\u00e1gico te parece real, asombroso y poderoso. En pocas palabras, te llena de felicidad.&nbsp; Cuando mi madre enferm\u00f3 y, un d\u00eda, no la pude ver m\u00e1s, entend\u00ed que los guardianes se la hab\u00edan llevado. Durante mucho tiempo me sent\u00ed estafada, sent\u00eda que esa magia, poco a poco, se iba resquebrajando, yo quer\u00eda a mi madre conmigo y no all\u00ed arriba con ellos. Pese a todo, a\u00fan me segu\u00eda aferrando al mundo de la imaginaci\u00f3n, ten\u00eda la esperanza de que todo aquello incre\u00edble de la magia y los cuentos no fueran simples mentiras blancas: los reyes magos, el hada de los dientes o el Ratoncito P\u00e9rez, Disney\u2026&nbsp;<\/p>\n\n\n\n<p>A medida que crec\u00ed y comprend\u00ed realmente todo aquello, la magia termin\u00f3 por resquebrajarse del todo.<\/p>\n\n\n\n<p>Ahora, aunque no crea en seres alados, me gusta pensar que, en alg\u00fan lugar, mi madre cuida de m\u00ed cual \u00e1ngel guardi\u00e1n. Mi perspectiva cambi\u00f3 pero nunca dej\u00e9 de creer en la felicidad.<\/p>\n\n\n\n<p>Bajo el brazo y suspiro, nost\u00e1lgica. Oigo mi nombre a lo lejos y me incorporo; mi padre me avisa que ya est\u00e1n en casa. Mi hermana peque\u00f1a llega corriendo y me ense\u00f1a, orgullosa, el dibujo sobre el ciclo del agua que ha hecho en el colegio. Le pido que me explique y ella, ilusionada, empieza a relatar la formaci\u00f3n de las nubes. Finalmente mi padre se une a nosotras y acabamos los tres buscando formas para los grandes algodones que parecen posar para nosotros. Sonr\u00edo y me corrijo: hoy es un d\u00eda estupendo.&nbsp;<br><\/p>\n","protected":false},"excerpt":{"rendered":"<p>Helena Aliaga &#8211; Tras las nubes Hac\u00eda un d\u00eda estupendo. El sol brillaba radiante y el cielo, de un azul intenso, estaba manchado por unas pocas nubes. Tumbada en el jard\u00edn sent\u00eda esa agradable picaz\u00f3n del c\u00e9sped en el cuerpo y como el olor de tierra inundaba el lugar. Inspir\u00e9 hondo y estir\u00e9 mi mano &hellip; <\/p>\n<p class=\"link-more\"><a href=\"https:\/\/www.revista-insaiguaviva.org\/curs2019-2020\/premis-sant-jordi-2020-llengua-castellana-prosa-4\/\" class=\"more-link\">Continua llegint <span class=\"screen-reader-text\">\u00abPREMIS SANT JORDI 2020 &#8211; LLENGUA CASTELLANA &#8211; PROSA\u00bb<\/span><\/a><\/p>\n","protected":false},"author":2,"featured_media":0,"parent":0,"menu_order":0,"comment_status":"closed","ping_status":"closed","template":"","meta":{"footnotes":""},"class_list":["post-825","page","type-page","status-publish","hentry"],"_links":{"self":[{"href":"https:\/\/www.revista-insaiguaviva.org\/curs2019-2020\/wp-json\/wp\/v2\/pages\/825","targetHints":{"allow":["GET"]}}],"collection":[{"href":"https:\/\/www.revista-insaiguaviva.org\/curs2019-2020\/wp-json\/wp\/v2\/pages"}],"about":[{"href":"https:\/\/www.revista-insaiguaviva.org\/curs2019-2020\/wp-json\/wp\/v2\/types\/page"}],"author":[{"embeddable":true,"href":"https:\/\/www.revista-insaiguaviva.org\/curs2019-2020\/wp-json\/wp\/v2\/users\/2"}],"replies":[{"embeddable":true,"href":"https:\/\/www.revista-insaiguaviva.org\/curs2019-2020\/wp-json\/wp\/v2\/comments?post=825"}],"version-history":[{"count":1,"href":"https:\/\/www.revista-insaiguaviva.org\/curs2019-2020\/wp-json\/wp\/v2\/pages\/825\/revisions"}],"predecessor-version":[{"id":826,"href":"https:\/\/www.revista-insaiguaviva.org\/curs2019-2020\/wp-json\/wp\/v2\/pages\/825\/revisions\/826"}],"wp:attachment":[{"href":"https:\/\/www.revista-insaiguaviva.org\/curs2019-2020\/wp-json\/wp\/v2\/media?parent=825"}],"curies":[{"name":"wp","href":"https:\/\/api.w.org\/{rel}","templated":true}]}}

<p>Helena Aliaga &#8211; <strong><em>Tras las nubes</em></strong>   </p>



<p>Hacía un día estupendo. El sol brillaba radiante y el cielo, de un azul intenso, estaba manchado por unas pocas nubes. Tumbada en el jardín sentía esa agradable picazón del césped en el cuerpo y como el olor de tierra inundaba el lugar. Inspiré hondo y estiré mi mano al cielo. Parecía que, si alargaba un poco más el brazo, llegaría a tocar las nubes. Imaginé entonces el tacto suave y frío similar al algodón, pero tan vulnerable que, si tocabas demasiado, veías como se desvanecía entre tus dedos.&nbsp;</p>



<p>De pequeña mi abuelo me habló de los guardianes de alamas, ángeles que cuidaban de nuestros seres queridos. Yo, inocente, le pregunté que cómo estaba seguro de la existencia de esas criaturas si nunca había visto alguno y él, listo, me dijo que vivían tan arriba, en las nubes, que no podíamos verlos. Me habló de civilizaciones, reinos, aventuras y batallas combatidas en la inmensidad de nuestro cielo. Y yo me lo creí. Juntos nuestra imaginación volaba lejos, imaginando todo aquello que no era real. El sueño de ver una de esas bellas criaturas me llenaba de ilusión cada día; porque cuando eres pequeño, todo lo mágico te parece real, asombroso y poderoso. En pocas palabras, te llena de felicidad.&nbsp; Cuando mi madre enfermó y, un día, no la pude ver más, entendí que los guardianes se la habían llevado. Durante mucho tiempo me sentí estafada, sentía que esa magia, poco a poco, se iba resquebrajando, yo quería a mi madre conmigo y no allí arriba con ellos. Pese a todo, aún me seguía aferrando al mundo de la imaginación, tenía la esperanza de que todo aquello increíble de la magia y los cuentos no fueran simples mentiras blancas: los reyes magos, el hada de los dientes o el Ratoncito Pérez, Disney…&nbsp;</p>



<p>A medida que crecí y comprendí realmente todo aquello, la magia terminó por resquebrajarse del todo.</p>



<p>Ahora, aunque no crea en seres alados, me gusta pensar que, en algún lugar, mi madre cuida de mí cual ángel guardián. Mi perspectiva cambió pero nunca dejé de creer en la felicidad.</p>



<p>Bajo el brazo y suspiro, nostálgica. Oigo mi nombre a lo lejos y me incorporo; mi padre me avisa que ya están en casa. Mi hermana pequeña llega corriendo y me enseña, orgullosa, el dibujo sobre el ciclo del agua que ha hecho en el colegio. Le pido que me explique y ella, ilusionada, empieza a relatar la formación de las nubes. Finalmente mi padre se une a nosotras y acabamos los tres buscando formas para los grandes algodones que parecen posar para nosotros. Sonrío y me corrijo: hoy es un día estupendo.&nbsp;<br></p>

<p>Helena Aliaga &#8211; Tras las nubes Hacía un día estupendo. El sol brillaba radiante y el cielo, de un azul intenso, estaba manchado por unas pocas nubes. Tumbada en el jardín sentía esa agradable picazón del césped en el cuerpo y como el olor de tierra inundaba el lugar. Inspiré hondo y estiré mi mano &hellip; </p>
<p class="link-more"><a href="https://www.revista-insaiguaviva.org/curs2019-2020/premis-sant-jordi-2020-llengua-castellana-prosa-4/" class="more-link">Continua llegint <span class="screen-reader-text">«PREMIS SANT JORDI 2020 &#8211; LLENGUA CASTELLANA &#8211; PROSA»</span></a></p>
