{"id":831,"date":"2020-04-19T13:37:02","date_gmt":"2020-04-19T11:37:02","guid":{"rendered":"https:\/\/www.revista-insaiguaviva.org\/curs2019-2020\/?page_id=831"},"modified":"2020-04-19T13:37:02","modified_gmt":"2020-04-19T11:37:02","slug":"premis-sant-jordi-2020-llengua-catalana-prosa","status":"publish","type":"page","link":"https:\/\/www.revista-insaiguaviva.org\/curs2019-2020\/premis-sant-jordi-2020-llengua-catalana-prosa\/","title":{"rendered":"PREMIS SANT JORDI 2020 &#8211; LLENGUA CATALANA &#8211; PROSA"},"content":{"rendered":"\n<p>Judit Calduch &#8211; <strong><em>Acampada 1993<\/em><\/strong> <\/p>\n\n\n\n<p>Tot va comen\u00e7ar l&#8217;hivern de 1993, les meves amigues i jo vam anar d\u2019acampada a un bosc una mica lluny del meu poble, bastant a les afores. Aquest s&#8217;anomenava Haller.<\/p>\n\n\n\n<p>La X\u00e8nia tenia moltes ganes, port\u00e0vem mesos preparan-ho i estava molt il\u00b7lusionada.<\/p>\n\n\n\n<p>Aquella mateixa tarda, ens vam posar els nostres abrics, vam agafar els sacs de dormir, tendes i vam sortir de casa, en direcci\u00f3 al bosc.<\/p>\n\n\n\n<p>La Intenci\u00f3 era que quan arrib\u00e9ssim all\u00e0, els pares que ens portessin marxarien. Ens quedar\u00ecem all\u00e0 durant tres nits i quatre dies. La previsi\u00f3 del temps donava una nit sorollosa, plena de trons, pero la sort \u00e9s que no plouria.<\/p>\n\n\n\n<p>Va ser un llarg viatge, la r\u00e0dio del cotxe del meu pare estava espatllada i no pod\u00ecem escoltar la m\u00fasica de Flaixbac,la Berta, la meva millor amiga no parava amb la maquineta, com sempre, i jo estava aburrida ja que el meu movil se&#8217;m va espatllar poc abans de l\u2019acampada i no tenia res per distreure&#8217;m.<\/p>\n\n\n\n<p>Nom\u00e9s arribar al bosc, les meves amigues i jo vam comen\u00e7ar a investigar una mica per poder trobar el lloc ideal per acampar.<\/p>\n\n\n\n<p>Va ser estrany, ja que quan vam tornar al lloc inicial ni els pares ni tampoc els cotxes estaven all\u00e0. Vam suposar que van marxar, encara que no haguessin avisat.<\/p>\n\n\n\n<p>La Lidia va mirar al m\u00f2vil si tenia algun missatge, per\u00f2 res. La Berta i ella eren les \u00faniques que tenien un tel\u00e8fon i no sabien res dels pares.<\/p>\n\n\n\n<p>Vam comen\u00e7ar a desplegar i muntar les tendes, la Berta i jo dormir\u00edem en una, la Mireia i la Lidia en una m\u00e9s gran i la Paula i la X\u00e8nia en una altre.<\/p>\n\n\n\n<p>Ja comen\u00e7ava a fer-se fosc i feia bastant de fred, vam decidir entrar totes a la tenda m\u00e9s gran, i ens vam quedar durant una estona xerrant. Despr\u00e9s, totes vam anar a dormir a on li tocava a cadascuna.<\/p>\n\n\n\n<p>Quan ja est\u00e0vem amb les mantetes, la Berta va enviar l&#8217;\u00faltim missatge als pares, per\u00f2 segu\u00edem sense saber res d&#8217;ells, ja ens est\u00e0vem preocupant una mica.<\/p>\n\n\n\n<p>Al mat\u00ed seg\u00fcent, quan em vaig llevar, totes m&#8217;esperaven amb l&#8217;esmorzar fet. Vaig menjar-me dos bikinis i ens vam anar d&#8217;excursi\u00f3 pel bosc.<\/p>\n\n\n\n<p>Vam arribar a un petita cascada, eren unes vistes molt boniques.<\/p>\n\n\n\n<p>Mentre torn\u00e0vem ens vam trobar a una parella, els hi vam preguntar que si tamb\u00e9 estaven d&#8217;acampada per\u00f2 no van contestar.<\/p>\n\n\n\n<p>Quan vam arribar ens vam posar a fer el dinar, la Berta i jo no paravem de riure. Quina parella m\u00e9s estranya!! Pensavem\u2026<\/p>\n\n\n\n<p>A la tarda ens vam posar a jugar a f\u00fatbol. Encara no sab\u00edem res dels pares. Vam berenar una xocolata desfeta, ens va quedar bon\u00edssima.<\/p>\n\n\n\n<p>A la nit vam jugar a fet i amagar amb unes llinternes, pel bosc. Jo la parava, i la veritat \u00e9s que aquell lloc em feia una mica de por.<\/p>\n\n\n\n<p>De cop i volta, mentre les buscava vaig escoltar un soroll, unes pases. Una esgarrifan\u00e7a em va rec\u00f3rrer per tot el cos. Vaig anar a mirar si era una d&#8217;elles per\u00f2 no vaig veure a ning\u00fa, vaig suposar que s&#8217;havien escapat perqu\u00e8 no les pilles.<\/p>\n\n\n\n<p>M\u00e9s tard em vaig xocar contra la X\u00e8nia, corria com a boja. Li vaig preguntar que passava, per\u00f2 no tenia aler per parlar, li costava respirar. No parava de dir:<\/p>\n\n\n\n<p>-On son les altrees!?? Les hem de trobar!<\/p>\n\n\n\n<p>Quan ja es va calmar una mica em va explicar que alg\u00fa li havia tocat l&#8217;esquena, que es pensava que era jo, per\u00f2 quan es va girar no hi havia ning\u00fa. Buscant-me va veure una sombra i poc despr\u00e9s el silenci es va tallar amb un:<\/p>\n\n\n\n<p>-Us matar\u00e9 a totes\u2026. A totes\u2026.<\/p>\n\n\n\n<p>All\u00e0 va ser quan va comen\u00e7ar a correr, alg\u00fa l&#8217;estava perseguint\u2026\u00a0 i de cop i volta es va xocar amb mi.<\/p>\n\n\n\n<p>Desesperades vam comen\u00e7ar a buscar a les dem\u00e9s.<\/p>\n\n\n\n<p>Primer vam trobar a la Berta, estaba a terra amb algunes ferides, a ella tamb\u00e9 l&#8217;havien perseguit.<\/p>\n\n\n\n<p>No molt lluny estava la Lidia, que encara s&#8217;amagava.<\/p>\n\n\n\n<p>Segu\u00edem buscant a les dem\u00e9s, la Mireia i la paula no apareixen.<\/p>\n\n\n\n<p>Un soroll va tornar a sonar, totes ens vam espantar molt per\u00f2 vam sortir alliberades quan vam veure que era la Paula.<\/p>\n\n\n\n<p>-I la Mireia?? Ens pregunt\u00e0vem totes.<\/p>\n\n\n\n<p>Esper\u00e0vem que aquella persona, o all\u00f2, no estigues amb ella.<\/p>\n\n\n\n<p>Poc despr\u00e9s, un soroll va tornar a interromprer el silenci. Vam anar a veure i era la Mireia!! Estava en una mena de forat, plena de persones. La vam ajudar a sortir i vam veure que les dem\u00e9s persones no estaven vives. Quina mena de persona era qui va fer all\u00f2?!<\/p>\n\n\n\n<p>Vam marxar corrents d&#8217;aquell lloc. Aquella persona ens perseguia, i era molt r\u00e0pida.<\/p>\n\n\n\n<p>La por ens estava dominant.<\/p>\n\n\n\n<p>Vam arribar a les tendes de campanya i vam agafar els m\u00f2bils. Intentavem trucar a la policia per\u00f2 no teniem senyal.<\/p>\n\n\n\n<p>Totes vam comen\u00e7ar a recollir el que podiem i vam anar directes a la policia.<\/p>\n\n\n\n<p>Al arribar els pares ens esperaven, preocupats.<\/p>\n\n\n\n<p>El meu pare em va explicar que vam fer una parada a la gasolinera i vam desapar\u00e8ixer, no contestavem als missatges.<\/p>\n\n\n\n<p>I quan la policia va saber tota la hist\u00f2ria, un agent ens va dir\u2026.<\/p>\n\n\n\n<p>No existeix cap bosc anomenat Heller\u2026.<br><\/p>\n","protected":false},"excerpt":{"rendered":"<p>Judit Calduch &#8211; Acampada 1993 Tot va comen\u00e7ar l&#8217;hivern de 1993, les meves amigues i jo vam anar d\u2019acampada a un bosc una mica lluny del meu poble, bastant a les afores. Aquest s&#8217;anomenava Haller. La X\u00e8nia tenia moltes ganes, port\u00e0vem mesos preparan-ho i estava molt il\u00b7lusionada. Aquella mateixa tarda, ens vam posar els nostres &hellip; <\/p>\n<p class=\"link-more\"><a href=\"https:\/\/www.revista-insaiguaviva.org\/curs2019-2020\/premis-sant-jordi-2020-llengua-catalana-prosa\/\" class=\"more-link\">Continua llegint <span class=\"screen-reader-text\">\u00abPREMIS SANT JORDI 2020 &#8211; LLENGUA CATALANA &#8211; PROSA\u00bb<\/span><\/a><\/p>\n","protected":false},"author":2,"featured_media":0,"parent":0,"menu_order":0,"comment_status":"closed","ping_status":"closed","template":"","meta":{"footnotes":""},"class_list":["post-831","page","type-page","status-publish","hentry"],"_links":{"self":[{"href":"https:\/\/www.revista-insaiguaviva.org\/curs2019-2020\/wp-json\/wp\/v2\/pages\/831","targetHints":{"allow":["GET"]}}],"collection":[{"href":"https:\/\/www.revista-insaiguaviva.org\/curs2019-2020\/wp-json\/wp\/v2\/pages"}],"about":[{"href":"https:\/\/www.revista-insaiguaviva.org\/curs2019-2020\/wp-json\/wp\/v2\/types\/page"}],"author":[{"embeddable":true,"href":"https:\/\/www.revista-insaiguaviva.org\/curs2019-2020\/wp-json\/wp\/v2\/users\/2"}],"replies":[{"embeddable":true,"href":"https:\/\/www.revista-insaiguaviva.org\/curs2019-2020\/wp-json\/wp\/v2\/comments?post=831"}],"version-history":[{"count":1,"href":"https:\/\/www.revista-insaiguaviva.org\/curs2019-2020\/wp-json\/wp\/v2\/pages\/831\/revisions"}],"predecessor-version":[{"id":832,"href":"https:\/\/www.revista-insaiguaviva.org\/curs2019-2020\/wp-json\/wp\/v2\/pages\/831\/revisions\/832"}],"wp:attachment":[{"href":"https:\/\/www.revista-insaiguaviva.org\/curs2019-2020\/wp-json\/wp\/v2\/media?parent=831"}],"curies":[{"name":"wp","href":"https:\/\/api.w.org\/{rel}","templated":true}]}}

<p>Judit Calduch &#8211; <strong><em>Acampada 1993</em></strong> </p>



<p>Tot va començar l&#8217;hivern de 1993, les meves amigues i jo vam anar d’acampada a un bosc una mica lluny del meu poble, bastant a les afores. Aquest s&#8217;anomenava Haller.</p>



<p>La Xènia tenia moltes ganes, portàvem mesos preparan-ho i estava molt il·lusionada.</p>



<p>Aquella mateixa tarda, ens vam posar els nostres abrics, vam agafar els sacs de dormir, tendes i vam sortir de casa, en direcció al bosc.</p>



<p>La Intenció era que quan arribéssim allà, els pares que ens portessin marxarien. Ens quedarìem allà durant tres nits i quatre dies. La previsió del temps donava una nit sorollosa, plena de trons, pero la sort és que no plouria.</p>



<p>Va ser un llarg viatge, la ràdio del cotxe del meu pare estava espatllada i no podìem escoltar la música de Flaixbac,la Berta, la meva millor amiga no parava amb la maquineta, com sempre, i jo estava aburrida ja que el meu movil se&#8217;m va espatllar poc abans de l’acampada i no tenia res per distreure&#8217;m.</p>



<p>Només arribar al bosc, les meves amigues i jo vam començar a investigar una mica per poder trobar el lloc ideal per acampar.</p>



<p>Va ser estrany, ja que quan vam tornar al lloc inicial ni els pares ni tampoc els cotxes estaven allà. Vam suposar que van marxar, encara que no haguessin avisat.</p>



<p>La Lidia va mirar al mòvil si tenia algun missatge, però res. La Berta i ella eren les úniques que tenien un telèfon i no sabien res dels pares.</p>



<p>Vam començar a desplegar i muntar les tendes, la Berta i jo dormiríem en una, la Mireia i la Lidia en una més gran i la Paula i la Xènia en una altre.</p>



<p>Ja començava a fer-se fosc i feia bastant de fred, vam decidir entrar totes a la tenda més gran, i ens vam quedar durant una estona xerrant. Després, totes vam anar a dormir a on li tocava a cadascuna.</p>



<p>Quan ja estàvem amb les mantetes, la Berta va enviar l&#8217;últim missatge als pares, però seguíem sense saber res d&#8217;ells, ja ens estàvem preocupant una mica.</p>



<p>Al matí següent, quan em vaig llevar, totes m&#8217;esperaven amb l&#8217;esmorzar fet. Vaig menjar-me dos bikinis i ens vam anar d&#8217;excursió pel bosc.</p>



<p>Vam arribar a un petita cascada, eren unes vistes molt boniques.</p>



<p>Mentre tornàvem ens vam trobar a una parella, els hi vam preguntar que si també estaven d&#8217;acampada però no van contestar.</p>



<p>Quan vam arribar ens vam posar a fer el dinar, la Berta i jo no paravem de riure. Quina parella més estranya!! Pensavem…</p>



<p>A la tarda ens vam posar a jugar a fútbol. Encara no sabíem res dels pares. Vam berenar una xocolata desfeta, ens va quedar boníssima.</p>



<p>A la nit vam jugar a fet i amagar amb unes llinternes, pel bosc. Jo la parava, i la veritat és que aquell lloc em feia una mica de por.</p>



<p>De cop i volta, mentre les buscava vaig escoltar un soroll, unes pases. Una esgarrifança em va recórrer per tot el cos. Vaig anar a mirar si era una d&#8217;elles però no vaig veure a ningú, vaig suposar que s&#8217;havien escapat perquè no les pilles.</p>



<p>Més tard em vaig xocar contra la Xènia, corria com a boja. Li vaig preguntar que passava, però no tenia aler per parlar, li costava respirar. No parava de dir:</p>



<p>-On son les altrees!?? Les hem de trobar!</p>



<p>Quan ja es va calmar una mica em va explicar que algú li havia tocat l&#8217;esquena, que es pensava que era jo, però quan es va girar no hi havia ningú. Buscant-me va veure una sombra i poc després el silenci es va tallar amb un:</p>



<p>-Us mataré a totes…. A totes….</p>



<p>Allà va ser quan va començar a correr, algú l&#8217;estava perseguint…  i de cop i volta es va xocar amb mi.</p>



<p>Desesperades vam començar a buscar a les demés.</p>



<p>Primer vam trobar a la Berta, estaba a terra amb algunes ferides, a ella també l&#8217;havien perseguit.</p>



<p>No molt lluny estava la Lidia, que encara s&#8217;amagava.</p>



<p>Seguíem buscant a les demés, la Mireia i la paula no apareixen.</p>



<p>Un soroll va tornar a sonar, totes ens vam espantar molt però vam sortir alliberades quan vam veure que era la Paula.</p>



<p>-I la Mireia?? Ens preguntàvem totes.</p>



<p>Esperàvem que aquella persona, o allò, no estigues amb ella.</p>



<p>Poc després, un soroll va tornar a interromprer el silenci. Vam anar a veure i era la Mireia!! Estava en una mena de forat, plena de persones. La vam ajudar a sortir i vam veure que les demés persones no estaven vives. Quina mena de persona era qui va fer allò?!</p>



<p>Vam marxar corrents d&#8217;aquell lloc. Aquella persona ens perseguia, i era molt ràpida.</p>



<p>La por ens estava dominant.</p>



<p>Vam arribar a les tendes de campanya i vam agafar els mòbils. Intentavem trucar a la policia però no teniem senyal.</p>



<p>Totes vam començar a recollir el que podiem i vam anar directes a la policia.</p>



<p>Al arribar els pares ens esperaven, preocupats.</p>



<p>El meu pare em va explicar que vam fer una parada a la gasolinera i vam desaparèixer, no contestavem als missatges.</p>



<p>I quan la policia va saber tota la història, un agent ens va dir….</p>



<p>No existeix cap bosc anomenat Heller….<br></p>

<p>Judit Calduch &#8211; Acampada 1993 Tot va començar l&#8217;hivern de 1993, les meves amigues i jo vam anar d’acampada a un bosc una mica lluny del meu poble, bastant a les afores. Aquest s&#8217;anomenava Haller. La Xènia tenia moltes ganes, portàvem mesos preparan-ho i estava molt il·lusionada. Aquella mateixa tarda, ens vam posar els nostres &hellip; </p>
<p class="link-more"><a href="https://www.revista-insaiguaviva.org/curs2019-2020/premis-sant-jordi-2020-llengua-catalana-prosa/" class="more-link">Continua llegint <span class="screen-reader-text">«PREMIS SANT JORDI 2020 &#8211; LLENGUA CATALANA &#8211; PROSA»</span></a></p>
