{"id":554,"date":"2021-04-19T18:28:20","date_gmt":"2021-04-19T16:28:20","guid":{"rendered":"https:\/\/www.revista-insaiguaviva.org\/curs2020-2021\/?page_id=554"},"modified":"2021-04-19T18:28:20","modified_gmt":"2021-04-19T16:28:20","slug":"premis-sant-jordi-2021-llengua-castellana-prosa","status":"publish","type":"page","link":"https:\/\/www.revista-insaiguaviva.org\/curs2020-2021\/premis-sant-jordi-2021-llengua-castellana-prosa\/","title":{"rendered":"PREMIS SANT JORDI 2021 &#8211; LLENGUA CASTELLANA &#8211; PROSA"},"content":{"rendered":"\n<p>Marta Garc\u00eda &#8211; <em><strong>\u00bfPor qu\u00e9?<\/strong><\/em><\/p>\n\n\n\n<p>Sent\u00ed una ligera brisa y c\u00f3mo esta mov\u00eda mis negros cabellos. Pas\u00e9 de no escuchar nada a o\u00edr las olas del mar impactar contra la arena; mis ojos se abrieron poco a poco, logrando visualizar el cielo, azul con nubes blancas, ning\u00fan rastro de mal tiempo, parec\u00eda ser el d\u00eda perfecto. No comprend\u00eda por qu\u00e9 el sol no me ceg\u00f3 al mirarlo directamente. Levant\u00e9 la parte superior de mi cuerpo con ayuda de un impulso de mis brazos notando como peque\u00f1as cantidades de arena se deslizaban por mi cuerpo hasta caer al suelo. Mir\u00e9 hacia el horizonte, el oc\u00e9ano estaba frente a mi.<\/p>\n\n\n\n<p>Reconoc\u00ed el lugar, estaba en la playa de mi ciudad. No recordaba c\u00f3mo hab\u00eda llegado all\u00ed. Me levant\u00e9 con un poco de dificultad y camin\u00e9 con ligeros problemas de equilibrio. Mir\u00e9 a mi alrededor, lo ve\u00eda todo sin color, como si el mundo fuera en blanco y negro. Pens\u00e9 que ten\u00eda alg\u00fan problema en la vista as\u00ed que me dirig\u00ed al hospital m\u00e1s cercano.<\/p>\n\n\n\n<p>Al llegar, me acerqu\u00e9 a la barra de recepci\u00f3n y le llam\u00e9 la atenci\u00f3n a la mujer que atend\u00eda a la gente, pero no me hac\u00eda caso, ni siquiera mientras daba golpes en la mesa, los cuales ni siquiera yo pude o\u00edr, cosa que me hizo pensar que ten\u00eda alg\u00fan problema auditivo. Me alter\u00e9 todav\u00eda m\u00e1s cuando la mujer se gir\u00f3 hacia donde yo estaba, pero me ignor\u00f3 y se puso a usar su tel\u00e9fono. Me cans\u00e9 de que no me atendieran y me acerqu\u00e9 a un doctor que pasaba por all\u00ed. Le llam\u00e9, pero pas\u00f3 de largo. Pens\u00e9 que en ese hospital eran todos unos maleducados.<\/p>\n\n\n\n<p>Decid\u00ed despejar mi mente en mi lugar preferido de la ciudad, la biblioteca, que a pesar de ser peque\u00f1a, la calidad de sus libros es maravillosa y el ambiente pacifico y acogedor. Nada m\u00e1s entrar, por alguna raz\u00f3n el embriagador olor a madera de roble no inund\u00f3 mis fosas nasales como sol\u00eda hacerlo, de hecho, no ol\u00ed nada, ni siquiera la colonia rancia del viejo bibliotecario. Dej\u00e9 de lado aquello y me dirig\u00ed hacia una de las estanter\u00edas donde los libros estaban clasificados por orden alfab\u00e9tico, cogiendo entre mis manos un libro que siempre que iba all\u00ed terminaba leyendo. Pas\u00e9 mis dedos por encima de las letras brillantes que formaban el t\u00edtulo de la obra mientras sonre\u00eda nost\u00e1lgicamente. Ese fue el primer libro que le\u00edmos mi pareja y yo cuando nos conocimos hac\u00eda ya cinco a\u00f1os. Dirig\u00ed mi mirada hacia la mesa frente a m\u00ed, donde hab\u00eda sentado un ni\u00f1o que me miraba horrorizado, bueno, m\u00e1s bien, miraba al libro. Extend\u00ed mi brazo hacia el frente y \u00e9l lo sigui\u00f3 con la mirada, dando a entender que solo miraba el libro, nada m\u00e1s. Iba a acercarme para preguntar qu\u00e9 le pasaba pero cuando dej\u00e9 el libro en la mesa sali\u00f3 corriendo probablemente a por su madre. Estaba a punto de marcharme del lugar de no ser porque el infante regres\u00f3 junto a su progenitora.<em> \u201cAh\u00ed mam\u00e1\u201d<\/em> dijo el ni\u00f1o se\u00f1alando hacia donde estaba el libro <em>\u201cCari\u00f1o, aqu\u00ed no hay nadie\u201d,<\/em> respondi\u00f3 con una ligera sonrisa que seguramente se deb\u00eda a la supuesta gran imaginaci\u00f3n del menor.<\/p>\n\n\n\n<p>No prest\u00e9 atenci\u00f3n a esa respuesta, solo al abrazo que ambos se dieron, pensando en que me gustar\u00eda sentir eso, el hecho de tener un hijo o hija, de verte reflejado en alguien, de ver reflejado el amor de dos personas que se han unido para crear tan bella persona y poder sentirla entre tus brazos y protegerla.<\/p>\n\n\n\n<p>Parec\u00eda que en mi cabeza se hab\u00eda encendido un interruptor. Yo estaba decidida a conseguir aquello desde que mi pareja y yo nos pusimos de acuerdo. \u00a1Ten\u00eda pareja y no la hab\u00eda visto en cinco horas!<\/p>\n\n\n\n<p>R\u00e1pidamente sal\u00ed del peque\u00f1o edificio y puse rumbo hacia mi casa. Necesitaba verle y saber c\u00f3mo estaba, cu\u00e1nto tiempo llevaba dormida y qu\u00e9 hac\u00eda en la playa.<\/p>\n\n\n\n<p>Era informaci\u00f3n de la que seguramente \u00e9l tendr\u00eda una respuesta.<\/p>\n\n\n\n<p>Estoy en casa, no s\u00e9 por qu\u00e9 estoy nerviosa, pero lo estoy. Busco en los bolsillos de mi fina chaqueta tejana, pero por alg\u00fan motivo no encuentro mis llaves. Recuerdo haberlas guardado esta ma\u00f1ana ah\u00ed. No me hab\u00eda dado cuenta de lo malgastada que est\u00e1 mi chaqueta y mi vestuario en general. Supongo que es por estar tumbada en la arena.&nbsp;<\/p>\n\n\n\n<p>Golpeo la puerta tres veces, pero no puedo escuchar los golpes, es como esta ma\u00f1ana en el hospital. La puerta se abre frente a m\u00ed y me permite ver a la hermana de mi pareja, con semblante triste, mirando por un momento hacia el interior de la casa. Me quedo en silencio y me aparto hacia un lado para dejarla pasar; parece no notar mi presencia. Antes de que la puerta se cierre por completo, entro en la casa. Camino despacio por el pasillo de la entrada, normalmente el suelo cruje con tan solo un par de quilos puestos en la madera pero este no emite ning\u00fan sonido cuando pongo el pie. Escucho llantos en la habitaci\u00f3n principal y acelero el paso al reconocer la voz entrecortada de la persona que murmuraba. Me asomo por el marco de la puerta y ah\u00ed est\u00e1s, llorando, rodeado de papeles llenos de l\u00e1grimas. Est\u00e1s encorvado en el asiento de tu escritorio mientras sostienes algo entre tus temblorosas manos. Me acerco a ti y puedo diferenciar la foto de nuestra \u00faltima cita, en la playa. Yo llevaba la misma ropa que llevo ahora, al igual que \u00e9l.<em> \u201c\u00bfPor qu\u00e9 no he sido yo? Ella no lo merec\u00eda&#8230;\u201d<\/em> balbuceas entre l\u00e1grimas. \u00bfPor qu\u00e9 lloras? \u00bfPor qu\u00e9 miras esa foto? <em>\u201cEstoy aqu\u00ed\u201d<\/em> digo susurrando en un intento para calmarte, pero pareces no escuchar lo que te digo. Extiendo mi mano con lentitud, dispuesta a colocarla en tu hombro para reconfortarte, pero no esperaba que mi mano traspasara tu cuerpo y que tu cuerpo reaccionara con un escalofr\u00edo.&nbsp;<\/p>\n\n\n\n<p>\u00bfPor qu\u00e9 no puedo tocarte? \u00bfPor qu\u00e9 no puedo llorar? \u00bfPor qu\u00e9 no me ves? \u00bfPor qu\u00e9 no me oyes? \u00bfPor qu\u00e9 no me sientes? \u00bfPor qu\u00e9\u2026?&nbsp;<\/p>\n\n\n\n<p>Miro hacia el espejo a un lado nuestro, solo te veo a ti.<\/p>\n","protected":false},"excerpt":{"rendered":"<p>Marta Garc\u00eda &#8211; \u00bfPor qu\u00e9? Sent\u00ed una ligera brisa y c\u00f3mo esta mov\u00eda mis negros cabellos. Pas\u00e9 de no escuchar nada a o\u00edr las olas del mar impactar contra la arena; mis ojos se abrieron poco a poco, logrando visualizar el cielo, azul con nubes blancas, ning\u00fan rastro de mal tiempo, parec\u00eda ser el d\u00eda &hellip; <\/p>\n<p class=\"link-more\"><a href=\"https:\/\/www.revista-insaiguaviva.org\/curs2020-2021\/premis-sant-jordi-2021-llengua-castellana-prosa\/\" class=\"more-link\">Continua llegint <span class=\"screen-reader-text\">\u00abPREMIS SANT JORDI 2021 &#8211; LLENGUA CASTELLANA &#8211; PROSA\u00bb<\/span><\/a><\/p>\n","protected":false},"author":2,"featured_media":0,"parent":0,"menu_order":0,"comment_status":"closed","ping_status":"closed","template":"","meta":{"footnotes":""},"class_list":["post-554","page","type-page","status-publish","hentry"],"_links":{"self":[{"href":"https:\/\/www.revista-insaiguaviva.org\/curs2020-2021\/wp-json\/wp\/v2\/pages\/554","targetHints":{"allow":["GET"]}}],"collection":[{"href":"https:\/\/www.revista-insaiguaviva.org\/curs2020-2021\/wp-json\/wp\/v2\/pages"}],"about":[{"href":"https:\/\/www.revista-insaiguaviva.org\/curs2020-2021\/wp-json\/wp\/v2\/types\/page"}],"author":[{"embeddable":true,"href":"https:\/\/www.revista-insaiguaviva.org\/curs2020-2021\/wp-json\/wp\/v2\/users\/2"}],"replies":[{"embeddable":true,"href":"https:\/\/www.revista-insaiguaviva.org\/curs2020-2021\/wp-json\/wp\/v2\/comments?post=554"}],"version-history":[{"count":1,"href":"https:\/\/www.revista-insaiguaviva.org\/curs2020-2021\/wp-json\/wp\/v2\/pages\/554\/revisions"}],"predecessor-version":[{"id":555,"href":"https:\/\/www.revista-insaiguaviva.org\/curs2020-2021\/wp-json\/wp\/v2\/pages\/554\/revisions\/555"}],"wp:attachment":[{"href":"https:\/\/www.revista-insaiguaviva.org\/curs2020-2021\/wp-json\/wp\/v2\/media?parent=554"}],"curies":[{"name":"wp","href":"https:\/\/api.w.org\/{rel}","templated":true}]}}

<p>Marta García &#8211; <em><strong>¿Por qué?</strong></em></p>



<p>Sentí una ligera brisa y cómo esta movía mis negros cabellos. Pasé de no escuchar nada a oír las olas del mar impactar contra la arena; mis ojos se abrieron poco a poco, logrando visualizar el cielo, azul con nubes blancas, ningún rastro de mal tiempo, parecía ser el día perfecto. No comprendía por qué el sol no me cegó al mirarlo directamente. Levanté la parte superior de mi cuerpo con ayuda de un impulso de mis brazos notando como pequeñas cantidades de arena se deslizaban por mi cuerpo hasta caer al suelo. Miré hacia el horizonte, el océano estaba frente a mi.</p>



<p>Reconocí el lugar, estaba en la playa de mi ciudad. No recordaba cómo había llegado allí. Me levanté con un poco de dificultad y caminé con ligeros problemas de equilibrio. Miré a mi alrededor, lo veía todo sin color, como si el mundo fuera en blanco y negro. Pensé que tenía algún problema en la vista así que me dirigí al hospital más cercano.</p>



<p>Al llegar, me acerqué a la barra de recepción y le llamé la atención a la mujer que atendía a la gente, pero no me hacía caso, ni siquiera mientras daba golpes en la mesa, los cuales ni siquiera yo pude oír, cosa que me hizo pensar que tenía algún problema auditivo. Me alteré todavía más cuando la mujer se giró hacia donde yo estaba, pero me ignoró y se puso a usar su teléfono. Me cansé de que no me atendieran y me acerqué a un doctor que pasaba por allí. Le llamé, pero pasó de largo. Pensé que en ese hospital eran todos unos maleducados.</p>



<p>Decidí despejar mi mente en mi lugar preferido de la ciudad, la biblioteca, que a pesar de ser pequeña, la calidad de sus libros es maravillosa y el ambiente pacifico y acogedor. Nada más entrar, por alguna razón el embriagador olor a madera de roble no inundó mis fosas nasales como solía hacerlo, de hecho, no olí nada, ni siquiera la colonia rancia del viejo bibliotecario. Dejé de lado aquello y me dirigí hacia una de las estanterías donde los libros estaban clasificados por orden alfabético, cogiendo entre mis manos un libro que siempre que iba allí terminaba leyendo. Pasé mis dedos por encima de las letras brillantes que formaban el título de la obra mientras sonreía nostálgicamente. Ese fue el primer libro que leímos mi pareja y yo cuando nos conocimos hacía ya cinco años. Dirigí mi mirada hacia la mesa frente a mí, donde había sentado un niño que me miraba horrorizado, bueno, más bien, miraba al libro. Extendí mi brazo hacia el frente y él lo siguió con la mirada, dando a entender que solo miraba el libro, nada más. Iba a acercarme para preguntar qué le pasaba pero cuando dejé el libro en la mesa salió corriendo probablemente a por su madre. Estaba a punto de marcharme del lugar de no ser porque el infante regresó junto a su progenitora.<em> “Ahí mamá”</em> dijo el niño señalando hacia donde estaba el libro <em>“Cariño, aquí no hay nadie”,</em> respondió con una ligera sonrisa que seguramente se debía a la supuesta gran imaginación del menor.</p>



<p>No presté atención a esa respuesta, solo al abrazo que ambos se dieron, pensando en que me gustaría sentir eso, el hecho de tener un hijo o hija, de verte reflejado en alguien, de ver reflejado el amor de dos personas que se han unido para crear tan bella persona y poder sentirla entre tus brazos y protegerla.</p>



<p>Parecía que en mi cabeza se había encendido un interruptor. Yo estaba decidida a conseguir aquello desde que mi pareja y yo nos pusimos de acuerdo. ¡Tenía pareja y no la había visto en cinco horas!</p>



<p>Rápidamente salí del pequeño edificio y puse rumbo hacia mi casa. Necesitaba verle y saber cómo estaba, cuánto tiempo llevaba dormida y qué hacía en la playa.</p>



<p>Era información de la que seguramente él tendría una respuesta.</p>



<p>Estoy en casa, no sé por qué estoy nerviosa, pero lo estoy. Busco en los bolsillos de mi fina chaqueta tejana, pero por algún motivo no encuentro mis llaves. Recuerdo haberlas guardado esta mañana ahí. No me había dado cuenta de lo malgastada que está mi chaqueta y mi vestuario en general. Supongo que es por estar tumbada en la arena.&nbsp;</p>



<p>Golpeo la puerta tres veces, pero no puedo escuchar los golpes, es como esta mañana en el hospital. La puerta se abre frente a mí y me permite ver a la hermana de mi pareja, con semblante triste, mirando por un momento hacia el interior de la casa. Me quedo en silencio y me aparto hacia un lado para dejarla pasar; parece no notar mi presencia. Antes de que la puerta se cierre por completo, entro en la casa. Camino despacio por el pasillo de la entrada, normalmente el suelo cruje con tan solo un par de quilos puestos en la madera pero este no emite ningún sonido cuando pongo el pie. Escucho llantos en la habitación principal y acelero el paso al reconocer la voz entrecortada de la persona que murmuraba. Me asomo por el marco de la puerta y ahí estás, llorando, rodeado de papeles llenos de lágrimas. Estás encorvado en el asiento de tu escritorio mientras sostienes algo entre tus temblorosas manos. Me acerco a ti y puedo diferenciar la foto de nuestra última cita, en la playa. Yo llevaba la misma ropa que llevo ahora, al igual que él.<em> “¿Por qué no he sido yo? Ella no lo merecía&#8230;”</em> balbuceas entre lágrimas. ¿Por qué lloras? ¿Por qué miras esa foto? <em>“Estoy aquí”</em> digo susurrando en un intento para calmarte, pero pareces no escuchar lo que te digo. Extiendo mi mano con lentitud, dispuesta a colocarla en tu hombro para reconfortarte, pero no esperaba que mi mano traspasara tu cuerpo y que tu cuerpo reaccionara con un escalofrío.&nbsp;</p>



<p>¿Por qué no puedo tocarte? ¿Por qué no puedo llorar? ¿Por qué no me ves? ¿Por qué no me oyes? ¿Por qué no me sientes? ¿Por qué…?&nbsp;</p>



<p>Miro hacia el espejo a un lado nuestro, solo te veo a ti.</p>

<p>Marta García &#8211; ¿Por qué? Sentí una ligera brisa y cómo esta movía mis negros cabellos. Pasé de no escuchar nada a oír las olas del mar impactar contra la arena; mis ojos se abrieron poco a poco, logrando visualizar el cielo, azul con nubes blancas, ningún rastro de mal tiempo, parecía ser el día &hellip; </p>
<p class="link-more"><a href="https://www.revista-insaiguaviva.org/curs2020-2021/premis-sant-jordi-2021-llengua-castellana-prosa/" class="more-link">Continua llegint <span class="screen-reader-text">«PREMIS SANT JORDI 2021 &#8211; LLENGUA CASTELLANA &#8211; PROSA»</span></a></p>
