{"id":610,"date":"2021-04-20T19:04:21","date_gmt":"2021-04-20T17:04:21","guid":{"rendered":"https:\/\/www.revista-insaiguaviva.org\/curs2020-2021\/?page_id=610"},"modified":"2021-04-20T19:04:21","modified_gmt":"2021-04-20T17:04:21","slug":"premis-sant-jordi-2021-llengua-castellana-poesia","status":"publish","type":"page","link":"https:\/\/www.revista-insaiguaviva.org\/curs2020-2021\/premis-sant-jordi-2021-llengua-castellana-poesia\/","title":{"rendered":"PREMIS SANT JORDI 2021 &#8211; LLENGUA CASTELLANA &#8211; POESIA"},"content":{"rendered":"\n<p>Adriana Untila &#8211; <strong><em>Iris en p\u00e9talo<\/em><\/strong><\/p>\n\n\n\n<p><\/p>\n\n\n\n<p>Plasmabas tus gritos con tinta p\u00farpura<\/p>\n\n\n\n<p>Oblig\u00e1ndote a ti misma a callar<\/p>\n\n\n\n<p>Riendo el docto iba a degollar<\/p>\n\n\n\n<p>La fuerte voz, para que se extinguiera.<\/p>\n\n\n\n<p><\/p>\n\n\n\n<p>A minutos de que la puerta abriera,<\/p>\n\n\n\n<p>Sin ruido la carta ibas a sellar,<\/p>\n\n\n\n<p>Pues el mot\u00edn ten\u00eda que estallar.<\/p>\n\n\n\n<p>\u00a1A por la revoluci\u00f3n duradera!<\/p>\n\n\n\n<p><\/p>\n\n\n\n<p>Likas perduran en la juventud,<\/p>\n\n\n\n<p>As\u00ed como el vestigio de un aullido<\/p>\n\n\n\n<p>Bramando en cada papiro negado.<\/p>\n\n\n\n<p><\/p>\n\n\n\n<p>\u00a1Resiste, memoria, con tu fortitud!<\/p>\n\n\n\n<p>Alusi\u00f3n a aquel ayer escondido,<\/p>\n\n\n\n<p>Silencio no haremos por su agrado.<\/p>\n","protected":false},"excerpt":{"rendered":"<p>Adriana Untila &#8211; Iris en p\u00e9talo Plasmabas tus gritos con tinta p\u00farpura Oblig\u00e1ndote a ti misma a callar Riendo el docto iba a degollar La fuerte voz, para que se extinguiera. A minutos de que la puerta abriera, Sin ruido la carta ibas a sellar, Pues el mot\u00edn ten\u00eda que estallar. \u00a1A por la revoluci\u00f3n &hellip; <\/p>\n<p class=\"link-more\"><a href=\"https:\/\/www.revista-insaiguaviva.org\/curs2020-2021\/premis-sant-jordi-2021-llengua-castellana-poesia\/\" class=\"more-link\">Continua llegint <span class=\"screen-reader-text\">\u00abPREMIS SANT JORDI 2021 &#8211; LLENGUA CASTELLANA &#8211; POESIA\u00bb<\/span><\/a><\/p>\n","protected":false},"author":2,"featured_media":0,"parent":0,"menu_order":0,"comment_status":"closed","ping_status":"closed","template":"","meta":{"footnotes":""},"class_list":["post-610","page","type-page","status-publish","hentry"],"_links":{"self":[{"href":"https:\/\/www.revista-insaiguaviva.org\/curs2020-2021\/wp-json\/wp\/v2\/pages\/610","targetHints":{"allow":["GET"]}}],"collection":[{"href":"https:\/\/www.revista-insaiguaviva.org\/curs2020-2021\/wp-json\/wp\/v2\/pages"}],"about":[{"href":"https:\/\/www.revista-insaiguaviva.org\/curs2020-2021\/wp-json\/wp\/v2\/types\/page"}],"author":[{"embeddable":true,"href":"https:\/\/www.revista-insaiguaviva.org\/curs2020-2021\/wp-json\/wp\/v2\/users\/2"}],"replies":[{"embeddable":true,"href":"https:\/\/www.revista-insaiguaviva.org\/curs2020-2021\/wp-json\/wp\/v2\/comments?post=610"}],"version-history":[{"count":1,"href":"https:\/\/www.revista-insaiguaviva.org\/curs2020-2021\/wp-json\/wp\/v2\/pages\/610\/revisions"}],"predecessor-version":[{"id":611,"href":"https:\/\/www.revista-insaiguaviva.org\/curs2020-2021\/wp-json\/wp\/v2\/pages\/610\/revisions\/611"}],"wp:attachment":[{"href":"https:\/\/www.revista-insaiguaviva.org\/curs2020-2021\/wp-json\/wp\/v2\/media?parent=610"}],"curies":[{"name":"wp","href":"https:\/\/api.w.org\/{rel}","templated":true}]}}

<p>Adriana Untila &#8211; <strong><em>Iris en pétalo</em></strong></p>



<p></p>



<p>Plasmabas tus gritos con tinta púrpura</p>



<p>Obligándote a ti misma a callar</p>



<p>Riendo el docto iba a degollar</p>



<p>La fuerte voz, para que se extinguiera.</p>



<p></p>



<p>A minutos de que la puerta abriera,</p>



<p>Sin ruido la carta ibas a sellar,</p>



<p>Pues el motín tenía que estallar.</p>



<p>¡A por la revolución duradera!</p>



<p></p>



<p>Likas perduran en la juventud,</p>



<p>Así como el vestigio de un aullido</p>



<p>Bramando en cada papiro negado.</p>



<p></p>



<p>¡Resiste, memoria, con tu fortitud!</p>



<p>Alusión a aquel ayer escondido,</p>



<p>Silencio no haremos por su agrado.</p>

<p>Adriana Untila &#8211; Iris en pétalo Plasmabas tus gritos con tinta púrpura Obligándote a ti misma a callar Riendo el docto iba a degollar La fuerte voz, para que se extinguiera. A minutos de que la puerta abriera, Sin ruido la carta ibas a sellar, Pues el motín tenía que estallar. ¡A por la revolución &hellip; </p>
<p class="link-more"><a href="https://www.revista-insaiguaviva.org/curs2020-2021/premis-sant-jordi-2021-llengua-castellana-poesia/" class="more-link">Continua llegint <span class="screen-reader-text">«PREMIS SANT JORDI 2021 &#8211; LLENGUA CASTELLANA &#8211; POESIA»</span></a></p>
