{"id":613,"date":"2023-04-26T08:15:58","date_gmt":"2023-04-26T06:15:58","guid":{"rendered":"https:\/\/www.revista-insaiguaviva.org\/curs2022-2023\/?page_id=613"},"modified":"2023-04-26T08:16:41","modified_gmt":"2023-04-26T06:16:41","slug":"premis-sant-jordi-2023-concurs-literari-llengua-catalana","status":"publish","type":"page","link":"https:\/\/www.revista-insaiguaviva.org\/curs2022-2023\/premis-sant-jordi-2023-concurs-literari-llengua-catalana\/","title":{"rendered":"PREMIS SANT JORDI 2023 \u2013 CONCURS LITERARI\u00a0LLENGUA CATALANA"},"content":{"rendered":"\n<p><strong>Marina Oller &#8211; <em>La truja Pepa<\/em><\/strong><\/p>\n\n\n\n<p>Gr\u00e0cies al fet que no es qued\u00e0 embarassada,<\/p>\n\n\n\n<p>una truja no va criar quan li tocava.<\/p>\n\n\n\n<p>Va quedar-se un any de m\u00e9s prop de la parra,<\/p>\n\n\n\n<p>tot esperant que la fessin botifarra.<\/p>\n\n\n\n<p><\/p>\n\n\n\n<p><\/p>\n\n\n\n<p>A l&#8217;obrer Jaume que no li feia cap mandra,<\/p>\n\n\n\n<p>l&#8217;alimentava i li feia companyia.<\/p>\n\n\n\n<p>Mentre la Pepa era a l&#8217;\u00faltima quadra,<\/p>\n\n\n\n<p>i molt lentament la gran truja s&#8217;adormia.<\/p>\n\n\n\n<p><\/p>\n\n\n\n<p><\/p>\n\n\n\n<p>Per\u00f2 quan per fi va arribar el febrer,<\/p>\n\n\n\n<p>en Jaume es va comen\u00e7ar a entristir.<\/p>\n\n\n\n<p>-Oh, la Pepa s&#8217;ha escapat! -digu\u00e9 l&#8217;obrer.<\/p>\n\n\n\n<p><\/p>\n\n\n\n<p><\/p>\n\n\n\n<p>El granger decid\u00ed que millor no mentir.<\/p>\n\n\n\n<p>-La Pepa ens la servir\u00e0 aquest cambrer!<\/p>\n\n\n\n<p>-La meva Pepa, com l&#8217;heu pogut embotir?!<\/p>\n","protected":false},"excerpt":{"rendered":"<p>Marina Oller &#8211; La truja Pepa Gr\u00e0cies al fet que no es qued\u00e0 embarassada, una truja no va criar quan li tocava. Va quedar-se un any de m\u00e9s prop de la parra, tot esperant que la fessin botifarra. A l&#8217;obrer Jaume que no li feia cap mandra, l&#8217;alimentava i li feia companyia. Mentre la Pepa &hellip; <\/p>\n<p class=\"link-more\"><a href=\"https:\/\/www.revista-insaiguaviva.org\/curs2022-2023\/premis-sant-jordi-2023-concurs-literari-llengua-catalana\/\" class=\"more-link\">Continua llegint <span class=\"screen-reader-text\">\u00abPREMIS SANT JORDI 2023 \u2013 CONCURS LITERARI\u00a0LLENGUA CATALANA\u00bb<\/span><\/a><\/p>\n","protected":false},"author":2,"featured_media":0,"parent":0,"menu_order":0,"comment_status":"closed","ping_status":"closed","template":"","meta":{"footnotes":""},"class_list":["post-613","page","type-page","status-publish","hentry"],"_links":{"self":[{"href":"https:\/\/www.revista-insaiguaviva.org\/curs2022-2023\/wp-json\/wp\/v2\/pages\/613","targetHints":{"allow":["GET"]}}],"collection":[{"href":"https:\/\/www.revista-insaiguaviva.org\/curs2022-2023\/wp-json\/wp\/v2\/pages"}],"about":[{"href":"https:\/\/www.revista-insaiguaviva.org\/curs2022-2023\/wp-json\/wp\/v2\/types\/page"}],"author":[{"embeddable":true,"href":"https:\/\/www.revista-insaiguaviva.org\/curs2022-2023\/wp-json\/wp\/v2\/users\/2"}],"replies":[{"embeddable":true,"href":"https:\/\/www.revista-insaiguaviva.org\/curs2022-2023\/wp-json\/wp\/v2\/comments?post=613"}],"version-history":[{"count":2,"href":"https:\/\/www.revista-insaiguaviva.org\/curs2022-2023\/wp-json\/wp\/v2\/pages\/613\/revisions"}],"predecessor-version":[{"id":615,"href":"https:\/\/www.revista-insaiguaviva.org\/curs2022-2023\/wp-json\/wp\/v2\/pages\/613\/revisions\/615"}],"wp:attachment":[{"href":"https:\/\/www.revista-insaiguaviva.org\/curs2022-2023\/wp-json\/wp\/v2\/media?parent=613"}],"curies":[{"name":"wp","href":"https:\/\/api.w.org\/{rel}","templated":true}]}}