{"id":601,"date":"2024-04-26T18:31:16","date_gmt":"2024-04-26T16:31:16","guid":{"rendered":"https:\/\/www.revista-insaiguaviva.org\/curs2023-2024\/?page_id=601"},"modified":"2024-04-26T18:31:16","modified_gmt":"2024-04-26T16:31:16","slug":"el-final-duna-etapa-4t-eso-a","status":"publish","type":"page","link":"https:\/\/www.revista-insaiguaviva.org\/curs2023-2024\/el-final-duna-etapa-4t-eso-a\/","title":{"rendered":"El final d&#8217;una etapa &#8211; 4t ESO A"},"content":{"rendered":"\n<p><\/p>\n\n\n\n<p>La profe vol silenci sepulcral.\u00a0<\/p>\n\n\n\n<p>Si us plau silenci, silenci si us plau!&nbsp;<\/p>\n\n\n\n<p>Quan tot acabi, regnar\u00e0 la pau,&nbsp;<\/p>\n\n\n\n<p>I \u00e9s que a 4t A, corre molt animal.&nbsp;<\/p>\n\n\n\n<p>Per molts, arribar tard s\u2019ha fet normal,&nbsp;<\/p>\n\n\n\n<p>Hem treballat com qui \u00e9s un esclau,&nbsp;<\/p>\n\n\n\n<p>L\u2019inter\u00e8s a primera sempre decau,&nbsp;<\/p>\n\n\n\n<p>\u00e9s la son que portem, que \u00e9s abismal!&nbsp; &nbsp; &nbsp; &nbsp; &nbsp; &nbsp; &nbsp;&nbsp;<\/p>\n\n\n\n<p>Tothom al seu lloc i amb el llibre obert,&nbsp;<\/p>\n\n\n\n<p>&#8220;Un dia sereu&nbsp;<em>jefes<\/em>&#8220;: ser\u00e0 cert?&nbsp;<\/p>\n\n\n\n<p>No obriu l&#8217;entrep\u00e0 fins arribar al pati!&nbsp;<\/p>\n\n\n\n<p>Aquests dies al cor els guardarem&nbsp;<\/p>\n\n\n\n<p>Per\u00f2 segur que no ens enyorarem&nbsp;<\/p>\n\n\n\n<p>de les frases que sentim a diari.<\/p>\n","protected":false},"excerpt":{"rendered":"<p>La profe vol silenci sepulcral.\u00a0 Si us plau silenci, silenci si us plau!&nbsp; Quan tot acabi, regnar\u00e0 la pau,&nbsp; I \u00e9s que a 4t A, corre molt animal.&nbsp; Per molts, arribar tard s\u2019ha fet normal,&nbsp; Hem treballat com qui \u00e9s un esclau,&nbsp; L\u2019inter\u00e8s a primera sempre decau,&nbsp; \u00e9s la son que portem, que \u00e9s abismal!&nbsp; &hellip; <\/p>\n<p class=\"link-more\"><a href=\"https:\/\/www.revista-insaiguaviva.org\/curs2023-2024\/el-final-duna-etapa-4t-eso-a\/\" class=\"more-link\">Continua llegint <span class=\"screen-reader-text\">\u00abEl final d&#8217;una etapa &#8211; 4t ESO A\u00bb<\/span><\/a><\/p>\n","protected":false},"author":2,"featured_media":0,"parent":0,"menu_order":0,"comment_status":"closed","ping_status":"closed","template":"","meta":{"footnotes":""},"class_list":["post-601","page","type-page","status-publish","hentry"],"_links":{"self":[{"href":"https:\/\/www.revista-insaiguaviva.org\/curs2023-2024\/wp-json\/wp\/v2\/pages\/601","targetHints":{"allow":["GET"]}}],"collection":[{"href":"https:\/\/www.revista-insaiguaviva.org\/curs2023-2024\/wp-json\/wp\/v2\/pages"}],"about":[{"href":"https:\/\/www.revista-insaiguaviva.org\/curs2023-2024\/wp-json\/wp\/v2\/types\/page"}],"author":[{"embeddable":true,"href":"https:\/\/www.revista-insaiguaviva.org\/curs2023-2024\/wp-json\/wp\/v2\/users\/2"}],"replies":[{"embeddable":true,"href":"https:\/\/www.revista-insaiguaviva.org\/curs2023-2024\/wp-json\/wp\/v2\/comments?post=601"}],"version-history":[{"count":1,"href":"https:\/\/www.revista-insaiguaviva.org\/curs2023-2024\/wp-json\/wp\/v2\/pages\/601\/revisions"}],"predecessor-version":[{"id":602,"href":"https:\/\/www.revista-insaiguaviva.org\/curs2023-2024\/wp-json\/wp\/v2\/pages\/601\/revisions\/602"}],"wp:attachment":[{"href":"https:\/\/www.revista-insaiguaviva.org\/curs2023-2024\/wp-json\/wp\/v2\/media?parent=601"}],"curies":[{"name":"wp","href":"https:\/\/api.w.org\/{rel}","templated":true}]}}